{"id":10112,"date":"2023-07-07T12:45:12","date_gmt":"2023-07-07T10:45:12","guid":{"rendered":"https:\/\/www.maprofar.com\/tienda\/?post_type=product&#038;p=10112"},"modified":"2025-01-16T17:31:10","modified_gmt":"2025-01-16T15:31:10","slug":"apli-sobres-kraft-plata-11x21x5-papel-kraft-50g-m%c2%b2-reutilizables-y-reciclables-pack-de-250","status":"publish","type":"product","link":"https:\/\/www.maprofar.com\/tienda\/producto\/apli-sobres-kraft-plata-11x21x5-papel-kraft-50g-m%c2%b2-reutilizables-y-reciclables-pack-de-250\/","title":{"rendered":"Apli Sobres Kraft Plata 11x21x5 &#8211; Papel Kraft 50g\/m\u00b2 &#8211; Reutilizables y Reciclables &#8211; Pack de 250"},"content":{"rendered":"<p>Apli Sobres Kraft Plata 11x21x5 &#8211; Papel Kraft 50g\/m\u00b2 &#8211; Reutilizables y Reciclables &#8211; Pack de 250<\/p>\n<p>Los sobres Kraft en color plata son una excelente opci\u00f3n para cualquier comercio que busque una alternativa ecol\u00f3gica y resistente para sus env\u00edos.<\/p>\n<p>Caracter\u00edsticas:<br \/>\n&#8211; Fabricados en papel Kraft de 50 g\/m\u00b2.<br \/>\n&#8211; Tama\u00f1o de 11 x 21 x 5 cm.<br \/>\n&#8211; Color plata.<br \/>\n&#8211; Reutilizables y reciclables.<br \/>\n&#8211; Pack de 250 sobres.<\/p>\n<p>Especificaciones:<br \/>\n&#8211; Material: Papel Kraft de 50 g\/m\u00b2.<br \/>\n&#8211; Tama\u00f1o: 11 x 21 x 5 cm.<br \/>\n&#8211; Color: Plata.<br \/>\n&#8211; Cantidad: Pack de 250 sobres.<br \/>\n&#8211; Reutilizable: S\u00ed.<br \/>\n&#8211; Reciclable: S\u00ed.<\/p>\n<p><span style=\"color: #999999;\">Comprar Apli Sobres Kraft Plata 11x21x5 &#8211; Papel Kraft 50g\/m\u00b2 &#8211; Reutilizables y Reciclables &#8211; Pack de 250<\/span><\/p>\n","protected":false},"excerpt":{"rendered":"<p class=\"titulo_subseccion_da\">CARACTER\u00cdSTICAS<\/p>\n<div class=\"listado_caracteristicas_da\"><span class=\"linea_datos_da\">\u2022 Marca:\u00a0<span class=\"gris_400\" title=\"Apli\">Apli<\/span><\/span><\/div>\n<div class=\"listado_caracteristicas_da\"><span class=\"linea_datos_da\" title=\"Plata\">\u2022 Color:\u00a0<span class=\"gris_400\">Plata<\/span><\/span><\/div>\n<div class=\"listado_caracteristicas_da\"><span class=\"linea_datos_da\" title=\"Apli\">\u2022 Fabricante:\u00a0<span class=\"gris_400\">Apli<\/span><\/span><\/div>\n<div class=\"listado_caracteristicas_da\"><span class=\"linea_datos_da\" title=\"\" aria-describedby=\"ui-id-11\">\u2022 Ref.:\u00a0<span class=\"gris_400\">102060<\/span><\/span><\/div>\n","protected":false},"featured_media":10113,"template":"","meta":[],"product_brand":[],"product_cat":[160],"product_tag":[],"class_list":{"0":"post-10112","1":"product","2":"type-product","3":"status-publish","4":"has-post-thumbnail","6":"product_cat-sobres-y-bolsas-acolchadas","8":"first","9":"outofstock","10":"taxable","11":"shipping-taxable","12":"purchasable","13":"product-type-simple"},"yoast_head":"<!-- This site is optimized with the Yoast SEO Premium plugin v22.3 (Yoast SEO v27.3) - https:\/\/yoast.com\/product\/yoast-seo-premium-wordpress\/ -->\n<title>Apli Sobres Kraft Plata 11x21x5 - Papel Kraft 50g\/m\u00b2 - Pack de 250<\/title>\n<meta name=\"description\" content=\"Apli Sobres Kraft Plata 11x21x5 - Papel Kraft 50g\/m\u00b2 - Reutilizables y Reciclables - Pack de 250 - Maprofar - Toner Compatibles y Material de Oficina\" \/>\n<meta name=\"robots\" content=\"index, follow, max-snippet:-1, max-image-preview:large, max-video-preview:-1\" \/>\n<link rel=\"canonical\" href=\"https:\/\/www.maprofar.com\/tienda\/producto\/apli-sobres-kraft-plata-11x21x5-papel-kraft-50g-m\u00b2-reutilizables-y-reciclables-pack-de-250\/\" \/>\n<meta property=\"og:locale\" content=\"es_ES\" \/>\n<meta property=\"og:type\" content=\"article\" \/>\n<meta property=\"og:title\" content=\"Apli Sobres Kraft Plata 11x21x5 - Papel Kraft 50g\/m\u00b2 - Reutilizables y Reciclables - Pack de 250 - Maprofar - Toner Compatibles y Material de Oficina\" \/>\n<meta property=\"og:description\" content=\"En Maprofar encontrar\u00e1s t\u00f3ner compatibles de calidad y material de oficina al mejor precio. Ahorra sin sacrificar rendimiento. \u00a1Aprovecha nuestras ofertas y descuentos!\" \/>\n<meta property=\"og:url\" content=\"https:\/\/www.maprofar.com\/tienda\/producto\/apli-sobres-kraft-plata-11x21x5-papel-kraft-50g-m\u00b2-reutilizables-y-reciclables-pack-de-250\/\" \/>\n<meta property=\"og:site_name\" content=\"Maprofar - Toner Compatibles y Material de Oficina\" \/>\n<meta property=\"article:publisher\" content=\"https:\/\/es-es.facebook.com\/maprofar\" \/>\n<meta property=\"article:modified_time\" content=\"2025-01-16T15:31:10+00:00\" \/>\n<meta property=\"og:image\" content=\"https:\/\/www.maprofar.com\/tienda\/wp-content\/uploads\/2023\/07\/102060.jpg\" \/>\n\t<meta property=\"og:image:width\" content=\"1920\" \/>\n\t<meta property=\"og:image:height\" content=\"1920\" \/>\n\t<meta property=\"og:image:type\" content=\"image\/jpeg\" \/>\n<meta name=\"twitter:card\" content=\"summary_large_image\" \/>\n<meta name=\"twitter:label1\" content=\"Tiempo de lectura\" \/>\n\t<meta name=\"twitter:data1\" content=\"1 minuto\" \/>\n<script type=\"application\/ld+json\" class=\"yoast-schema-graph\">{\"@context\":\"https:\\\/\\\/schema.org\",\"@graph\":[{\"@type\":\"WebPage\",\"@id\":\"https:\\\/\\\/www.maprofar.com\\\/tienda\\\/producto\\\/apli-sobres-kraft-plata-11x21x5-papel-kraft-50g-m%c2%b2-reutilizables-y-reciclables-pack-de-250\\\/\",\"url\":\"https:\\\/\\\/www.maprofar.com\\\/tienda\\\/producto\\\/apli-sobres-kraft-plata-11x21x5-papel-kraft-50g-m%c2%b2-reutilizables-y-reciclables-pack-de-250\\\/\",\"name\":\"Apli Sobres Kraft Plata 11x21x5 - Papel Kraft 50g\\\/m\u00b2 - Pack de 250\",\"isPartOf\":{\"@id\":\"https:\\\/\\\/www.maprofar.com\\\/tienda\\\/#website\"},\"primaryImageOfPage\":{\"@id\":\"https:\\\/\\\/www.maprofar.com\\\/tienda\\\/producto\\\/apli-sobres-kraft-plata-11x21x5-papel-kraft-50g-m%c2%b2-reutilizables-y-reciclables-pack-de-250\\\/#primaryimage\"},\"image\":{\"@id\":\"https:\\\/\\\/www.maprofar.com\\\/tienda\\\/producto\\\/apli-sobres-kraft-plata-11x21x5-papel-kraft-50g-m%c2%b2-reutilizables-y-reciclables-pack-de-250\\\/#primaryimage\"},\"thumbnailUrl\":\"https:\\\/\\\/www.maprofar.com\\\/tienda\\\/wp-content\\\/uploads\\\/2023\\\/07\\\/102060.jpg\",\"datePublished\":\"2023-07-07T10:45:12+00:00\",\"dateModified\":\"2025-01-16T15:31:10+00:00\",\"description\":\"Apli Sobres Kraft Plata 11x21x5 - Papel Kraft 50g\\\/m\u00b2 - Reutilizables y Reciclables - Pack de 250 - Maprofar - Toner Compatibles y Material de Oficina\",\"breadcrumb\":{\"@id\":\"https:\\\/\\\/www.maprofar.com\\\/tienda\\\/producto\\\/apli-sobres-kraft-plata-11x21x5-papel-kraft-50g-m%c2%b2-reutilizables-y-reciclables-pack-de-250\\\/#breadcrumb\"},\"inLanguage\":\"es\",\"potentialAction\":[{\"@type\":\"ReadAction\",\"target\":[\"https:\\\/\\\/www.maprofar.com\\\/tienda\\\/producto\\\/apli-sobres-kraft-plata-11x21x5-papel-kraft-50g-m%c2%b2-reutilizables-y-reciclables-pack-de-250\\\/\"]}]},{\"@type\":\"ImageObject\",\"inLanguage\":\"es\",\"@id\":\"https:\\\/\\\/www.maprofar.com\\\/tienda\\\/producto\\\/apli-sobres-kraft-plata-11x21x5-papel-kraft-50g-m%c2%b2-reutilizables-y-reciclables-pack-de-250\\\/#primaryimage\",\"url\":\"https:\\\/\\\/www.maprofar.com\\\/tienda\\\/wp-content\\\/uploads\\\/2023\\\/07\\\/102060.jpg\",\"contentUrl\":\"https:\\\/\\\/www.maprofar.com\\\/tienda\\\/wp-content\\\/uploads\\\/2023\\\/07\\\/102060.jpg\",\"width\":1920,\"height\":1920,\"caption\":\"Apli Sobres Kraft Plata 11x21x5 - Papel Kraft 50g\\\/m\u00b2 - Reutilizables y Reciclables - Pack de 250\"},{\"@type\":\"BreadcrumbList\",\"@id\":\"https:\\\/\\\/www.maprofar.com\\\/tienda\\\/producto\\\/apli-sobres-kraft-plata-11x21x5-papel-kraft-50g-m%c2%b2-reutilizables-y-reciclables-pack-de-250\\\/#breadcrumb\",\"itemListElement\":[{\"@type\":\"ListItem\",\"position\":1,\"name\":\"Portada\",\"item\":\"https:\\\/\\\/www.maprofar.com\\\/tienda\\\/\"},{\"@type\":\"ListItem\",\"position\":2,\"name\":\"Buscador de consumibles\",\"item\":\"https:\\\/\\\/www.maprofar.com\\\/tienda\\\/\"},{\"@type\":\"ListItem\",\"position\":3,\"name\":\"Apli Sobres Kraft Plata 11x21x5 &#8211; Papel Kraft 50g\\\/m\u00b2 &#8211; Reutilizables y Reciclables &#8211; Pack de 250\"}]},{\"@type\":\"WebSite\",\"@id\":\"https:\\\/\\\/www.maprofar.com\\\/tienda\\\/#website\",\"url\":\"https:\\\/\\\/www.maprofar.com\\\/tienda\\\/\",\"name\":\"Maprofar - Toner Compatibles y Material de Oficina\",\"description\":\"Maprofar: Tu Soluci&oacute;n Integral donde comprar T&oacute;ner Compatible y Material de Oficina\",\"publisher\":{\"@id\":\"https:\\\/\\\/www.maprofar.com\\\/tienda\\\/#organization\"},\"alternateName\":\"Maprofar Inform\u00e1tica\",\"potentialAction\":[{\"@type\":\"SearchAction\",\"target\":{\"@type\":\"EntryPoint\",\"urlTemplate\":\"https:\\\/\\\/www.maprofar.com\\\/tienda\\\/?s={search_term_string}\"},\"query-input\":{\"@type\":\"PropertyValueSpecification\",\"valueRequired\":true,\"valueName\":\"search_term_string\"}}],\"inLanguage\":\"es\"},{\"@type\":\"Organization\",\"@id\":\"https:\\\/\\\/www.maprofar.com\\\/tienda\\\/#organization\",\"name\":\"Maprofar S.L.\",\"url\":\"https:\\\/\\\/www.maprofar.com\\\/tienda\\\/\",\"logo\":{\"@type\":\"ImageObject\",\"inLanguage\":\"es\",\"@id\":\"https:\\\/\\\/www.maprofar.com\\\/tienda\\\/#\\\/schema\\\/logo\\\/image\\\/\",\"url\":\"https:\\\/\\\/www.maprofar.com\\\/tienda\\\/wp-content\\\/uploads\\\/2021\\\/05\\\/logo_circulo.jpg\",\"contentUrl\":\"https:\\\/\\\/www.maprofar.com\\\/tienda\\\/wp-content\\\/uploads\\\/2021\\\/05\\\/logo_circulo.jpg\",\"width\":404,\"height\":335,\"caption\":\"Maprofar S.L.\"},\"image\":{\"@id\":\"https:\\\/\\\/www.maprofar.com\\\/tienda\\\/#\\\/schema\\\/logo\\\/image\\\/\"},\"sameAs\":[\"https:\\\/\\\/es-es.facebook.com\\\/maprofar\",\"https:\\\/\\\/www.instagram.com\\\/maprofar_informatica\\\/\",\"https:\\\/\\\/www.pinterest.es\\\/maprofar\\\/\"]}]}<\/script>\n<!-- \/ Yoast SEO Premium plugin. -->","yoast_head_json":{"title":"Apli Sobres Kraft Plata 11x21x5 - Papel Kraft 50g\/m\u00b2 - Pack de 250","description":"Apli Sobres Kraft Plata 11x21x5 - Papel Kraft 50g\/m\u00b2 - Reutilizables y Reciclables - Pack de 250 - Maprofar - Toner Compatibles y Material de Oficina","robots":{"index":"index","follow":"follow","max-snippet":"max-snippet:-1","max-image-preview":"max-image-preview:large","max-video-preview":"max-video-preview:-1"},"canonical":"https:\/\/www.maprofar.com\/tienda\/producto\/apli-sobres-kraft-plata-11x21x5-papel-kraft-50g-m\u00b2-reutilizables-y-reciclables-pack-de-250\/","og_locale":"es_ES","og_type":"article","og_title":"Apli Sobres Kraft Plata 11x21x5 - Papel Kraft 50g\/m\u00b2 - Reutilizables y Reciclables - Pack de 250 - Maprofar - Toner Compatibles y Material de Oficina","og_description":"En Maprofar encontrar\u00e1s t\u00f3ner compatibles de calidad y material de oficina al mejor precio. Ahorra sin sacrificar rendimiento. \u00a1Aprovecha nuestras ofertas y descuentos!","og_url":"https:\/\/www.maprofar.com\/tienda\/producto\/apli-sobres-kraft-plata-11x21x5-papel-kraft-50g-m\u00b2-reutilizables-y-reciclables-pack-de-250\/","og_site_name":"Maprofar - Toner Compatibles y Material de Oficina","article_publisher":"https:\/\/es-es.facebook.com\/maprofar","article_modified_time":"2025-01-16T15:31:10+00:00","og_image":[{"width":1920,"height":1920,"url":"https:\/\/www.maprofar.com\/tienda\/wp-content\/uploads\/2023\/07\/102060.jpg","type":"image\/jpeg"}],"twitter_card":"summary_large_image","twitter_misc":{"Tiempo de lectura":"1 minuto"},"schema":{"@context":"https:\/\/schema.org","@graph":[{"@type":"WebPage","@id":"https:\/\/www.maprofar.com\/tienda\/producto\/apli-sobres-kraft-plata-11x21x5-papel-kraft-50g-m%c2%b2-reutilizables-y-reciclables-pack-de-250\/","url":"https:\/\/www.maprofar.com\/tienda\/producto\/apli-sobres-kraft-plata-11x21x5-papel-kraft-50g-m%c2%b2-reutilizables-y-reciclables-pack-de-250\/","name":"Apli Sobres Kraft Plata 11x21x5 - Papel Kraft 50g\/m\u00b2 - Pack de 250","isPartOf":{"@id":"https:\/\/www.maprofar.com\/tienda\/#website"},"primaryImageOfPage":{"@id":"https:\/\/www.maprofar.com\/tienda\/producto\/apli-sobres-kraft-plata-11x21x5-papel-kraft-50g-m%c2%b2-reutilizables-y-reciclables-pack-de-250\/#primaryimage"},"image":{"@id":"https:\/\/www.maprofar.com\/tienda\/producto\/apli-sobres-kraft-plata-11x21x5-papel-kraft-50g-m%c2%b2-reutilizables-y-reciclables-pack-de-250\/#primaryimage"},"thumbnailUrl":"https:\/\/www.maprofar.com\/tienda\/wp-content\/uploads\/2023\/07\/102060.jpg","datePublished":"2023-07-07T10:45:12+00:00","dateModified":"2025-01-16T15:31:10+00:00","description":"Apli Sobres Kraft Plata 11x21x5 - Papel Kraft 50g\/m\u00b2 - Reutilizables y Reciclables - Pack de 250 - Maprofar - Toner Compatibles y Material de Oficina","breadcrumb":{"@id":"https:\/\/www.maprofar.com\/tienda\/producto\/apli-sobres-kraft-plata-11x21x5-papel-kraft-50g-m%c2%b2-reutilizables-y-reciclables-pack-de-250\/#breadcrumb"},"inLanguage":"es","potentialAction":[{"@type":"ReadAction","target":["https:\/\/www.maprofar.com\/tienda\/producto\/apli-sobres-kraft-plata-11x21x5-papel-kraft-50g-m%c2%b2-reutilizables-y-reciclables-pack-de-250\/"]}]},{"@type":"ImageObject","inLanguage":"es","@id":"https:\/\/www.maprofar.com\/tienda\/producto\/apli-sobres-kraft-plata-11x21x5-papel-kraft-50g-m%c2%b2-reutilizables-y-reciclables-pack-de-250\/#primaryimage","url":"https:\/\/www.maprofar.com\/tienda\/wp-content\/uploads\/2023\/07\/102060.jpg","contentUrl":"https:\/\/www.maprofar.com\/tienda\/wp-content\/uploads\/2023\/07\/102060.jpg","width":1920,"height":1920,"caption":"Apli Sobres Kraft Plata 11x21x5 - Papel Kraft 50g\/m\u00b2 - Reutilizables y Reciclables - Pack de 250"},{"@type":"BreadcrumbList","@id":"https:\/\/www.maprofar.com\/tienda\/producto\/apli-sobres-kraft-plata-11x21x5-papel-kraft-50g-m%c2%b2-reutilizables-y-reciclables-pack-de-250\/#breadcrumb","itemListElement":[{"@type":"ListItem","position":1,"name":"Portada","item":"https:\/\/www.maprofar.com\/tienda\/"},{"@type":"ListItem","position":2,"name":"Buscador de consumibles","item":"https:\/\/www.maprofar.com\/tienda\/"},{"@type":"ListItem","position":3,"name":"Apli Sobres Kraft Plata 11x21x5 &#8211; Papel Kraft 50g\/m\u00b2 &#8211; Reutilizables y Reciclables &#8211; Pack de 250"}]},{"@type":"WebSite","@id":"https:\/\/www.maprofar.com\/tienda\/#website","url":"https:\/\/www.maprofar.com\/tienda\/","name":"Maprofar - Toner Compatibles y Material de Oficina","description":"Maprofar: Tu Soluci&oacute;n Integral donde comprar T&oacute;ner Compatible y Material de Oficina","publisher":{"@id":"https:\/\/www.maprofar.com\/tienda\/#organization"},"alternateName":"Maprofar Inform\u00e1tica","potentialAction":[{"@type":"SearchAction","target":{"@type":"EntryPoint","urlTemplate":"https:\/\/www.maprofar.com\/tienda\/?s={search_term_string}"},"query-input":{"@type":"PropertyValueSpecification","valueRequired":true,"valueName":"search_term_string"}}],"inLanguage":"es"},{"@type":"Organization","@id":"https:\/\/www.maprofar.com\/tienda\/#organization","name":"Maprofar S.L.","url":"https:\/\/www.maprofar.com\/tienda\/","logo":{"@type":"ImageObject","inLanguage":"es","@id":"https:\/\/www.maprofar.com\/tienda\/#\/schema\/logo\/image\/","url":"https:\/\/www.maprofar.com\/tienda\/wp-content\/uploads\/2021\/05\/logo_circulo.jpg","contentUrl":"https:\/\/www.maprofar.com\/tienda\/wp-content\/uploads\/2021\/05\/logo_circulo.jpg","width":404,"height":335,"caption":"Maprofar S.L."},"image":{"@id":"https:\/\/www.maprofar.com\/tienda\/#\/schema\/logo\/image\/"},"sameAs":["https:\/\/es-es.facebook.com\/maprofar","https:\/\/www.instagram.com\/maprofar_informatica\/","https:\/\/www.pinterest.es\/maprofar\/"]}]}},"_links":{"self":[{"href":"https:\/\/www.maprofar.com\/tienda\/wp-json\/wp\/v2\/product\/10112","targetHints":{"allow":["GET"]}}],"collection":[{"href":"https:\/\/www.maprofar.com\/tienda\/wp-json\/wp\/v2\/product"}],"about":[{"href":"https:\/\/www.maprofar.com\/tienda\/wp-json\/wp\/v2\/types\/product"}],"wp:featuredmedia":[{"embeddable":true,"href":"https:\/\/www.maprofar.com\/tienda\/wp-json\/wp\/v2\/media\/10113"}],"wp:attachment":[{"href":"https:\/\/www.maprofar.com\/tienda\/wp-json\/wp\/v2\/media?parent=10112"}],"wp:term":[{"taxonomy":"product_brand","embeddable":true,"href":"https:\/\/www.maprofar.com\/tienda\/wp-json\/wp\/v2\/product_brand?post=10112"},{"taxonomy":"product_cat","embeddable":true,"href":"https:\/\/www.maprofar.com\/tienda\/wp-json\/wp\/v2\/product_cat?post=10112"},{"taxonomy":"product_tag","embeddable":true,"href":"https:\/\/www.maprofar.com\/tienda\/wp-json\/wp\/v2\/product_tag?post=10112"}],"curies":[{"name":"wp","href":"https:\/\/api.w.org\/{rel}","templated":true}]}}