{"id":10495,"date":"2024-01-26T20:27:54","date_gmt":"2024-01-26T18:27:54","guid":{"rendered":"https:\/\/www.maprofar.com\/tienda\/?post_type=product&#038;p=10495"},"modified":"2026-04-20T08:07:02","modified_gmt":"2026-04-20T07:07:02","slug":"daily-paper-papel-a4-80gr-210x297mm-500-hojas-blanco","status":"publish","type":"product","link":"https:\/\/www.maprofar.com\/tienda\/producto\/daily-paper-papel-a4-80gr-210x297mm-500-hojas-blanco\/","title":{"rendered":"Daily Paper Papel A4 80gr. 210x297mm (500 Hojas) Blanco"},"content":{"rendered":"<p>Daily Paper Papel A4 80gr. 210x297mm (500 Hojas) Blanco<\/p>\n<p>El papel A4 Daily Paper 80 es un papel de elevada calidad que ofrece fiabilidad y una excelente relaci\u00f3n calidad-precio. Es un producto consistente y fiable para todas las aplicaciones porque est\u00e1 dise\u00f1ado para dar los mejores resultados en impresora y fotocopiadora. Desarrollado para ofrecer un elevado rendimiento en fotocopiadora e impresora a nivel profesional. Evita el atasco en m\u00e1quina gracias al calibre, densidad y rigidez de la hoja. De aspecto agradable con tacto sedoso debido a la lisura de ambas caras.<\/p>\n<p>Esta lisura adem\u00e1s de aportar nitidez a los textos, proporciona im\u00e1genes brillantes con colores vivos. Daily Paper es un papel adecuado y adem\u00e1s econ\u00f3mico para el sector de la impresi\u00f3n debido a los resultados finales y a su precio reducido, convirti\u00e9ndose en un formato id\u00f3neo. No se atasca en alto volumen, el aspecto de la copia es agradable, reduce el consumo de t\u00f3ner adem\u00e1s de prolongar la vida \u00fatil de los tambores de la fotocopiadora e impresora. Por su calidad los usos a los que se destina pueden ser muy diversos ampliando el abanico de trabajos.<\/p>\n<p>Fiable y ecol\u00f3gico.<br \/>\nPapel A4 Daily Paper 80 de excelente rendimiento en impresora L\u00e1ser e Inkjet. Asimismo es ideal para impresi\u00f3n en gran volumen de copia. Adecuado para uso diario en cualquier impresora del hogar, comercio y de la oficina. De uso extendido tanto en reprograf\u00edas, almacenes como cualquier departamento de la empresa por su versatilidad.<\/p>\n<p>Tratamiento superficial.<br \/>\nPapel de elevada blancura: 140 CIE. Sus colorantes logran un buen resultado en el efecto \u00f3ptico de elevada blancura. Opacidad 93 %. Papel de tacto sedoso. El papel A4 Daily Paper 80 posee un excelente alisado en ambas caras para los amantes del papel alisado y fiable en copia por su rigidez y opacidad.<\/p>\n<p>80 Muy econ\u00f3mico.<br \/>\nPara uso diario en el almac\u00e9n, la oficina, el comercio y el hogar. Adem\u00e1s Vers\u00e1til y econ\u00f3mico. Dise\u00f1ado para ofrecer un papel econ\u00f3mico y competitivo de calidad y con prestaciones t\u00e9cnicas.<\/p>\n<p>Especificaciones:<\/p>\n<p>-Paquete de 500 hojas.<br \/>\n-80 gr\/m2.<br \/>\n-Papel multifuncional ultra blanco de alta calidad, totalmente libre de atascos.<br \/>\n-Gran calidad de impresi\u00f3n en negro y color.<br \/>\n-Tama\u00f1o A4.<\/p>\n<p><span style=\"color: #999999;\">Comprar Daily Paper Papel A4 80gr. 210x297mm (500 Hojas) Blanco<\/span><\/p>\n","protected":false},"excerpt":{"rendered":"<p class=\"titulo_subseccion_da\">CARACTER\u00cdSTICAS<\/p>\n<div class=\"listado_caracteristicas_da\"><span class=\"linea_datos_da\">\u2022 Marca:\u00a0<span class=\"gris_400\" title=\"Daily Paper\">Daily Paper<\/span><\/span><\/div>\n<div class=\"listado_caracteristicas_da\"><span class=\"linea_datos_da\" title=\"Blanco\">\u2022 Color:\u00a0<span class=\"gris_400\">Blanco<\/span><\/span><\/div>\n<div class=\"listado_caracteristicas_da\"><span class=\"linea_datos_da\" title=\"Daily Paper\">\u2022 Fabricante:\u00a0<span class=\"gris_400\">Daily Paper<\/span><\/span><\/div>\n<div class=\"listado_caracteristicas_da\"><span class=\"linea_datos_da\" title=\"\" aria-describedby=\"ui-id-16\">\u2022 Ref.:\u00a0<span class=\"gris_400\">B0C7KZ63C7<\/span><\/span><\/div>\n","protected":false},"featured_media":10496,"template":"","meta":[],"product_brand":[],"product_cat":[102],"product_tag":[],"class_list":{"0":"post-10495","1":"product","2":"type-product","3":"status-publish","4":"has-post-thumbnail","6":"product_cat-papel-a4-folios","8":"first","9":"instock","10":"taxable","11":"shipping-taxable","12":"purchasable","13":"product-type-simple"},"yoast_head":"<!-- This site is optimized with the Yoast SEO Premium plugin v22.3 (Yoast SEO v27.4) - https:\/\/yoast.com\/product\/yoast-seo-premium-wordpress\/ -->\n<title>Daily Paper Papel A4 80gr. 210x297mm (500 Hojas) Blanco - Maprofar | T\u00f3ner Compatible Brother, HP y Soluciones de Impresi\u00f3n 3D<\/title>\n<meta name=\"description\" content=\"Daily Paper Papel A4 80gr. 210x297mm (500 Hojas) Blanco - Folios Daily Paper Papel A4 80gr. 210x297mm (500 Hojas) Blanco - Folios A4\" \/>\n<meta name=\"robots\" content=\"index, follow, max-snippet:-1, max-image-preview:large, max-video-preview:-1\" \/>\n<link rel=\"canonical\" href=\"https:\/\/www.maprofar.com\/tienda\/producto\/daily-paper-papel-a4-80gr-210x297mm-500-hojas-blanco\/\" \/>\n<meta property=\"og:locale\" content=\"es_ES\" \/>\n<meta property=\"og:type\" content=\"article\" \/>\n<meta property=\"og:title\" content=\"Daily Paper Papel A4 80gr. 210x297mm (500 Hojas) Blanco - Maprofar | T\u00f3ner Compatible Brother, HP y Soluciones de Impresi\u00f3n 3D\" \/>\n<meta property=\"og:description\" content=\"En Maprofar encontrar\u00e1s t\u00f3ner compatibles de calidad y material de oficina al mejor precio. Ahorra sin sacrificar rendimiento. \u00a1Aprovecha nuestras ofertas y descuentos!\" \/>\n<meta property=\"og:url\" content=\"https:\/\/www.maprofar.com\/tienda\/producto\/daily-paper-papel-a4-80gr-210x297mm-500-hojas-blanco\/\" \/>\n<meta property=\"og:site_name\" content=\"Maprofar | T\u00f3ner Compatible Brother, HP y Soluciones de Impresi\u00f3n 3D\" \/>\n<meta property=\"article:publisher\" content=\"https:\/\/es-es.facebook.com\/maprofar\" \/>\n<meta property=\"article:modified_time\" content=\"2026-04-20T07:07:02+00:00\" \/>\n<meta property=\"og:image\" content=\"https:\/\/www.maprofar.com\/tienda\/wp-content\/uploads\/2024\/01\/B0C7KZ63C7.jpg\" \/>\n\t<meta property=\"og:image:width\" content=\"240\" \/>\n\t<meta property=\"og:image:height\" content=\"402\" \/>\n\t<meta property=\"og:image:type\" content=\"image\/jpeg\" \/>\n<meta name=\"twitter:card\" content=\"summary_large_image\" \/>\n<meta name=\"twitter:label1\" content=\"Tiempo de lectura\" \/>\n\t<meta name=\"twitter:data1\" content=\"2 minutos\" \/>\n<script type=\"application\/ld+json\" class=\"yoast-schema-graph\">{\"@context\":\"https:\\\/\\\/schema.org\",\"@graph\":[{\"@type\":\"WebPage\",\"@id\":\"https:\\\/\\\/www.maprofar.com\\\/tienda\\\/producto\\\/daily-paper-papel-a4-80gr-210x297mm-500-hojas-blanco\\\/\",\"url\":\"https:\\\/\\\/www.maprofar.com\\\/tienda\\\/producto\\\/daily-paper-papel-a4-80gr-210x297mm-500-hojas-blanco\\\/\",\"name\":\"Daily Paper Papel A4 80gr. 210x297mm (500 Hojas) Blanco - Maprofar | T\u00f3ner Compatible Brother, HP y Soluciones de Impresi\u00f3n 3D\",\"isPartOf\":{\"@id\":\"https:\\\/\\\/www.maprofar.com\\\/tienda\\\/#website\"},\"primaryImageOfPage\":{\"@id\":\"https:\\\/\\\/www.maprofar.com\\\/tienda\\\/producto\\\/daily-paper-papel-a4-80gr-210x297mm-500-hojas-blanco\\\/#primaryimage\"},\"image\":{\"@id\":\"https:\\\/\\\/www.maprofar.com\\\/tienda\\\/producto\\\/daily-paper-papel-a4-80gr-210x297mm-500-hojas-blanco\\\/#primaryimage\"},\"thumbnailUrl\":\"https:\\\/\\\/www.maprofar.com\\\/tienda\\\/wp-content\\\/uploads\\\/2024\\\/01\\\/B0C7KZ63C7.jpg\",\"datePublished\":\"2024-01-26T18:27:54+00:00\",\"dateModified\":\"2026-04-20T07:07:02+00:00\",\"description\":\"Daily Paper Papel A4 80gr. 210x297mm (500 Hojas) Blanco - Folios Daily Paper Papel A4 80gr. 210x297mm (500 Hojas) Blanco - Folios A4\",\"breadcrumb\":{\"@id\":\"https:\\\/\\\/www.maprofar.com\\\/tienda\\\/producto\\\/daily-paper-papel-a4-80gr-210x297mm-500-hojas-blanco\\\/#breadcrumb\"},\"inLanguage\":\"es\",\"potentialAction\":[{\"@type\":\"ReadAction\",\"target\":[\"https:\\\/\\\/www.maprofar.com\\\/tienda\\\/producto\\\/daily-paper-papel-a4-80gr-210x297mm-500-hojas-blanco\\\/\"]}]},{\"@type\":\"ImageObject\",\"inLanguage\":\"es\",\"@id\":\"https:\\\/\\\/www.maprofar.com\\\/tienda\\\/producto\\\/daily-paper-papel-a4-80gr-210x297mm-500-hojas-blanco\\\/#primaryimage\",\"url\":\"https:\\\/\\\/www.maprofar.com\\\/tienda\\\/wp-content\\\/uploads\\\/2024\\\/01\\\/B0C7KZ63C7.jpg\",\"contentUrl\":\"https:\\\/\\\/www.maprofar.com\\\/tienda\\\/wp-content\\\/uploads\\\/2024\\\/01\\\/B0C7KZ63C7.jpg\",\"width\":240,\"height\":402,\"caption\":\"Folios Daily Paper Papel A4 80gr. 210x297mm (500 Hojas) Blanco\"},{\"@type\":\"BreadcrumbList\",\"@id\":\"https:\\\/\\\/www.maprofar.com\\\/tienda\\\/producto\\\/daily-paper-papel-a4-80gr-210x297mm-500-hojas-blanco\\\/#breadcrumb\",\"itemListElement\":[{\"@type\":\"ListItem\",\"position\":1,\"name\":\"Portada\",\"item\":\"https:\\\/\\\/www.maprofar.com\\\/tienda\\\/\"},{\"@type\":\"ListItem\",\"position\":2,\"name\":\"Inicio\",\"item\":\"https:\\\/\\\/www.maprofar.com\\\/tienda\\\/\"},{\"@type\":\"ListItem\",\"position\":3,\"name\":\"Daily Paper Papel A4 80gr. 210x297mm (500 Hojas) Blanco\"}]},{\"@type\":\"WebSite\",\"@id\":\"https:\\\/\\\/www.maprofar.com\\\/tienda\\\/#website\",\"url\":\"https:\\\/\\\/www.maprofar.com\\\/tienda\\\/\",\"name\":\"Maprofar | T\u00f3ner Compatible Brother, HP y Soluciones de Impresi\u00f3n 3D\",\"description\":\"Encuentra en Maprofar tu t\u00f3ner compatible Brother y HP al mejor precio. Calidad garantizada, env\u00edo urgente 24h y asesoramiento t\u00e9cnico experto. \u00a1Vis\u00edtanos!\",\"publisher\":{\"@id\":\"https:\\\/\\\/www.maprofar.com\\\/tienda\\\/#organization\"},\"alternateName\":\"Maprofar Inform\u00e1tica\",\"potentialAction\":[{\"@type\":\"SearchAction\",\"target\":{\"@type\":\"EntryPoint\",\"urlTemplate\":\"https:\\\/\\\/www.maprofar.com\\\/tienda\\\/?s={search_term_string}\"},\"query-input\":{\"@type\":\"PropertyValueSpecification\",\"valueRequired\":true,\"valueName\":\"search_term_string\"}}],\"inLanguage\":\"es\"},{\"@type\":\"Organization\",\"@id\":\"https:\\\/\\\/www.maprofar.com\\\/tienda\\\/#organization\",\"name\":\"Maprofar S.L.\",\"url\":\"https:\\\/\\\/www.maprofar.com\\\/tienda\\\/\",\"logo\":{\"@type\":\"ImageObject\",\"inLanguage\":\"es\",\"@id\":\"https:\\\/\\\/www.maprofar.com\\\/tienda\\\/#\\\/schema\\\/logo\\\/image\\\/\",\"url\":\"https:\\\/\\\/www.maprofar.com\\\/tienda\\\/wp-content\\\/uploads\\\/2021\\\/05\\\/logo_circulo.jpg\",\"contentUrl\":\"https:\\\/\\\/www.maprofar.com\\\/tienda\\\/wp-content\\\/uploads\\\/2021\\\/05\\\/logo_circulo.jpg\",\"width\":404,\"height\":335,\"caption\":\"Maprofar S.L.\"},\"image\":{\"@id\":\"https:\\\/\\\/www.maprofar.com\\\/tienda\\\/#\\\/schema\\\/logo\\\/image\\\/\"},\"sameAs\":[\"https:\\\/\\\/es-es.facebook.com\\\/maprofar\",\"https:\\\/\\\/www.instagram.com\\\/maprofar_informatica\\\/\",\"https:\\\/\\\/www.pinterest.es\\\/maprofar\\\/\"]}]}<\/script>\n<!-- \/ Yoast SEO Premium plugin. -->","yoast_head_json":{"title":"Daily Paper Papel A4 80gr. 210x297mm (500 Hojas) Blanco - Maprofar | T\u00f3ner Compatible Brother, HP y Soluciones de Impresi\u00f3n 3D","description":"Daily Paper Papel A4 80gr. 210x297mm (500 Hojas) Blanco - Folios Daily Paper Papel A4 80gr. 210x297mm (500 Hojas) Blanco - Folios A4","robots":{"index":"index","follow":"follow","max-snippet":"max-snippet:-1","max-image-preview":"max-image-preview:large","max-video-preview":"max-video-preview:-1"},"canonical":"https:\/\/www.maprofar.com\/tienda\/producto\/daily-paper-papel-a4-80gr-210x297mm-500-hojas-blanco\/","og_locale":"es_ES","og_type":"article","og_title":"Daily Paper Papel A4 80gr. 210x297mm (500 Hojas) Blanco - Maprofar | T\u00f3ner Compatible Brother, HP y Soluciones de Impresi\u00f3n 3D","og_description":"En Maprofar encontrar\u00e1s t\u00f3ner compatibles de calidad y material de oficina al mejor precio. Ahorra sin sacrificar rendimiento. \u00a1Aprovecha nuestras ofertas y descuentos!","og_url":"https:\/\/www.maprofar.com\/tienda\/producto\/daily-paper-papel-a4-80gr-210x297mm-500-hojas-blanco\/","og_site_name":"Maprofar | T\u00f3ner Compatible Brother, HP y Soluciones de Impresi\u00f3n 3D","article_publisher":"https:\/\/es-es.facebook.com\/maprofar","article_modified_time":"2026-04-20T07:07:02+00:00","og_image":[{"width":240,"height":402,"url":"https:\/\/www.maprofar.com\/tienda\/wp-content\/uploads\/2024\/01\/B0C7KZ63C7.jpg","type":"image\/jpeg"}],"twitter_card":"summary_large_image","twitter_misc":{"Tiempo de lectura":"2 minutos"},"schema":{"@context":"https:\/\/schema.org","@graph":[{"@type":"WebPage","@id":"https:\/\/www.maprofar.com\/tienda\/producto\/daily-paper-papel-a4-80gr-210x297mm-500-hojas-blanco\/","url":"https:\/\/www.maprofar.com\/tienda\/producto\/daily-paper-papel-a4-80gr-210x297mm-500-hojas-blanco\/","name":"Daily Paper Papel A4 80gr. 210x297mm (500 Hojas) Blanco - Maprofar | T\u00f3ner Compatible Brother, HP y Soluciones de Impresi\u00f3n 3D","isPartOf":{"@id":"https:\/\/www.maprofar.com\/tienda\/#website"},"primaryImageOfPage":{"@id":"https:\/\/www.maprofar.com\/tienda\/producto\/daily-paper-papel-a4-80gr-210x297mm-500-hojas-blanco\/#primaryimage"},"image":{"@id":"https:\/\/www.maprofar.com\/tienda\/producto\/daily-paper-papel-a4-80gr-210x297mm-500-hojas-blanco\/#primaryimage"},"thumbnailUrl":"https:\/\/www.maprofar.com\/tienda\/wp-content\/uploads\/2024\/01\/B0C7KZ63C7.jpg","datePublished":"2024-01-26T18:27:54+00:00","dateModified":"2026-04-20T07:07:02+00:00","description":"Daily Paper Papel A4 80gr. 210x297mm (500 Hojas) Blanco - Folios Daily Paper Papel A4 80gr. 210x297mm (500 Hojas) Blanco - Folios A4","breadcrumb":{"@id":"https:\/\/www.maprofar.com\/tienda\/producto\/daily-paper-papel-a4-80gr-210x297mm-500-hojas-blanco\/#breadcrumb"},"inLanguage":"es","potentialAction":[{"@type":"ReadAction","target":["https:\/\/www.maprofar.com\/tienda\/producto\/daily-paper-papel-a4-80gr-210x297mm-500-hojas-blanco\/"]}]},{"@type":"ImageObject","inLanguage":"es","@id":"https:\/\/www.maprofar.com\/tienda\/producto\/daily-paper-papel-a4-80gr-210x297mm-500-hojas-blanco\/#primaryimage","url":"https:\/\/www.maprofar.com\/tienda\/wp-content\/uploads\/2024\/01\/B0C7KZ63C7.jpg","contentUrl":"https:\/\/www.maprofar.com\/tienda\/wp-content\/uploads\/2024\/01\/B0C7KZ63C7.jpg","width":240,"height":402,"caption":"Folios Daily Paper Papel A4 80gr. 210x297mm (500 Hojas) Blanco"},{"@type":"BreadcrumbList","@id":"https:\/\/www.maprofar.com\/tienda\/producto\/daily-paper-papel-a4-80gr-210x297mm-500-hojas-blanco\/#breadcrumb","itemListElement":[{"@type":"ListItem","position":1,"name":"Portada","item":"https:\/\/www.maprofar.com\/tienda\/"},{"@type":"ListItem","position":2,"name":"Inicio","item":"https:\/\/www.maprofar.com\/tienda\/"},{"@type":"ListItem","position":3,"name":"Daily Paper Papel A4 80gr. 210x297mm (500 Hojas) Blanco"}]},{"@type":"WebSite","@id":"https:\/\/www.maprofar.com\/tienda\/#website","url":"https:\/\/www.maprofar.com\/tienda\/","name":"Maprofar | T\u00f3ner Compatible Brother, HP y Soluciones de Impresi\u00f3n 3D","description":"Encuentra en Maprofar tu t\u00f3ner compatible Brother y HP al mejor precio. Calidad garantizada, env\u00edo urgente 24h y asesoramiento t\u00e9cnico experto. \u00a1Vis\u00edtanos!","publisher":{"@id":"https:\/\/www.maprofar.com\/tienda\/#organization"},"alternateName":"Maprofar Inform\u00e1tica","potentialAction":[{"@type":"SearchAction","target":{"@type":"EntryPoint","urlTemplate":"https:\/\/www.maprofar.com\/tienda\/?s={search_term_string}"},"query-input":{"@type":"PropertyValueSpecification","valueRequired":true,"valueName":"search_term_string"}}],"inLanguage":"es"},{"@type":"Organization","@id":"https:\/\/www.maprofar.com\/tienda\/#organization","name":"Maprofar S.L.","url":"https:\/\/www.maprofar.com\/tienda\/","logo":{"@type":"ImageObject","inLanguage":"es","@id":"https:\/\/www.maprofar.com\/tienda\/#\/schema\/logo\/image\/","url":"https:\/\/www.maprofar.com\/tienda\/wp-content\/uploads\/2021\/05\/logo_circulo.jpg","contentUrl":"https:\/\/www.maprofar.com\/tienda\/wp-content\/uploads\/2021\/05\/logo_circulo.jpg","width":404,"height":335,"caption":"Maprofar S.L."},"image":{"@id":"https:\/\/www.maprofar.com\/tienda\/#\/schema\/logo\/image\/"},"sameAs":["https:\/\/es-es.facebook.com\/maprofar","https:\/\/www.instagram.com\/maprofar_informatica\/","https:\/\/www.pinterest.es\/maprofar\/"]}]}},"_links":{"self":[{"href":"https:\/\/www.maprofar.com\/tienda\/wp-json\/wp\/v2\/product\/10495","targetHints":{"allow":["GET"]}}],"collection":[{"href":"https:\/\/www.maprofar.com\/tienda\/wp-json\/wp\/v2\/product"}],"about":[{"href":"https:\/\/www.maprofar.com\/tienda\/wp-json\/wp\/v2\/types\/product"}],"wp:featuredmedia":[{"embeddable":true,"href":"https:\/\/www.maprofar.com\/tienda\/wp-json\/wp\/v2\/media\/10496"}],"wp:attachment":[{"href":"https:\/\/www.maprofar.com\/tienda\/wp-json\/wp\/v2\/media?parent=10495"}],"wp:term":[{"taxonomy":"product_brand","embeddable":true,"href":"https:\/\/www.maprofar.com\/tienda\/wp-json\/wp\/v2\/product_brand?post=10495"},{"taxonomy":"product_cat","embeddable":true,"href":"https:\/\/www.maprofar.com\/tienda\/wp-json\/wp\/v2\/product_cat?post=10495"},{"taxonomy":"product_tag","embeddable":true,"href":"https:\/\/www.maprofar.com\/tienda\/wp-json\/wp\/v2\/product_tag?post=10495"}],"curies":[{"name":"wp","href":"https:\/\/api.w.org\/{rel}","templated":true}]}}