{"id":11374,"date":"2025-03-02T14:35:26","date_gmt":"2025-03-02T12:35:26","guid":{"rendered":"https:\/\/www.maprofar.com\/tienda\/?post_type=product&#038;p=11374"},"modified":"2025-11-06T19:16:07","modified_gmt":"2025-11-06T18:16:07","slug":"wd-elements-disco-duro-externo-2-5-1tb-usb-3-0","status":"publish","type":"product","link":"https:\/\/www.maprofar.com\/tienda\/producto\/wd-elements-disco-duro-externo-2-5-1tb-usb-3-0\/","title":{"rendered":"WD Elements Disco Duro Externo 2.5&#8243; 1TB USB 3.0"},"content":{"rendered":"<p>WD Elements Disco Duro Externo 2.5&#8243; 1TB USB 3.0<\/p>\n<p>WD Elements 1TB ofrece un almacenamiento fiable, f\u00e1cil de utilizar y de alta capacidad. Calidad WD por dentro y por fuera. Durante a\u00f1os, millones de personas de todo el mundo han confiado sus datos a los discos durosWD y nuestra primera preocupaci\u00f3n es guardar esos datos de manera fiable. Por eso fabricamos el disco de acuerdo con nuestros exigentes requisitos de durabilidad, resistencia a los impactos y fiabilidad a largo plazo.<\/p>\n<p>M\u00e1xima velocidad de transferencia.<br \/>\nLa conexi\u00f3n USB 3.0 proporciona el m\u00e1ximo rendimiento para transferir archivos al disco o desde el disco.<\/p>\n<p>Gran capacidad en un dise\u00f1o elegante.<br \/>\nCon hasta 2 TB de capacidad en un dise\u00f1o ligero, este disco es el compa\u00f1ero ideal para los usuarios que viajan.<\/p>\n<p>Prueba gratuita del software de copia de seguridad.<br \/>\nEl disco duro port\u00e1til WD Elements incluye una versi\u00f3n de prueba del software de copia de seguridad WD SmartWare Pro, que permite realizar copias de seguridad de los archivos en el disco WD Elements o en la nube usando su cuenta de DropBox\u2122.<\/p>\n<p>Compatibilidad con USB 3.0 y USB 2.0.<br \/>\nCon un solo disco tendr\u00e1 compatibilidad con los dispositivos USB 3.0 m\u00e1s recientes y con los dispositivos USB 2.0<\/p>\n<p>Mejora el rendimiento del PC.<br \/>\nSi el disco duro interno est\u00e1 casi lleno, el PC se ralentiza. No elimine archivos. Libere espacio en el disco duro interno transfiriendo ficheros a su disco duro port\u00e1til WD Elements y vuelva a disfrutar de su ordenador port\u00e1til.<\/p>\n<p>Calidad WD por dentro y por fuera.<br \/>\nSabemos que sus datos son importantes para usted. Por eso fabricamos el disco interno de acuerdo con nuestros exigentes requisitos de durabilidad, resistencia a los impactos y fiabilidad a largo plazo. A continuaci\u00f3n protegemos el disco con una duradera carcasa dise\u00f1ada para ofrecer estilo y protecci\u00f3n.<\/p>\n<p>Formateado para Windows\u00ae.<br \/>\nCon formato NTFS y compatible con Windows 8, Windows 7, Windows Vista\u00ae o Windows XP. Se puede reformatear para Mac\u00ae.<\/p>\n<p>Especificaciones:<\/p>\n<p>Disco Duro:<\/p>\n<p>-Capacidad del disco: 1000 GB<br \/>\nInterfaz USB 3.0 y USB 2.0<\/p>\n<p>Dise\u00f1o:<\/p>\n<p>-Color del producto: Negro<\/p>\n<p>Condiciones ambientales:<\/p>\n<p>-Temperatura de funcionamiento: 5\u00b0 C a 35\u00b0 C<br \/>\n-Temperatura de almacenamiento: -20\u00b0 C a 65\u00b0 C<\/p>\n<p>Dimensiones y peso:<\/p>\n<p>-Altura: 15 mm<br \/>\n-Profundidad: 111 mm<br \/>\n-Ancho: 82,0 mm<br \/>\n-Peso: 0.134 kg<\/p>\n<p><span style=\"color: #999999;\">Comprar WD Elements Disco Duro Externo 2.5&#8243; 1TB USB 3.0<\/span><\/p>\n","protected":false},"excerpt":{"rendered":"<p class=\"titulo_subseccion_da\">CARACTER\u00cdSTICAS<\/p>\n<div class=\"listado_caracteristicas_da\"><span class=\"linea_datos_da\">\u2022 Marca:\u00a0<span class=\"gris_400\" title=\"Western Digital\">Western Digital<\/span><\/span><\/div>\n<div class=\"listado_caracteristicas_da\"><span class=\"linea_datos_da\" title=\"Negro\">\u2022 Color:\u00a0<span class=\"gris_400\">Negro<\/span><\/span><\/div>\n<div class=\"listado_caracteristicas_da\"><span class=\"linea_datos_da\" title=\"Western Digital\">\u2022 Fabricante:\u00a0<span class=\"gris_400\">Western Digital<\/span><\/span><\/div>\n<div class=\"listado_caracteristicas_da\"><span class=\"linea_datos_da\" title=\"\" aria-describedby=\"ui-id-14\">\u2022 Ref.:\u00a0<span class=\"gris_400\">WDBUZG0010BBK-WESN<\/span><\/span><\/div>\n","protected":false},"featured_media":11377,"template":"","meta":[],"product_brand":[],"product_cat":[365],"product_tag":[],"class_list":{"0":"post-11374","1":"product","2":"type-product","3":"status-publish","4":"has-post-thumbnail","6":"product_cat-discos-duros-externos","8":"first","9":"outofstock","10":"taxable","11":"shipping-taxable","12":"purchasable","13":"product-type-simple"},"yoast_head":"<!-- This site is optimized with the Yoast SEO Premium plugin v22.3 (Yoast SEO v27.4) - https:\/\/yoast.com\/product\/yoast-seo-premium-wordpress\/ -->\n<title>WD Elements Disco Duro Externo 2.5&quot; 1TB USB 3.0 - Maprofar | T\u00f3ner Compatible Brother, HP y Soluciones de Impresi\u00f3n 3D<\/title>\n<meta name=\"description\" content=\"WD Elements Disco Duro Externo 2.5&quot; 1TB USB 3.0 - En Maprofar encontrar\u00e1s t\u00f3ner compatibles de calidad y material de oficina al mejor precio.\" \/>\n<meta name=\"robots\" content=\"index, follow, max-snippet:-1, max-image-preview:large, max-video-preview:-1\" \/>\n<link rel=\"canonical\" href=\"https:\/\/www.maprofar.com\/tienda\/producto\/wd-elements-disco-duro-externo-2-5-1tb-usb-3-0\/\" \/>\n<meta property=\"og:locale\" content=\"es_ES\" \/>\n<meta property=\"og:type\" content=\"article\" \/>\n<meta property=\"og:title\" content=\"WD Elements Disco Duro Externo 2.5&quot; 1TB USB 3.0 - Maprofar | T\u00f3ner Compatible Brother, HP y Soluciones de Impresi\u00f3n 3D\" \/>\n<meta property=\"og:description\" content=\"En Maprofar encontrar\u00e1s t\u00f3ner compatibles de calidad y material de oficina al mejor precio. Ahorra sin sacrificar rendimiento. \u00a1Aprovecha nuestras ofertas y descuentos!\" \/>\n<meta property=\"og:url\" content=\"https:\/\/www.maprofar.com\/tienda\/producto\/wd-elements-disco-duro-externo-2-5-1tb-usb-3-0\/\" \/>\n<meta property=\"og:site_name\" content=\"Maprofar | T\u00f3ner Compatible Brother, HP y Soluciones de Impresi\u00f3n 3D\" \/>\n<meta property=\"article:publisher\" content=\"https:\/\/es-es.facebook.com\/maprofar\" \/>\n<meta property=\"article:modified_time\" content=\"2025-11-06T18:16:07+00:00\" \/>\n<meta property=\"og:image\" content=\"https:\/\/www.maprofar.com\/tienda\/wp-content\/uploads\/2025\/03\/WDBUZG0010BBK-WESN_1.jpg\" \/>\n\t<meta property=\"og:image:width\" content=\"530\" \/>\n\t<meta property=\"og:image:height\" content=\"530\" \/>\n\t<meta property=\"og:image:type\" content=\"image\/jpeg\" \/>\n<meta name=\"twitter:card\" content=\"summary_large_image\" \/>\n<meta name=\"twitter:label1\" content=\"Tiempo de lectura\" \/>\n\t<meta name=\"twitter:data1\" content=\"2 minutos\" \/>\n<script type=\"application\/ld+json\" class=\"yoast-schema-graph\">{\"@context\":\"https:\\\/\\\/schema.org\",\"@graph\":[{\"@type\":\"WebPage\",\"@id\":\"https:\\\/\\\/www.maprofar.com\\\/tienda\\\/producto\\\/wd-elements-disco-duro-externo-2-5-1tb-usb-3-0\\\/\",\"url\":\"https:\\\/\\\/www.maprofar.com\\\/tienda\\\/producto\\\/wd-elements-disco-duro-externo-2-5-1tb-usb-3-0\\\/\",\"name\":\"WD Elements Disco Duro Externo 2.5\\\" 1TB USB 3.0 - Maprofar | T\u00f3ner Compatible Brother, HP y Soluciones de Impresi\u00f3n 3D\",\"isPartOf\":{\"@id\":\"https:\\\/\\\/www.maprofar.com\\\/tienda\\\/#website\"},\"primaryImageOfPage\":{\"@id\":\"https:\\\/\\\/www.maprofar.com\\\/tienda\\\/producto\\\/wd-elements-disco-duro-externo-2-5-1tb-usb-3-0\\\/#primaryimage\"},\"image\":{\"@id\":\"https:\\\/\\\/www.maprofar.com\\\/tienda\\\/producto\\\/wd-elements-disco-duro-externo-2-5-1tb-usb-3-0\\\/#primaryimage\"},\"thumbnailUrl\":\"https:\\\/\\\/www.maprofar.com\\\/tienda\\\/wp-content\\\/uploads\\\/2025\\\/03\\\/WDBUZG0010BBK-WESN_1.jpg\",\"datePublished\":\"2025-03-02T12:35:26+00:00\",\"dateModified\":\"2025-11-06T18:16:07+00:00\",\"description\":\"WD Elements Disco Duro Externo 2.5\\\" 1TB USB 3.0 - En Maprofar encontrar\u00e1s t\u00f3ner compatibles de calidad y material de oficina al mejor precio.\",\"breadcrumb\":{\"@id\":\"https:\\\/\\\/www.maprofar.com\\\/tienda\\\/producto\\\/wd-elements-disco-duro-externo-2-5-1tb-usb-3-0\\\/#breadcrumb\"},\"inLanguage\":\"es\",\"potentialAction\":[{\"@type\":\"ReadAction\",\"target\":[\"https:\\\/\\\/www.maprofar.com\\\/tienda\\\/producto\\\/wd-elements-disco-duro-externo-2-5-1tb-usb-3-0\\\/\"]}]},{\"@type\":\"ImageObject\",\"inLanguage\":\"es\",\"@id\":\"https:\\\/\\\/www.maprofar.com\\\/tienda\\\/producto\\\/wd-elements-disco-duro-externo-2-5-1tb-usb-3-0\\\/#primaryimage\",\"url\":\"https:\\\/\\\/www.maprofar.com\\\/tienda\\\/wp-content\\\/uploads\\\/2025\\\/03\\\/WDBUZG0010BBK-WESN_1.jpg\",\"contentUrl\":\"https:\\\/\\\/www.maprofar.com\\\/tienda\\\/wp-content\\\/uploads\\\/2025\\\/03\\\/WDBUZG0010BBK-WESN_1.jpg\",\"width\":530,\"height\":530,\"caption\":\"WD Elements Disco Duro Externo 2.5\\\" 1TB\"},{\"@type\":\"BreadcrumbList\",\"@id\":\"https:\\\/\\\/www.maprofar.com\\\/tienda\\\/producto\\\/wd-elements-disco-duro-externo-2-5-1tb-usb-3-0\\\/#breadcrumb\",\"itemListElement\":[{\"@type\":\"ListItem\",\"position\":1,\"name\":\"Portada\",\"item\":\"https:\\\/\\\/www.maprofar.com\\\/tienda\\\/\"},{\"@type\":\"ListItem\",\"position\":2,\"name\":\"Inicio\",\"item\":\"https:\\\/\\\/www.maprofar.com\\\/tienda\\\/\"},{\"@type\":\"ListItem\",\"position\":3,\"name\":\"WD Elements Disco Duro Externo 2.5&#8243; 1TB USB 3.0\"}]},{\"@type\":\"WebSite\",\"@id\":\"https:\\\/\\\/www.maprofar.com\\\/tienda\\\/#website\",\"url\":\"https:\\\/\\\/www.maprofar.com\\\/tienda\\\/\",\"name\":\"Maprofar - Toner Compatibles y Material de Oficina\",\"description\":\"Encuentra en Maprofar tu t\u00f3ner compatible Brother y HP al mejor precio. Calidad garantizada, env\u00edo urgente 24h y asesoramiento t\u00e9cnico experto. \u00a1Vis\u00edtanos!\",\"publisher\":{\"@id\":\"https:\\\/\\\/www.maprofar.com\\\/tienda\\\/#organization\"},\"alternateName\":\"Maprofar Inform\u00e1tica\",\"potentialAction\":[{\"@type\":\"SearchAction\",\"target\":{\"@type\":\"EntryPoint\",\"urlTemplate\":\"https:\\\/\\\/www.maprofar.com\\\/tienda\\\/?s={search_term_string}\"},\"query-input\":{\"@type\":\"PropertyValueSpecification\",\"valueRequired\":true,\"valueName\":\"search_term_string\"}}],\"inLanguage\":\"es\"},{\"@type\":\"Organization\",\"@id\":\"https:\\\/\\\/www.maprofar.com\\\/tienda\\\/#organization\",\"name\":\"Maprofar S.L.\",\"url\":\"https:\\\/\\\/www.maprofar.com\\\/tienda\\\/\",\"logo\":{\"@type\":\"ImageObject\",\"inLanguage\":\"es\",\"@id\":\"https:\\\/\\\/www.maprofar.com\\\/tienda\\\/#\\\/schema\\\/logo\\\/image\\\/\",\"url\":\"https:\\\/\\\/www.maprofar.com\\\/tienda\\\/wp-content\\\/uploads\\\/2021\\\/05\\\/logo_circulo.jpg\",\"contentUrl\":\"https:\\\/\\\/www.maprofar.com\\\/tienda\\\/wp-content\\\/uploads\\\/2021\\\/05\\\/logo_circulo.jpg\",\"width\":404,\"height\":335,\"caption\":\"Maprofar S.L.\"},\"image\":{\"@id\":\"https:\\\/\\\/www.maprofar.com\\\/tienda\\\/#\\\/schema\\\/logo\\\/image\\\/\"},\"sameAs\":[\"https:\\\/\\\/es-es.facebook.com\\\/maprofar\",\"https:\\\/\\\/www.instagram.com\\\/maprofar_informatica\\\/\",\"https:\\\/\\\/www.pinterest.es\\\/maprofar\\\/\"]}]}<\/script>\n<!-- \/ Yoast SEO Premium plugin. -->","yoast_head_json":{"title":"WD Elements Disco Duro Externo 2.5\" 1TB USB 3.0 - Maprofar | T\u00f3ner Compatible Brother, HP y Soluciones de Impresi\u00f3n 3D","description":"WD Elements Disco Duro Externo 2.5\" 1TB USB 3.0 - En Maprofar encontrar\u00e1s t\u00f3ner compatibles de calidad y material de oficina al mejor precio.","robots":{"index":"index","follow":"follow","max-snippet":"max-snippet:-1","max-image-preview":"max-image-preview:large","max-video-preview":"max-video-preview:-1"},"canonical":"https:\/\/www.maprofar.com\/tienda\/producto\/wd-elements-disco-duro-externo-2-5-1tb-usb-3-0\/","og_locale":"es_ES","og_type":"article","og_title":"WD Elements Disco Duro Externo 2.5\" 1TB USB 3.0 - Maprofar | T\u00f3ner Compatible Brother, HP y Soluciones de Impresi\u00f3n 3D","og_description":"En Maprofar encontrar\u00e1s t\u00f3ner compatibles de calidad y material de oficina al mejor precio. Ahorra sin sacrificar rendimiento. \u00a1Aprovecha nuestras ofertas y descuentos!","og_url":"https:\/\/www.maprofar.com\/tienda\/producto\/wd-elements-disco-duro-externo-2-5-1tb-usb-3-0\/","og_site_name":"Maprofar | T\u00f3ner Compatible Brother, HP y Soluciones de Impresi\u00f3n 3D","article_publisher":"https:\/\/es-es.facebook.com\/maprofar","article_modified_time":"2025-11-06T18:16:07+00:00","og_image":[{"width":530,"height":530,"url":"https:\/\/www.maprofar.com\/tienda\/wp-content\/uploads\/2025\/03\/WDBUZG0010BBK-WESN_1.jpg","type":"image\/jpeg"}],"twitter_card":"summary_large_image","twitter_misc":{"Tiempo de lectura":"2 minutos"},"schema":{"@context":"https:\/\/schema.org","@graph":[{"@type":"WebPage","@id":"https:\/\/www.maprofar.com\/tienda\/producto\/wd-elements-disco-duro-externo-2-5-1tb-usb-3-0\/","url":"https:\/\/www.maprofar.com\/tienda\/producto\/wd-elements-disco-duro-externo-2-5-1tb-usb-3-0\/","name":"WD Elements Disco Duro Externo 2.5\" 1TB USB 3.0 - Maprofar | T\u00f3ner Compatible Brother, HP y Soluciones de Impresi\u00f3n 3D","isPartOf":{"@id":"https:\/\/www.maprofar.com\/tienda\/#website"},"primaryImageOfPage":{"@id":"https:\/\/www.maprofar.com\/tienda\/producto\/wd-elements-disco-duro-externo-2-5-1tb-usb-3-0\/#primaryimage"},"image":{"@id":"https:\/\/www.maprofar.com\/tienda\/producto\/wd-elements-disco-duro-externo-2-5-1tb-usb-3-0\/#primaryimage"},"thumbnailUrl":"https:\/\/www.maprofar.com\/tienda\/wp-content\/uploads\/2025\/03\/WDBUZG0010BBK-WESN_1.jpg","datePublished":"2025-03-02T12:35:26+00:00","dateModified":"2025-11-06T18:16:07+00:00","description":"WD Elements Disco Duro Externo 2.5\" 1TB USB 3.0 - En Maprofar encontrar\u00e1s t\u00f3ner compatibles de calidad y material de oficina al mejor precio.","breadcrumb":{"@id":"https:\/\/www.maprofar.com\/tienda\/producto\/wd-elements-disco-duro-externo-2-5-1tb-usb-3-0\/#breadcrumb"},"inLanguage":"es","potentialAction":[{"@type":"ReadAction","target":["https:\/\/www.maprofar.com\/tienda\/producto\/wd-elements-disco-duro-externo-2-5-1tb-usb-3-0\/"]}]},{"@type":"ImageObject","inLanguage":"es","@id":"https:\/\/www.maprofar.com\/tienda\/producto\/wd-elements-disco-duro-externo-2-5-1tb-usb-3-0\/#primaryimage","url":"https:\/\/www.maprofar.com\/tienda\/wp-content\/uploads\/2025\/03\/WDBUZG0010BBK-WESN_1.jpg","contentUrl":"https:\/\/www.maprofar.com\/tienda\/wp-content\/uploads\/2025\/03\/WDBUZG0010BBK-WESN_1.jpg","width":530,"height":530,"caption":"WD Elements Disco Duro Externo 2.5\" 1TB"},{"@type":"BreadcrumbList","@id":"https:\/\/www.maprofar.com\/tienda\/producto\/wd-elements-disco-duro-externo-2-5-1tb-usb-3-0\/#breadcrumb","itemListElement":[{"@type":"ListItem","position":1,"name":"Portada","item":"https:\/\/www.maprofar.com\/tienda\/"},{"@type":"ListItem","position":2,"name":"Inicio","item":"https:\/\/www.maprofar.com\/tienda\/"},{"@type":"ListItem","position":3,"name":"WD Elements Disco Duro Externo 2.5&#8243; 1TB USB 3.0"}]},{"@type":"WebSite","@id":"https:\/\/www.maprofar.com\/tienda\/#website","url":"https:\/\/www.maprofar.com\/tienda\/","name":"Maprofar - Toner Compatibles y Material de Oficina","description":"Encuentra en Maprofar tu t\u00f3ner compatible Brother y HP al mejor precio. Calidad garantizada, env\u00edo urgente 24h y asesoramiento t\u00e9cnico experto. \u00a1Vis\u00edtanos!","publisher":{"@id":"https:\/\/www.maprofar.com\/tienda\/#organization"},"alternateName":"Maprofar Inform\u00e1tica","potentialAction":[{"@type":"SearchAction","target":{"@type":"EntryPoint","urlTemplate":"https:\/\/www.maprofar.com\/tienda\/?s={search_term_string}"},"query-input":{"@type":"PropertyValueSpecification","valueRequired":true,"valueName":"search_term_string"}}],"inLanguage":"es"},{"@type":"Organization","@id":"https:\/\/www.maprofar.com\/tienda\/#organization","name":"Maprofar S.L.","url":"https:\/\/www.maprofar.com\/tienda\/","logo":{"@type":"ImageObject","inLanguage":"es","@id":"https:\/\/www.maprofar.com\/tienda\/#\/schema\/logo\/image\/","url":"https:\/\/www.maprofar.com\/tienda\/wp-content\/uploads\/2021\/05\/logo_circulo.jpg","contentUrl":"https:\/\/www.maprofar.com\/tienda\/wp-content\/uploads\/2021\/05\/logo_circulo.jpg","width":404,"height":335,"caption":"Maprofar S.L."},"image":{"@id":"https:\/\/www.maprofar.com\/tienda\/#\/schema\/logo\/image\/"},"sameAs":["https:\/\/es-es.facebook.com\/maprofar","https:\/\/www.instagram.com\/maprofar_informatica\/","https:\/\/www.pinterest.es\/maprofar\/"]}]}},"_links":{"self":[{"href":"https:\/\/www.maprofar.com\/tienda\/wp-json\/wp\/v2\/product\/11374","targetHints":{"allow":["GET"]}}],"collection":[{"href":"https:\/\/www.maprofar.com\/tienda\/wp-json\/wp\/v2\/product"}],"about":[{"href":"https:\/\/www.maprofar.com\/tienda\/wp-json\/wp\/v2\/types\/product"}],"wp:featuredmedia":[{"embeddable":true,"href":"https:\/\/www.maprofar.com\/tienda\/wp-json\/wp\/v2\/media\/11377"}],"wp:attachment":[{"href":"https:\/\/www.maprofar.com\/tienda\/wp-json\/wp\/v2\/media?parent=11374"}],"wp:term":[{"taxonomy":"product_brand","embeddable":true,"href":"https:\/\/www.maprofar.com\/tienda\/wp-json\/wp\/v2\/product_brand?post=11374"},{"taxonomy":"product_cat","embeddable":true,"href":"https:\/\/www.maprofar.com\/tienda\/wp-json\/wp\/v2\/product_cat?post=11374"},{"taxonomy":"product_tag","embeddable":true,"href":"https:\/\/www.maprofar.com\/tienda\/wp-json\/wp\/v2\/product_tag?post=11374"}],"curies":[{"name":"wp","href":"https:\/\/api.w.org\/{rel}","templated":true}]}}