{"id":11504,"date":"2025-03-05T22:16:48","date_gmt":"2025-03-05T20:16:48","guid":{"rendered":"https:\/\/www.maprofar.com\/tienda\/?post_type=product&#038;p=11504"},"modified":"2025-07-03T12:26:56","modified_gmt":"2025-07-03T10:26:56","slug":"filamento-3d-pla-wood-diametro-1-75mm-bobina-0-5kg-color-madera-de-acacia","status":"publish","type":"product","link":"https:\/\/www.maprofar.com\/tienda\/producto\/filamento-3d-pla-wood-diametro-1-75mm-bobina-0-5kg-color-madera-de-acacia\/","title":{"rendered":"Filamento 3D PLA WOOD &#8211; Diametro 1.75mm &#8211; Bobina 0.5kg &#8211; Color Madera de Acacia"},"content":{"rendered":"<p>Filamento 3D PLA WOOD &#8211; Diametro 1.75mm &#8211; Bobina 0.5kg &#8211; Color Madera de Acacia<\/p>\n<p>El PLA WOOD es un filamento de impresi\u00f3n 3D que combina PLA con hasta un 40% de fibras de madera natural. Esta mezcla mejora la resistencia y durabilidad en comparaci\u00f3n con el PLA convencional, adem\u00e1s de proporcionar un acabado est\u00e9tico similar a la madera, con un toque r\u00fastico y aut\u00e9ntico.<br \/>\nSe recomienda una boquilla de 0,6 m\u00ednimo<\/p>\n<p>Caracter\u00edsticas:<br \/>\n-Di\u00e1metro de 1.75m.<br \/>\n-Bobina de 500 gramos.<\/p>\n<p>Propiedades:<br \/>\n&#8211; Densidad: 1.27 g\/cm3 (ISO1183)<br \/>\n&#8211; Contenido de cenizas: 8 %<br \/>\n&#8211; \u00cdndice de flujo de fusi\u00f3n (230\u00baC \/ 2,16Kg): 19 g\/10 min (ISO1133)<\/p>\n<p>Propiedades mec\u00e1nicas:<br \/>\n&#8211; Resistencia a la tracci\u00f3n a la rotura: 39 MPa (ISO 527)<br \/>\n&#8211; Elongaci\u00f3n a la rotura &gt;3 % (ISO 527)<br \/>\n&#8211; M\u00f3dulo de tracci\u00f3n: 2900 MPa (ISO 527)<br \/>\n&#8211; M\u00f3dulo de flexi\u00f3n: 3000 MPa (ISO 178)<br \/>\n&#8211; Resistencia al impacto IZOD, muestras a 23\u00baC: 4 kJ\/m2 (ISO 180\/1A)<br \/>\n&#8211; Resistencia al impacto IZOD, muestras a -30\u00baC: 3 kJ\/m2 (ISO 180\/1A)<br \/>\n&#8211; Resistencia al impacto charpy, muestras a 23\u00baC: 4 kJ\/m2 (ISO 179\/1eA)<\/p>\n<p>Propiedades termales:<br \/>\n&#8211; Punto de ablandamiento VICAT B50: 70\u00baC (ISO 75)<br \/>\n&#8211; H.D.T M\u00e9todo A (1,82 MPa, material cristalizado): 110\u00baC (ISO 75)<\/p>\n<p><span style=\"color: #999999;\">Comprar Filamento 3D PLA WOOD &#8211; Diametro 1.75mm &#8211; Bobina 0.5kg &#8211; Color Madera de Acacia<\/span><\/p>\n","protected":false},"excerpt":{"rendered":"<p class=\"titulo_subseccion_da\">CARACTER\u00cdSTICAS<\/p>\n<div class=\"listado_caracteristicas_da\"><span class=\"linea_datos_da\">\u2022 Para uso en:\u00a0<span class=\"gris_400\" title=\"3D\">3D<\/span><\/span><\/div>\n<div class=\"listado_caracteristicas_da\"><span class=\"linea_datos_da\" title=\"Madera de Acacia\">\u2022 Color:\u00a0<span class=\"gris_400\">Madera de Acacia<\/span><\/span><\/div>\n<div class=\"listado_caracteristicas_da\"><span class=\"linea_datos_da\" title=\"Gen\u00e9rico\">\u2022 Fabricante:\u00a0<span class=\"gris_400\">Gen\u00e9rico<\/span><\/span><\/div>\n<div class=\"listado_caracteristicas_da\"><span class=\"linea_datos_da\" title=\"3D\">\u2022 Tipo:\u00a0<span class=\"gris_400\">3D<\/span><\/span><\/div>\n<div class=\"listado_caracteristicas_da\"><span class=\"linea_datos_da\" title=\"1.75 mm \/ 0.5 kg\">\u2022 Capacidad:\u00a0<span class=\"gris_400\">1.75 mm \/ 0.5 kg<\/span><\/span><\/div>\n<div class=\"listado_caracteristicas_da\"><span class=\"linea_datos_da\" title=\"PLA-WOOD-Acacia Wood\">\u2022 Ref.:\u00a0<span class=\"gris_400\">PLA-WOOD-Acacia Wood<\/span><\/span><\/div>\n","protected":false},"featured_media":11506,"template":"","meta":[],"product_brand":[],"product_cat":[96],"product_tag":[],"class_list":{"0":"post-11504","1":"product","2":"type-product","3":"status-publish","4":"has-post-thumbnail","6":"product_cat-bobinas-de-filamento","8":"first","9":"instock","10":"taxable","11":"shipping-taxable","12":"purchasable","13":"product-type-simple"},"yoast_head":"<!-- This site is optimized with the Yoast SEO Premium plugin v22.3 (Yoast SEO v27.4) - https:\/\/yoast.com\/product\/yoast-seo-premium-wordpress\/ -->\n<title>Filamento 3D PLA WOOD - 1.75mm - 0.5kg - Madera de Acacia<\/title>\n<meta name=\"description\" content=\"Filamento 3D PLA WOOD - Diametro 1.75mm - Bobina 0.5kg - Color Madera de Acacia - En Maprofar encontrar\u00e1s bobinas de filamento para impresoras 3D.\" \/>\n<meta name=\"robots\" content=\"index, follow, max-snippet:-1, max-image-preview:large, max-video-preview:-1\" \/>\n<link rel=\"canonical\" href=\"https:\/\/www.maprofar.com\/tienda\/producto\/filamento-3d-pla-wood-diametro-1-75mm-bobina-0-5kg-color-madera-de-acacia\/\" \/>\n<meta property=\"og:locale\" content=\"es_ES\" \/>\n<meta property=\"og:type\" content=\"article\" \/>\n<meta property=\"og:title\" content=\"Filamento 3D PLA WOOD - Diametro 1.75mm - Bobina 0.5kg - Color Madera de Acacia - Maprofar | T\u00f3ner Compatible Brother, HP y Soluciones de Impresi\u00f3n 3D\" \/>\n<meta property=\"og:description\" content=\"En Maprofar encontrar\u00e1s t\u00f3ner compatibles de calidad y material de oficina al mejor precio. Ahorra sin sacrificar rendimiento. \u00a1Aprovecha nuestras ofertas y descuentos!\" \/>\n<meta property=\"og:url\" content=\"https:\/\/www.maprofar.com\/tienda\/producto\/filamento-3d-pla-wood-diametro-1-75mm-bobina-0-5kg-color-madera-de-acacia\/\" \/>\n<meta property=\"og:site_name\" content=\"Maprofar | T\u00f3ner Compatible Brother, HP y Soluciones de Impresi\u00f3n 3D\" \/>\n<meta property=\"article:publisher\" content=\"https:\/\/es-es.facebook.com\/maprofar\" \/>\n<meta property=\"article:modified_time\" content=\"2025-07-03T10:26:56+00:00\" \/>\n<meta property=\"og:image\" content=\"https:\/\/www.maprofar.com\/tienda\/wp-content\/uploads\/2025\/03\/PLA-WOOD-Acacia-Wood.jpg\" \/>\n\t<meta property=\"og:image:width\" content=\"600\" \/>\n\t<meta property=\"og:image:height\" content=\"600\" \/>\n\t<meta property=\"og:image:type\" content=\"image\/jpeg\" \/>\n<meta name=\"twitter:card\" content=\"summary_large_image\" \/>\n<meta name=\"twitter:label1\" content=\"Tiempo de lectura\" \/>\n\t<meta name=\"twitter:data1\" content=\"2 minutos\" \/>\n<script type=\"application\/ld+json\" class=\"yoast-schema-graph\">{\"@context\":\"https:\\\/\\\/schema.org\",\"@graph\":[{\"@type\":\"WebPage\",\"@id\":\"https:\\\/\\\/www.maprofar.com\\\/tienda\\\/producto\\\/filamento-3d-pla-wood-diametro-1-75mm-bobina-0-5kg-color-madera-de-acacia\\\/\",\"url\":\"https:\\\/\\\/www.maprofar.com\\\/tienda\\\/producto\\\/filamento-3d-pla-wood-diametro-1-75mm-bobina-0-5kg-color-madera-de-acacia\\\/\",\"name\":\"Filamento 3D PLA WOOD - 1.75mm - 0.5kg - Madera de Acacia\",\"isPartOf\":{\"@id\":\"https:\\\/\\\/www.maprofar.com\\\/tienda\\\/#website\"},\"primaryImageOfPage\":{\"@id\":\"https:\\\/\\\/www.maprofar.com\\\/tienda\\\/producto\\\/filamento-3d-pla-wood-diametro-1-75mm-bobina-0-5kg-color-madera-de-acacia\\\/#primaryimage\"},\"image\":{\"@id\":\"https:\\\/\\\/www.maprofar.com\\\/tienda\\\/producto\\\/filamento-3d-pla-wood-diametro-1-75mm-bobina-0-5kg-color-madera-de-acacia\\\/#primaryimage\"},\"thumbnailUrl\":\"https:\\\/\\\/www.maprofar.com\\\/tienda\\\/wp-content\\\/uploads\\\/2025\\\/03\\\/PLA-WOOD-Acacia-Wood.jpg\",\"datePublished\":\"2025-03-05T20:16:48+00:00\",\"dateModified\":\"2025-07-03T10:26:56+00:00\",\"description\":\"Filamento 3D PLA WOOD - Diametro 1.75mm - Bobina 0.5kg - Color Madera de Acacia - En Maprofar encontrar\u00e1s bobinas de filamento para impresoras 3D.\",\"breadcrumb\":{\"@id\":\"https:\\\/\\\/www.maprofar.com\\\/tienda\\\/producto\\\/filamento-3d-pla-wood-diametro-1-75mm-bobina-0-5kg-color-madera-de-acacia\\\/#breadcrumb\"},\"inLanguage\":\"es\",\"potentialAction\":[{\"@type\":\"ReadAction\",\"target\":[\"https:\\\/\\\/www.maprofar.com\\\/tienda\\\/producto\\\/filamento-3d-pla-wood-diametro-1-75mm-bobina-0-5kg-color-madera-de-acacia\\\/\"]}]},{\"@type\":\"ImageObject\",\"inLanguage\":\"es\",\"@id\":\"https:\\\/\\\/www.maprofar.com\\\/tienda\\\/producto\\\/filamento-3d-pla-wood-diametro-1-75mm-bobina-0-5kg-color-madera-de-acacia\\\/#primaryimage\",\"url\":\"https:\\\/\\\/www.maprofar.com\\\/tienda\\\/wp-content\\\/uploads\\\/2025\\\/03\\\/PLA-WOOD-Acacia-Wood.jpg\",\"contentUrl\":\"https:\\\/\\\/www.maprofar.com\\\/tienda\\\/wp-content\\\/uploads\\\/2025\\\/03\\\/PLA-WOOD-Acacia-Wood.jpg\",\"width\":600,\"height\":600,\"caption\":\"Filamento 3D PLA WOOD - 1.75mm - 0.5kg - Madera de Acacia\"},{\"@type\":\"BreadcrumbList\",\"@id\":\"https:\\\/\\\/www.maprofar.com\\\/tienda\\\/producto\\\/filamento-3d-pla-wood-diametro-1-75mm-bobina-0-5kg-color-madera-de-acacia\\\/#breadcrumb\",\"itemListElement\":[{\"@type\":\"ListItem\",\"position\":1,\"name\":\"Portada\",\"item\":\"https:\\\/\\\/www.maprofar.com\\\/tienda\\\/\"},{\"@type\":\"ListItem\",\"position\":2,\"name\":\"Inicio\",\"item\":\"https:\\\/\\\/www.maprofar.com\\\/tienda\\\/\"},{\"@type\":\"ListItem\",\"position\":3,\"name\":\"Filamento 3D PLA WOOD &#8211; Diametro 1.75mm &#8211; Bobina 0.5kg &#8211; Color Madera de Acacia\"}]},{\"@type\":\"WebSite\",\"@id\":\"https:\\\/\\\/www.maprofar.com\\\/tienda\\\/#website\",\"url\":\"https:\\\/\\\/www.maprofar.com\\\/tienda\\\/\",\"name\":\"Maprofar - Toner Compatibles y Material de Oficina\",\"description\":\"Encuentra en Maprofar tu t\u00f3ner compatible Brother y HP al mejor precio. Calidad garantizada, env\u00edo urgente 24h y asesoramiento t\u00e9cnico experto. \u00a1Vis\u00edtanos!\",\"publisher\":{\"@id\":\"https:\\\/\\\/www.maprofar.com\\\/tienda\\\/#organization\"},\"alternateName\":\"Maprofar Inform\u00e1tica\",\"potentialAction\":[{\"@type\":\"SearchAction\",\"target\":{\"@type\":\"EntryPoint\",\"urlTemplate\":\"https:\\\/\\\/www.maprofar.com\\\/tienda\\\/?s={search_term_string}\"},\"query-input\":{\"@type\":\"PropertyValueSpecification\",\"valueRequired\":true,\"valueName\":\"search_term_string\"}}],\"inLanguage\":\"es\"},{\"@type\":\"Organization\",\"@id\":\"https:\\\/\\\/www.maprofar.com\\\/tienda\\\/#organization\",\"name\":\"Maprofar S.L.\",\"url\":\"https:\\\/\\\/www.maprofar.com\\\/tienda\\\/\",\"logo\":{\"@type\":\"ImageObject\",\"inLanguage\":\"es\",\"@id\":\"https:\\\/\\\/www.maprofar.com\\\/tienda\\\/#\\\/schema\\\/logo\\\/image\\\/\",\"url\":\"https:\\\/\\\/www.maprofar.com\\\/tienda\\\/wp-content\\\/uploads\\\/2021\\\/05\\\/logo_circulo.jpg\",\"contentUrl\":\"https:\\\/\\\/www.maprofar.com\\\/tienda\\\/wp-content\\\/uploads\\\/2021\\\/05\\\/logo_circulo.jpg\",\"width\":404,\"height\":335,\"caption\":\"Maprofar S.L.\"},\"image\":{\"@id\":\"https:\\\/\\\/www.maprofar.com\\\/tienda\\\/#\\\/schema\\\/logo\\\/image\\\/\"},\"sameAs\":[\"https:\\\/\\\/es-es.facebook.com\\\/maprofar\",\"https:\\\/\\\/www.instagram.com\\\/maprofar_informatica\\\/\",\"https:\\\/\\\/www.pinterest.es\\\/maprofar\\\/\"]}]}<\/script>\n<!-- \/ Yoast SEO Premium plugin. -->","yoast_head_json":{"title":"Filamento 3D PLA WOOD - 1.75mm - 0.5kg - Madera de Acacia","description":"Filamento 3D PLA WOOD - Diametro 1.75mm - Bobina 0.5kg - Color Madera de Acacia - En Maprofar encontrar\u00e1s bobinas de filamento para impresoras 3D.","robots":{"index":"index","follow":"follow","max-snippet":"max-snippet:-1","max-image-preview":"max-image-preview:large","max-video-preview":"max-video-preview:-1"},"canonical":"https:\/\/www.maprofar.com\/tienda\/producto\/filamento-3d-pla-wood-diametro-1-75mm-bobina-0-5kg-color-madera-de-acacia\/","og_locale":"es_ES","og_type":"article","og_title":"Filamento 3D PLA WOOD - Diametro 1.75mm - Bobina 0.5kg - Color Madera de Acacia - Maprofar | T\u00f3ner Compatible Brother, HP y Soluciones de Impresi\u00f3n 3D","og_description":"En Maprofar encontrar\u00e1s t\u00f3ner compatibles de calidad y material de oficina al mejor precio. Ahorra sin sacrificar rendimiento. \u00a1Aprovecha nuestras ofertas y descuentos!","og_url":"https:\/\/www.maprofar.com\/tienda\/producto\/filamento-3d-pla-wood-diametro-1-75mm-bobina-0-5kg-color-madera-de-acacia\/","og_site_name":"Maprofar | T\u00f3ner Compatible Brother, HP y Soluciones de Impresi\u00f3n 3D","article_publisher":"https:\/\/es-es.facebook.com\/maprofar","article_modified_time":"2025-07-03T10:26:56+00:00","og_image":[{"width":600,"height":600,"url":"https:\/\/www.maprofar.com\/tienda\/wp-content\/uploads\/2025\/03\/PLA-WOOD-Acacia-Wood.jpg","type":"image\/jpeg"}],"twitter_card":"summary_large_image","twitter_misc":{"Tiempo de lectura":"2 minutos"},"schema":{"@context":"https:\/\/schema.org","@graph":[{"@type":"WebPage","@id":"https:\/\/www.maprofar.com\/tienda\/producto\/filamento-3d-pla-wood-diametro-1-75mm-bobina-0-5kg-color-madera-de-acacia\/","url":"https:\/\/www.maprofar.com\/tienda\/producto\/filamento-3d-pla-wood-diametro-1-75mm-bobina-0-5kg-color-madera-de-acacia\/","name":"Filamento 3D PLA WOOD - 1.75mm - 0.5kg - Madera de Acacia","isPartOf":{"@id":"https:\/\/www.maprofar.com\/tienda\/#website"},"primaryImageOfPage":{"@id":"https:\/\/www.maprofar.com\/tienda\/producto\/filamento-3d-pla-wood-diametro-1-75mm-bobina-0-5kg-color-madera-de-acacia\/#primaryimage"},"image":{"@id":"https:\/\/www.maprofar.com\/tienda\/producto\/filamento-3d-pla-wood-diametro-1-75mm-bobina-0-5kg-color-madera-de-acacia\/#primaryimage"},"thumbnailUrl":"https:\/\/www.maprofar.com\/tienda\/wp-content\/uploads\/2025\/03\/PLA-WOOD-Acacia-Wood.jpg","datePublished":"2025-03-05T20:16:48+00:00","dateModified":"2025-07-03T10:26:56+00:00","description":"Filamento 3D PLA WOOD - Diametro 1.75mm - Bobina 0.5kg - Color Madera de Acacia - En Maprofar encontrar\u00e1s bobinas de filamento para impresoras 3D.","breadcrumb":{"@id":"https:\/\/www.maprofar.com\/tienda\/producto\/filamento-3d-pla-wood-diametro-1-75mm-bobina-0-5kg-color-madera-de-acacia\/#breadcrumb"},"inLanguage":"es","potentialAction":[{"@type":"ReadAction","target":["https:\/\/www.maprofar.com\/tienda\/producto\/filamento-3d-pla-wood-diametro-1-75mm-bobina-0-5kg-color-madera-de-acacia\/"]}]},{"@type":"ImageObject","inLanguage":"es","@id":"https:\/\/www.maprofar.com\/tienda\/producto\/filamento-3d-pla-wood-diametro-1-75mm-bobina-0-5kg-color-madera-de-acacia\/#primaryimage","url":"https:\/\/www.maprofar.com\/tienda\/wp-content\/uploads\/2025\/03\/PLA-WOOD-Acacia-Wood.jpg","contentUrl":"https:\/\/www.maprofar.com\/tienda\/wp-content\/uploads\/2025\/03\/PLA-WOOD-Acacia-Wood.jpg","width":600,"height":600,"caption":"Filamento 3D PLA WOOD - 1.75mm - 0.5kg - Madera de Acacia"},{"@type":"BreadcrumbList","@id":"https:\/\/www.maprofar.com\/tienda\/producto\/filamento-3d-pla-wood-diametro-1-75mm-bobina-0-5kg-color-madera-de-acacia\/#breadcrumb","itemListElement":[{"@type":"ListItem","position":1,"name":"Portada","item":"https:\/\/www.maprofar.com\/tienda\/"},{"@type":"ListItem","position":2,"name":"Inicio","item":"https:\/\/www.maprofar.com\/tienda\/"},{"@type":"ListItem","position":3,"name":"Filamento 3D PLA WOOD &#8211; Diametro 1.75mm &#8211; Bobina 0.5kg &#8211; Color Madera de Acacia"}]},{"@type":"WebSite","@id":"https:\/\/www.maprofar.com\/tienda\/#website","url":"https:\/\/www.maprofar.com\/tienda\/","name":"Maprofar - Toner Compatibles y Material de Oficina","description":"Encuentra en Maprofar tu t\u00f3ner compatible Brother y HP al mejor precio. Calidad garantizada, env\u00edo urgente 24h y asesoramiento t\u00e9cnico experto. \u00a1Vis\u00edtanos!","publisher":{"@id":"https:\/\/www.maprofar.com\/tienda\/#organization"},"alternateName":"Maprofar Inform\u00e1tica","potentialAction":[{"@type":"SearchAction","target":{"@type":"EntryPoint","urlTemplate":"https:\/\/www.maprofar.com\/tienda\/?s={search_term_string}"},"query-input":{"@type":"PropertyValueSpecification","valueRequired":true,"valueName":"search_term_string"}}],"inLanguage":"es"},{"@type":"Organization","@id":"https:\/\/www.maprofar.com\/tienda\/#organization","name":"Maprofar S.L.","url":"https:\/\/www.maprofar.com\/tienda\/","logo":{"@type":"ImageObject","inLanguage":"es","@id":"https:\/\/www.maprofar.com\/tienda\/#\/schema\/logo\/image\/","url":"https:\/\/www.maprofar.com\/tienda\/wp-content\/uploads\/2021\/05\/logo_circulo.jpg","contentUrl":"https:\/\/www.maprofar.com\/tienda\/wp-content\/uploads\/2021\/05\/logo_circulo.jpg","width":404,"height":335,"caption":"Maprofar S.L."},"image":{"@id":"https:\/\/www.maprofar.com\/tienda\/#\/schema\/logo\/image\/"},"sameAs":["https:\/\/es-es.facebook.com\/maprofar","https:\/\/www.instagram.com\/maprofar_informatica\/","https:\/\/www.pinterest.es\/maprofar\/"]}]}},"_links":{"self":[{"href":"https:\/\/www.maprofar.com\/tienda\/wp-json\/wp\/v2\/product\/11504","targetHints":{"allow":["GET"]}}],"collection":[{"href":"https:\/\/www.maprofar.com\/tienda\/wp-json\/wp\/v2\/product"}],"about":[{"href":"https:\/\/www.maprofar.com\/tienda\/wp-json\/wp\/v2\/types\/product"}],"wp:featuredmedia":[{"embeddable":true,"href":"https:\/\/www.maprofar.com\/tienda\/wp-json\/wp\/v2\/media\/11506"}],"wp:attachment":[{"href":"https:\/\/www.maprofar.com\/tienda\/wp-json\/wp\/v2\/media?parent=11504"}],"wp:term":[{"taxonomy":"product_brand","embeddable":true,"href":"https:\/\/www.maprofar.com\/tienda\/wp-json\/wp\/v2\/product_brand?post=11504"},{"taxonomy":"product_cat","embeddable":true,"href":"https:\/\/www.maprofar.com\/tienda\/wp-json\/wp\/v2\/product_cat?post=11504"},{"taxonomy":"product_tag","embeddable":true,"href":"https:\/\/www.maprofar.com\/tienda\/wp-json\/wp\/v2\/product_tag?post=11504"}],"curies":[{"name":"wp","href":"https:\/\/api.w.org\/{rel}","templated":true}]}}