{"id":12282,"date":"2025-07-21T12:54:16","date_gmt":"2025-07-21T10:54:16","guid":{"rendered":"https:\/\/www.maprofar.com\/tienda\/?post_type=product&#038;p=12282"},"modified":"2026-01-29T10:40:47","modified_gmt":"2026-01-29T09:40:47","slug":"portatil-hp-workstation-zbook-fury-15-g7-grado-b-rtx-3000-6gb-tecl-num","status":"publish","type":"product","link":"https:\/\/www.maprofar.com\/tienda\/producto\/portatil-hp-workstation-zbook-fury-15-g7-grado-b-rtx-3000-6gb-tecl-num\/","title":{"rendered":"Port\u00e1til HP Workstation ZBOOK Fury 15 G7 GRADO B + RTX 3000 6GB tecl. num. (Reacondicionado)"},"content":{"rendered":"<p>Port\u00e1til HP Workstation ZBOOK Fury 15 G7 GRADO B + RTX 3000 6GB tecl. num. Espa\u00f1ol<\/p>\n<div class=\"ftit\">Caracter\u00edsticas<\/div>\n<div class=\"fCaracts\"><span id=\"span_descr_0\">Equipos comprobados y testeados completamente. Pueden tener signos de desgaste o ara\u00f1azos en su carcasa, o pantalla, pero son completamente funcionales.<\/p>\n<p>Estos equipos incluyen licencia Windows 11 PRO<\/p>\n<p>GRADO B<\/p>\n<p>Especificaciones:<\/p>\n<p>\u00b7 Marca HP<br \/>\n\u00b7 Procesador Intel Core i7 10850H 2.70 GHz 6 n\u00facleos, turbo 5.10 GHz<br \/>\n\u00b7 Gr\u00e1fica NVIDIA QUADRO RTX 3000 6GB<br \/>\n\u00b7 Disco Duro 1TB SSD-NVMe (Varias marcas, seg\u00fan disponibilidad)<br \/>\n\u00b7 Memorias 32GB DDR4 (4 Z\u00f3calos)<br \/>\n\u00b7 Panel Pantalla de 15.6&#8243; FHD IPS<br \/>\n\u00b7 Lector\/Grabador NO<br \/>\n\u00b7 Webcam SI<br \/>\n\u00b7 Bluetooth SI<br \/>\n\u00b7 Wifi SI<br \/>\n\u00b7 Conexiones adicionales x2 USB 3.1, x2 USB C (Thunderbolt 3), x1 HDMI 2.0b, x1 Mini DisplayPort 1.4, x1 Jack de Audio, x1 RJ45, x1 Lector de Tarjetas SD, x1 Lector Smartcard (DNI-e)<\/p>\n<p>&#8211; Testeados y 100% verificados<br \/>\n&#8211; Incluyen Sistema Operativo Windows 11 Pro Preinstalado<br \/>\n&#8211; Las bater\u00edas incluidas han sido comprobadas para tener una duraci\u00f3n de al menos 1 hora<br \/>\n&#8211; Teclado num\u00e9rico en castellano<\/span><\/div>\n<p><span style=\"color: #999999;\">Comprar Port\u00e1til HP Workstation ZBOOK Fury 15 G7 GRADO B + RTX 3000 6GB tecl. num. Espa\u00f1ol<\/span><\/p>\n","protected":false},"excerpt":{"rendered":"<p>(Intel Core i7 10850H 2.70GHz\/32GB\/1TBSSD-NVMe\/15.6FHD\/NO-DVD\/W11P) Preinstalado<\/p>\n","protected":false},"featured_media":12287,"template":"","meta":[],"product_brand":[],"product_cat":[383],"product_tag":[],"class_list":{"0":"post-12282","1":"product","2":"type-product","3":"status-publish","4":"has-post-thumbnail","6":"product_cat-portatiles-reacondicionados","8":"first","9":"instock","10":"taxable","11":"shipping-taxable","12":"purchasable","13":"product-type-simple"},"yoast_head":"<!-- This site is optimized with the Yoast SEO Premium plugin v22.3 (Yoast SEO v27.4) - https:\/\/yoast.com\/product\/yoast-seo-premium-wordpress\/ -->\n<title>Port\u00e1til HP Workstation ZBOOK Fury 15 G7 GRADO B + RTX 3000<\/title>\n<meta name=\"description\" content=\"Port\u00e1til HP Workstation ZBOOK Fury 15 G7 GRADO B + RTX 3000 6GB tecl. num.- En Maprofar encontrar\u00e1s ordenadores port\u00e1tiles reacondicionados al mejor precio.\" \/>\n<meta name=\"robots\" content=\"index, follow, max-snippet:-1, max-image-preview:large, max-video-preview:-1\" \/>\n<link rel=\"canonical\" href=\"https:\/\/www.maprofar.com\/tienda\/producto\/portatil-hp-workstation-zbook-fury-15-g7-grado-b-rtx-3000-6gb-tecl-num\/\" \/>\n<meta property=\"og:locale\" content=\"es_ES\" \/>\n<meta property=\"og:type\" content=\"article\" \/>\n<meta property=\"og:title\" content=\"Port\u00e1til HP Workstation ZBOOK Fury 15 G7 GRADO B + RTX 3000 6GB tecl. num. (Reacondicionado) - Maprofar | T\u00f3ner Compatible Brother, HP y Soluciones de Impresi\u00f3n 3D\" \/>\n<meta property=\"og:description\" content=\"En Maprofar encontrar\u00e1s t\u00f3ner compatibles de calidad y material de oficina al mejor precio. Ahorra sin sacrificar rendimiento. \u00a1Aprovecha nuestras ofertas y descuentos!\" \/>\n<meta property=\"og:url\" content=\"https:\/\/www.maprofar.com\/tienda\/producto\/portatil-hp-workstation-zbook-fury-15-g7-grado-b-rtx-3000-6gb-tecl-num\/\" \/>\n<meta property=\"og:site_name\" content=\"Maprofar | T\u00f3ner Compatible Brother, HP y Soluciones de Impresi\u00f3n 3D\" \/>\n<meta property=\"article:publisher\" content=\"https:\/\/es-es.facebook.com\/maprofar\" \/>\n<meta property=\"article:modified_time\" content=\"2026-01-29T09:40:47+00:00\" \/>\n<meta property=\"og:image\" content=\"https:\/\/www.maprofar.com\/tienda\/wp-content\/uploads\/2025\/07\/6920HPZBOOKF15G71GB_1.jpg\" \/>\n\t<meta property=\"og:image:width\" content=\"800\" \/>\n\t<meta property=\"og:image:height\" content=\"600\" \/>\n\t<meta property=\"og:image:type\" content=\"image\/jpeg\" \/>\n<meta name=\"twitter:card\" content=\"summary_large_image\" \/>\n<meta name=\"twitter:label1\" content=\"Tiempo de lectura\" \/>\n\t<meta name=\"twitter:data1\" content=\"2 minutos\" \/>\n<script type=\"application\/ld+json\" class=\"yoast-schema-graph\">{\"@context\":\"https:\\\/\\\/schema.org\",\"@graph\":[{\"@type\":\"WebPage\",\"@id\":\"https:\\\/\\\/www.maprofar.com\\\/tienda\\\/producto\\\/portatil-hp-workstation-zbook-fury-15-g7-grado-b-rtx-3000-6gb-tecl-num\\\/\",\"url\":\"https:\\\/\\\/www.maprofar.com\\\/tienda\\\/producto\\\/portatil-hp-workstation-zbook-fury-15-g7-grado-b-rtx-3000-6gb-tecl-num\\\/\",\"name\":\"Port\u00e1til HP Workstation ZBOOK Fury 15 G7 GRADO B + RTX 3000\",\"isPartOf\":{\"@id\":\"https:\\\/\\\/www.maprofar.com\\\/tienda\\\/#website\"},\"primaryImageOfPage\":{\"@id\":\"https:\\\/\\\/www.maprofar.com\\\/tienda\\\/producto\\\/portatil-hp-workstation-zbook-fury-15-g7-grado-b-rtx-3000-6gb-tecl-num\\\/#primaryimage\"},\"image\":{\"@id\":\"https:\\\/\\\/www.maprofar.com\\\/tienda\\\/producto\\\/portatil-hp-workstation-zbook-fury-15-g7-grado-b-rtx-3000-6gb-tecl-num\\\/#primaryimage\"},\"thumbnailUrl\":\"https:\\\/\\\/www.maprofar.com\\\/tienda\\\/wp-content\\\/uploads\\\/2025\\\/07\\\/6920HPZBOOKF15G71GB_1.jpg\",\"datePublished\":\"2025-07-21T10:54:16+00:00\",\"dateModified\":\"2026-01-29T09:40:47+00:00\",\"description\":\"Port\u00e1til HP Workstation ZBOOK Fury 15 G7 GRADO B + RTX 3000 6GB tecl. num.- En Maprofar encontrar\u00e1s ordenadores port\u00e1tiles reacondicionados al mejor precio.\",\"breadcrumb\":{\"@id\":\"https:\\\/\\\/www.maprofar.com\\\/tienda\\\/producto\\\/portatil-hp-workstation-zbook-fury-15-g7-grado-b-rtx-3000-6gb-tecl-num\\\/#breadcrumb\"},\"inLanguage\":\"es\",\"potentialAction\":[{\"@type\":\"ReadAction\",\"target\":[\"https:\\\/\\\/www.maprofar.com\\\/tienda\\\/producto\\\/portatil-hp-workstation-zbook-fury-15-g7-grado-b-rtx-3000-6gb-tecl-num\\\/\"]}]},{\"@type\":\"ImageObject\",\"inLanguage\":\"es\",\"@id\":\"https:\\\/\\\/www.maprofar.com\\\/tienda\\\/producto\\\/portatil-hp-workstation-zbook-fury-15-g7-grado-b-rtx-3000-6gb-tecl-num\\\/#primaryimage\",\"url\":\"https:\\\/\\\/www.maprofar.com\\\/tienda\\\/wp-content\\\/uploads\\\/2025\\\/07\\\/6920HPZBOOKF15G71GB_1.jpg\",\"contentUrl\":\"https:\\\/\\\/www.maprofar.com\\\/tienda\\\/wp-content\\\/uploads\\\/2025\\\/07\\\/6920HPZBOOKF15G71GB_1.jpg\",\"width\":800,\"height\":600,\"caption\":\"Port\u00e1til HP Workstation ZBOOK Fury 15 G7 GRADO B + RTX 3000 6GB tecl. num. Espa\u00f1ol\"},{\"@type\":\"BreadcrumbList\",\"@id\":\"https:\\\/\\\/www.maprofar.com\\\/tienda\\\/producto\\\/portatil-hp-workstation-zbook-fury-15-g7-grado-b-rtx-3000-6gb-tecl-num\\\/#breadcrumb\",\"itemListElement\":[{\"@type\":\"ListItem\",\"position\":1,\"name\":\"Portada\",\"item\":\"https:\\\/\\\/www.maprofar.com\\\/tienda\\\/\"},{\"@type\":\"ListItem\",\"position\":2,\"name\":\"Inicio\",\"item\":\"https:\\\/\\\/www.maprofar.com\\\/tienda\\\/\"},{\"@type\":\"ListItem\",\"position\":3,\"name\":\"Port\u00e1til HP Workstation ZBOOK Fury 15 G7 GRADO B + RTX 3000 6GB tecl. num. (Reacondicionado)\"}]},{\"@type\":\"WebSite\",\"@id\":\"https:\\\/\\\/www.maprofar.com\\\/tienda\\\/#website\",\"url\":\"https:\\\/\\\/www.maprofar.com\\\/tienda\\\/\",\"name\":\"Maprofar - Toner Compatibles y Material de Oficina\",\"description\":\"Encuentra en Maprofar tu t\u00f3ner compatible Brother y HP al mejor precio. Calidad garantizada, env\u00edo urgente 24h y asesoramiento t\u00e9cnico experto. \u00a1Vis\u00edtanos!\",\"publisher\":{\"@id\":\"https:\\\/\\\/www.maprofar.com\\\/tienda\\\/#organization\"},\"alternateName\":\"Maprofar Inform\u00e1tica\",\"potentialAction\":[{\"@type\":\"SearchAction\",\"target\":{\"@type\":\"EntryPoint\",\"urlTemplate\":\"https:\\\/\\\/www.maprofar.com\\\/tienda\\\/?s={search_term_string}\"},\"query-input\":{\"@type\":\"PropertyValueSpecification\",\"valueRequired\":true,\"valueName\":\"search_term_string\"}}],\"inLanguage\":\"es\"},{\"@type\":\"Organization\",\"@id\":\"https:\\\/\\\/www.maprofar.com\\\/tienda\\\/#organization\",\"name\":\"Maprofar S.L.\",\"url\":\"https:\\\/\\\/www.maprofar.com\\\/tienda\\\/\",\"logo\":{\"@type\":\"ImageObject\",\"inLanguage\":\"es\",\"@id\":\"https:\\\/\\\/www.maprofar.com\\\/tienda\\\/#\\\/schema\\\/logo\\\/image\\\/\",\"url\":\"https:\\\/\\\/www.maprofar.com\\\/tienda\\\/wp-content\\\/uploads\\\/2021\\\/05\\\/logo_circulo.jpg\",\"contentUrl\":\"https:\\\/\\\/www.maprofar.com\\\/tienda\\\/wp-content\\\/uploads\\\/2021\\\/05\\\/logo_circulo.jpg\",\"width\":404,\"height\":335,\"caption\":\"Maprofar S.L.\"},\"image\":{\"@id\":\"https:\\\/\\\/www.maprofar.com\\\/tienda\\\/#\\\/schema\\\/logo\\\/image\\\/\"},\"sameAs\":[\"https:\\\/\\\/es-es.facebook.com\\\/maprofar\",\"https:\\\/\\\/www.instagram.com\\\/maprofar_informatica\\\/\",\"https:\\\/\\\/www.pinterest.es\\\/maprofar\\\/\"]}]}<\/script>\n<!-- \/ Yoast SEO Premium plugin. -->","yoast_head_json":{"title":"Port\u00e1til HP Workstation ZBOOK Fury 15 G7 GRADO B + RTX 3000","description":"Port\u00e1til HP Workstation ZBOOK Fury 15 G7 GRADO B + RTX 3000 6GB tecl. num.- En Maprofar encontrar\u00e1s ordenadores port\u00e1tiles reacondicionados al mejor precio.","robots":{"index":"index","follow":"follow","max-snippet":"max-snippet:-1","max-image-preview":"max-image-preview:large","max-video-preview":"max-video-preview:-1"},"canonical":"https:\/\/www.maprofar.com\/tienda\/producto\/portatil-hp-workstation-zbook-fury-15-g7-grado-b-rtx-3000-6gb-tecl-num\/","og_locale":"es_ES","og_type":"article","og_title":"Port\u00e1til HP Workstation ZBOOK Fury 15 G7 GRADO B + RTX 3000 6GB tecl. num. (Reacondicionado) - Maprofar | T\u00f3ner Compatible Brother, HP y Soluciones de Impresi\u00f3n 3D","og_description":"En Maprofar encontrar\u00e1s t\u00f3ner compatibles de calidad y material de oficina al mejor precio. Ahorra sin sacrificar rendimiento. \u00a1Aprovecha nuestras ofertas y descuentos!","og_url":"https:\/\/www.maprofar.com\/tienda\/producto\/portatil-hp-workstation-zbook-fury-15-g7-grado-b-rtx-3000-6gb-tecl-num\/","og_site_name":"Maprofar | T\u00f3ner Compatible Brother, HP y Soluciones de Impresi\u00f3n 3D","article_publisher":"https:\/\/es-es.facebook.com\/maprofar","article_modified_time":"2026-01-29T09:40:47+00:00","og_image":[{"width":800,"height":600,"url":"https:\/\/www.maprofar.com\/tienda\/wp-content\/uploads\/2025\/07\/6920HPZBOOKF15G71GB_1.jpg","type":"image\/jpeg"}],"twitter_card":"summary_large_image","twitter_misc":{"Tiempo de lectura":"2 minutos"},"schema":{"@context":"https:\/\/schema.org","@graph":[{"@type":"WebPage","@id":"https:\/\/www.maprofar.com\/tienda\/producto\/portatil-hp-workstation-zbook-fury-15-g7-grado-b-rtx-3000-6gb-tecl-num\/","url":"https:\/\/www.maprofar.com\/tienda\/producto\/portatil-hp-workstation-zbook-fury-15-g7-grado-b-rtx-3000-6gb-tecl-num\/","name":"Port\u00e1til HP Workstation ZBOOK Fury 15 G7 GRADO B + RTX 3000","isPartOf":{"@id":"https:\/\/www.maprofar.com\/tienda\/#website"},"primaryImageOfPage":{"@id":"https:\/\/www.maprofar.com\/tienda\/producto\/portatil-hp-workstation-zbook-fury-15-g7-grado-b-rtx-3000-6gb-tecl-num\/#primaryimage"},"image":{"@id":"https:\/\/www.maprofar.com\/tienda\/producto\/portatil-hp-workstation-zbook-fury-15-g7-grado-b-rtx-3000-6gb-tecl-num\/#primaryimage"},"thumbnailUrl":"https:\/\/www.maprofar.com\/tienda\/wp-content\/uploads\/2025\/07\/6920HPZBOOKF15G71GB_1.jpg","datePublished":"2025-07-21T10:54:16+00:00","dateModified":"2026-01-29T09:40:47+00:00","description":"Port\u00e1til HP Workstation ZBOOK Fury 15 G7 GRADO B + RTX 3000 6GB tecl. num.- En Maprofar encontrar\u00e1s ordenadores port\u00e1tiles reacondicionados al mejor precio.","breadcrumb":{"@id":"https:\/\/www.maprofar.com\/tienda\/producto\/portatil-hp-workstation-zbook-fury-15-g7-grado-b-rtx-3000-6gb-tecl-num\/#breadcrumb"},"inLanguage":"es","potentialAction":[{"@type":"ReadAction","target":["https:\/\/www.maprofar.com\/tienda\/producto\/portatil-hp-workstation-zbook-fury-15-g7-grado-b-rtx-3000-6gb-tecl-num\/"]}]},{"@type":"ImageObject","inLanguage":"es","@id":"https:\/\/www.maprofar.com\/tienda\/producto\/portatil-hp-workstation-zbook-fury-15-g7-grado-b-rtx-3000-6gb-tecl-num\/#primaryimage","url":"https:\/\/www.maprofar.com\/tienda\/wp-content\/uploads\/2025\/07\/6920HPZBOOKF15G71GB_1.jpg","contentUrl":"https:\/\/www.maprofar.com\/tienda\/wp-content\/uploads\/2025\/07\/6920HPZBOOKF15G71GB_1.jpg","width":800,"height":600,"caption":"Port\u00e1til HP Workstation ZBOOK Fury 15 G7 GRADO B + RTX 3000 6GB tecl. num. Espa\u00f1ol"},{"@type":"BreadcrumbList","@id":"https:\/\/www.maprofar.com\/tienda\/producto\/portatil-hp-workstation-zbook-fury-15-g7-grado-b-rtx-3000-6gb-tecl-num\/#breadcrumb","itemListElement":[{"@type":"ListItem","position":1,"name":"Portada","item":"https:\/\/www.maprofar.com\/tienda\/"},{"@type":"ListItem","position":2,"name":"Inicio","item":"https:\/\/www.maprofar.com\/tienda\/"},{"@type":"ListItem","position":3,"name":"Port\u00e1til HP Workstation ZBOOK Fury 15 G7 GRADO B + RTX 3000 6GB tecl. num. (Reacondicionado)"}]},{"@type":"WebSite","@id":"https:\/\/www.maprofar.com\/tienda\/#website","url":"https:\/\/www.maprofar.com\/tienda\/","name":"Maprofar - Toner Compatibles y Material de Oficina","description":"Encuentra en Maprofar tu t\u00f3ner compatible Brother y HP al mejor precio. Calidad garantizada, env\u00edo urgente 24h y asesoramiento t\u00e9cnico experto. \u00a1Vis\u00edtanos!","publisher":{"@id":"https:\/\/www.maprofar.com\/tienda\/#organization"},"alternateName":"Maprofar Inform\u00e1tica","potentialAction":[{"@type":"SearchAction","target":{"@type":"EntryPoint","urlTemplate":"https:\/\/www.maprofar.com\/tienda\/?s={search_term_string}"},"query-input":{"@type":"PropertyValueSpecification","valueRequired":true,"valueName":"search_term_string"}}],"inLanguage":"es"},{"@type":"Organization","@id":"https:\/\/www.maprofar.com\/tienda\/#organization","name":"Maprofar S.L.","url":"https:\/\/www.maprofar.com\/tienda\/","logo":{"@type":"ImageObject","inLanguage":"es","@id":"https:\/\/www.maprofar.com\/tienda\/#\/schema\/logo\/image\/","url":"https:\/\/www.maprofar.com\/tienda\/wp-content\/uploads\/2021\/05\/logo_circulo.jpg","contentUrl":"https:\/\/www.maprofar.com\/tienda\/wp-content\/uploads\/2021\/05\/logo_circulo.jpg","width":404,"height":335,"caption":"Maprofar S.L."},"image":{"@id":"https:\/\/www.maprofar.com\/tienda\/#\/schema\/logo\/image\/"},"sameAs":["https:\/\/es-es.facebook.com\/maprofar","https:\/\/www.instagram.com\/maprofar_informatica\/","https:\/\/www.pinterest.es\/maprofar\/"]}]}},"_links":{"self":[{"href":"https:\/\/www.maprofar.com\/tienda\/wp-json\/wp\/v2\/product\/12282","targetHints":{"allow":["GET"]}}],"collection":[{"href":"https:\/\/www.maprofar.com\/tienda\/wp-json\/wp\/v2\/product"}],"about":[{"href":"https:\/\/www.maprofar.com\/tienda\/wp-json\/wp\/v2\/types\/product"}],"wp:featuredmedia":[{"embeddable":true,"href":"https:\/\/www.maprofar.com\/tienda\/wp-json\/wp\/v2\/media\/12287"}],"wp:attachment":[{"href":"https:\/\/www.maprofar.com\/tienda\/wp-json\/wp\/v2\/media?parent=12282"}],"wp:term":[{"taxonomy":"product_brand","embeddable":true,"href":"https:\/\/www.maprofar.com\/tienda\/wp-json\/wp\/v2\/product_brand?post=12282"},{"taxonomy":"product_cat","embeddable":true,"href":"https:\/\/www.maprofar.com\/tienda\/wp-json\/wp\/v2\/product_cat?post=12282"},{"taxonomy":"product_tag","embeddable":true,"href":"https:\/\/www.maprofar.com\/tienda\/wp-json\/wp\/v2\/product_tag?post=12282"}],"curies":[{"name":"wp","href":"https:\/\/api.w.org\/{rel}","templated":true}]}}