{"id":12599,"date":"2025-10-14T19:06:22","date_gmt":"2025-10-14T17:06:22","guid":{"rendered":"https:\/\/www.maprofar.com\/tienda\/?post_type=product&#038;p=12599"},"modified":"2025-12-02T20:35:55","modified_gmt":"2025-12-02T19:35:55","slug":"fase-light-baliza-de-senalizacion-de-emergencia-v16-conectada-con-dgt-gafas-conduccion-nocturna","status":"publish","type":"product","link":"https:\/\/www.maprofar.com\/tienda\/producto\/fase-light-baliza-de-senalizacion-de-emergencia-v16-conectada-con-dgt-gafas-conduccion-nocturna\/","title":{"rendered":"Fase Light Baliza de Se\u00f1alizacion de Emergencia V16 Conectada con DGT + Gafas Conduccion Nocturna"},"content":{"rendered":"<p>Fase Light Baliza de Se\u00f1alizacion de Emergencia V16 Conectada con DGT + Gafas Conduccion Nocturna &#8211; Proteccion IP54 &#8211; Datos hasta Junio 2038 &#8211; Color Negro<\/p>\n<p>Baliza homologada V16 geolocalizable con conectividad Telef\u00f3nica NB-iot &#8211; Marca FASE LIGHT IoT. App SOS ALERT incluida Luz de emergencia para se\u00f1alizar el veh\u00edculo en caso de accidente o aver\u00eda. Se\u00f1al V16 homologada. Aporta geolocalizaci\u00f3n exacta y an\u00f3nima a la DGT 3.0 en caso de peligro o incidente en carretera. Obligatoria a partir del 01\/01\/2026. SE\u00d1AL DE EMERGENCIA:<br \/>\nFase Light es un dispositivo de se\u00f1alizaci\u00f3n de emergencias en carretera. En caso de sufrir un accidente o una aver\u00eda, gracias al alcance de su potente luz, esta baliza hace visible tu veh\u00edculo averiado para ser visto por otros conductores desde 1 km de distancia y 360\u00ba Esta se\u00f1al luminosa V16 cumple con los requisitos de homologaci\u00f3n que exige la Direcci\u00f3n General de Tr\u00e1fico, incluida la conexi\u00f3n que permite avisar de la posici\u00f3n del incidente, de forma totalmente an\u00f3nima, durante 2.30h.<\/p>\n<p>Con este sistema la DGT alertar\u00e1 a otros conductores para que tomen precauciones al pasar por tu ubicaci\u00f3n. eSIM AN\u00d3NIMA: Este dispositivo incluye un plan de datos de Telefonica Tech de m\u00e1s de 12 a\u00f1os de validez, hasta el 1 de enero de 2038.<\/p>\n<p>Cuenta con una tarjeta virtual de datos incorporada que es completamente an\u00f3nima y te permitir\u00e1 estar conectado solo para alertar de incidentes, sin referencias personales. La tecnolog\u00eda Narrow Band de Telefonica le aporta gran cobertura. SUSTITUYE AL TRI\u00c1NGULO: Esta baliza V16 sustituye a los tri\u00e1ngulos de emergencia con el objetivo de mejorar la seguridad y evitar el riesgo de atropello en carretera. La baliza Fase Light se coloca sin necesidad de abandonar el veh\u00edculo, evitando al conductor invadir la calzada para se\u00f1alar el incidente y salvando vidas. Gracias a su potente im\u00e1n queda sujeta al techo del veh\u00edculo f\u00e1cilmente.<\/p>\n<p>GAFAS DE CONDUCCI\u00d3N NOCTURNA: Mejora tu visi\u00f3n al volante con estas gafas plegables de conducci\u00f3n nocturna. Reducen la fatiga visual, aumentan el contraste, mejoran la claridad y minimizan reflejos y deslumbramientos. Ideales para una conducci\u00f3n m\u00e1s segura y c\u00f3moda en condiciones de poca luz.<\/p>\n<p>Especificaciones:<\/p>\n<p>-Bater\u00eda: 4 x AAA incluidas<br \/>\n-Conectividad iOt Telefonica &#8211; DGT 3.0<br \/>\n-Material: Carcasa engomada IP54, resistente y duradero<br \/>\n-Luz: Frecuencia homologada R65 &#8211; 75 candelas efectivas<br \/>\n-SIM integrada conexi\u00f3n de datos v\u00e1lida hasta 2038<br \/>\n-N\u00ba CERTIFICADO: LCOE 2025010037G1<\/p>\n<p><span style=\"color: #999999;\">Comprar Fase Light Baliza de Se\u00f1alizacion de Emergencia V16 Conectada con DGT + Gafas Conduccion Nocturna &#8211; Proteccion IP54 &#8211; Datos hasta Junio 2038 &#8211; Color Negro<\/span><\/p>\n","protected":false},"excerpt":{"rendered":"<p class=\"titulo_subseccion_da\">CARACTER\u00cdSTICAS<\/p>\n<div class=\"listado_caracteristicas_da\"><span class=\"linea_datos_da\">\u2022 Marca:\u00a0<span class=\"gris_400\" title=\"Fase Light\">Fase Light<\/span><\/span><\/div>\n<div class=\"listado_caracteristicas_da\"><span class=\"linea_datos_da\" title=\"Negro\">\u2022 Color:\u00a0<span class=\"gris_400\">Negro<\/span><\/span><\/div>\n<div class=\"listado_caracteristicas_da\"><span class=\"linea_datos_da\" title=\"Fase Light\">\u2022 Fabricante:\u00a0<span class=\"gris_400\">Fase Light<\/span><\/span><\/div>\n<div class=\"listado_caracteristicas_da\"><span class=\"linea_datos_da\" title=\"\" aria-describedby=\"ui-id-20\">\u2022 Ref.:\u00a0<span class=\"gris_400\">116053.03<\/span><\/span><\/div>\n","protected":false},"featured_media":12604,"template":"","meta":[],"product_brand":[],"product_cat":[218],"product_tag":[],"class_list":{"0":"post-12599","1":"product","2":"type-product","3":"status-publish","4":"has-post-thumbnail","6":"product_cat-varios","8":"first","9":"outofstock","10":"taxable","11":"shipping-taxable","12":"purchasable","13":"product-type-simple"},"yoast_head":"<!-- This site is optimized with the Yoast SEO Premium plugin v22.3 (Yoast SEO v27.4) - https:\/\/yoast.com\/product\/yoast-seo-premium-wordpress\/ -->\n<title>Fase Light Baliza de Se\u00f1alizacion de Emergencia V16<\/title>\n<meta name=\"description\" content=\"Fase Light Baliza de Se\u00f1alizacion de Emergencia V16 Conectada con DGT + Gafas Conduccion Nocturna - Proteccion IP54 - Datos hasta Junio 2038 - Color Negro\" \/>\n<meta name=\"robots\" content=\"index, follow, max-snippet:-1, max-image-preview:large, max-video-preview:-1\" \/>\n<link rel=\"canonical\" href=\"https:\/\/www.maprofar.com\/tienda\/producto\/fase-light-baliza-de-senalizacion-de-emergencia-v16-conectada-con-dgt-gafas-conduccion-nocturna\/\" \/>\n<meta property=\"og:locale\" content=\"es_ES\" \/>\n<meta property=\"og:type\" content=\"article\" \/>\n<meta property=\"og:title\" content=\"Fase Light Baliza de Se\u00f1alizacion de Emergencia V16 Conectada con DGT + Gafas Conduccion Nocturna - Maprofar | T\u00f3ner Compatible Brother, HP y Soluciones de Impresi\u00f3n 3D\" \/>\n<meta property=\"og:description\" content=\"En Maprofar encontrar\u00e1s t\u00f3ner compatibles de calidad y material de oficina al mejor precio. Ahorra sin sacrificar rendimiento. \u00a1Aprovecha nuestras ofertas y descuentos!\" \/>\n<meta property=\"og:url\" content=\"https:\/\/www.maprofar.com\/tienda\/producto\/fase-light-baliza-de-senalizacion-de-emergencia-v16-conectada-con-dgt-gafas-conduccion-nocturna\/\" \/>\n<meta property=\"og:site_name\" content=\"Maprofar | T\u00f3ner Compatible Brother, HP y Soluciones de Impresi\u00f3n 3D\" \/>\n<meta property=\"article:publisher\" content=\"https:\/\/es-es.facebook.com\/maprofar\" \/>\n<meta property=\"article:modified_time\" content=\"2025-12-02T19:35:55+00:00\" \/>\n<meta property=\"og:image\" content=\"https:\/\/www.maprofar.com\/tienda\/wp-content\/uploads\/2025\/10\/116053.03_1.jpg\" \/>\n\t<meta property=\"og:image:width\" content=\"789\" \/>\n\t<meta property=\"og:image:height\" content=\"600\" \/>\n\t<meta property=\"og:image:type\" content=\"image\/jpeg\" \/>\n<meta name=\"twitter:card\" content=\"summary_large_image\" \/>\n<meta name=\"twitter:label1\" content=\"Tiempo de lectura\" \/>\n\t<meta name=\"twitter:data1\" content=\"3 minutos\" \/>\n<script type=\"application\/ld+json\" class=\"yoast-schema-graph\">{\"@context\":\"https:\\\/\\\/schema.org\",\"@graph\":[{\"@type\":\"WebPage\",\"@id\":\"https:\\\/\\\/www.maprofar.com\\\/tienda\\\/producto\\\/fase-light-baliza-de-senalizacion-de-emergencia-v16-conectada-con-dgt-gafas-conduccion-nocturna\\\/\",\"url\":\"https:\\\/\\\/www.maprofar.com\\\/tienda\\\/producto\\\/fase-light-baliza-de-senalizacion-de-emergencia-v16-conectada-con-dgt-gafas-conduccion-nocturna\\\/\",\"name\":\"Fase Light Baliza de Se\u00f1alizacion de Emergencia V16\",\"isPartOf\":{\"@id\":\"https:\\\/\\\/www.maprofar.com\\\/tienda\\\/#website\"},\"primaryImageOfPage\":{\"@id\":\"https:\\\/\\\/www.maprofar.com\\\/tienda\\\/producto\\\/fase-light-baliza-de-senalizacion-de-emergencia-v16-conectada-con-dgt-gafas-conduccion-nocturna\\\/#primaryimage\"},\"image\":{\"@id\":\"https:\\\/\\\/www.maprofar.com\\\/tienda\\\/producto\\\/fase-light-baliza-de-senalizacion-de-emergencia-v16-conectada-con-dgt-gafas-conduccion-nocturna\\\/#primaryimage\"},\"thumbnailUrl\":\"https:\\\/\\\/www.maprofar.com\\\/tienda\\\/wp-content\\\/uploads\\\/2025\\\/10\\\/116053.03_1.jpg\",\"datePublished\":\"2025-10-14T17:06:22+00:00\",\"dateModified\":\"2025-12-02T19:35:55+00:00\",\"description\":\"Fase Light Baliza de Se\u00f1alizacion de Emergencia V16 Conectada con DGT + Gafas Conduccion Nocturna - Proteccion IP54 - Datos hasta Junio 2038 - Color Negro\",\"breadcrumb\":{\"@id\":\"https:\\\/\\\/www.maprofar.com\\\/tienda\\\/producto\\\/fase-light-baliza-de-senalizacion-de-emergencia-v16-conectada-con-dgt-gafas-conduccion-nocturna\\\/#breadcrumb\"},\"inLanguage\":\"es\",\"potentialAction\":[{\"@type\":\"ReadAction\",\"target\":[\"https:\\\/\\\/www.maprofar.com\\\/tienda\\\/producto\\\/fase-light-baliza-de-senalizacion-de-emergencia-v16-conectada-con-dgt-gafas-conduccion-nocturna\\\/\"]}]},{\"@type\":\"ImageObject\",\"inLanguage\":\"es\",\"@id\":\"https:\\\/\\\/www.maprofar.com\\\/tienda\\\/producto\\\/fase-light-baliza-de-senalizacion-de-emergencia-v16-conectada-con-dgt-gafas-conduccion-nocturna\\\/#primaryimage\",\"url\":\"https:\\\/\\\/www.maprofar.com\\\/tienda\\\/wp-content\\\/uploads\\\/2025\\\/10\\\/116053.03_1.jpg\",\"contentUrl\":\"https:\\\/\\\/www.maprofar.com\\\/tienda\\\/wp-content\\\/uploads\\\/2025\\\/10\\\/116053.03_1.jpg\",\"width\":789,\"height\":600,\"caption\":\"Fase Light Baliza de Se\u00f1alizacion de Emergencia V16 Conectada con DGT + Gafas Conduccion Nocturna - Proteccion IP54 - Datos hasta Junio 2038 - Color Negro\"},{\"@type\":\"BreadcrumbList\",\"@id\":\"https:\\\/\\\/www.maprofar.com\\\/tienda\\\/producto\\\/fase-light-baliza-de-senalizacion-de-emergencia-v16-conectada-con-dgt-gafas-conduccion-nocturna\\\/#breadcrumb\",\"itemListElement\":[{\"@type\":\"ListItem\",\"position\":1,\"name\":\"Portada\",\"item\":\"https:\\\/\\\/www.maprofar.com\\\/tienda\\\/\"},{\"@type\":\"ListItem\",\"position\":2,\"name\":\"Inicio\",\"item\":\"https:\\\/\\\/www.maprofar.com\\\/tienda\\\/\"},{\"@type\":\"ListItem\",\"position\":3,\"name\":\"Fase Light Baliza de Se\u00f1alizacion de Emergencia V16 Conectada con DGT + Gafas Conduccion Nocturna\"}]},{\"@type\":\"WebSite\",\"@id\":\"https:\\\/\\\/www.maprofar.com\\\/tienda\\\/#website\",\"url\":\"https:\\\/\\\/www.maprofar.com\\\/tienda\\\/\",\"name\":\"Maprofar - Toner Compatibles y Material de Oficina\",\"description\":\"Encuentra en Maprofar tu t\u00f3ner compatible Brother y HP al mejor precio. Calidad garantizada, env\u00edo urgente 24h y asesoramiento t\u00e9cnico experto. \u00a1Vis\u00edtanos!\",\"publisher\":{\"@id\":\"https:\\\/\\\/www.maprofar.com\\\/tienda\\\/#organization\"},\"alternateName\":\"Maprofar Inform\u00e1tica\",\"potentialAction\":[{\"@type\":\"SearchAction\",\"target\":{\"@type\":\"EntryPoint\",\"urlTemplate\":\"https:\\\/\\\/www.maprofar.com\\\/tienda\\\/?s={search_term_string}\"},\"query-input\":{\"@type\":\"PropertyValueSpecification\",\"valueRequired\":true,\"valueName\":\"search_term_string\"}}],\"inLanguage\":\"es\"},{\"@type\":\"Organization\",\"@id\":\"https:\\\/\\\/www.maprofar.com\\\/tienda\\\/#organization\",\"name\":\"Maprofar S.L.\",\"url\":\"https:\\\/\\\/www.maprofar.com\\\/tienda\\\/\",\"logo\":{\"@type\":\"ImageObject\",\"inLanguage\":\"es\",\"@id\":\"https:\\\/\\\/www.maprofar.com\\\/tienda\\\/#\\\/schema\\\/logo\\\/image\\\/\",\"url\":\"https:\\\/\\\/www.maprofar.com\\\/tienda\\\/wp-content\\\/uploads\\\/2021\\\/05\\\/logo_circulo.jpg\",\"contentUrl\":\"https:\\\/\\\/www.maprofar.com\\\/tienda\\\/wp-content\\\/uploads\\\/2021\\\/05\\\/logo_circulo.jpg\",\"width\":404,\"height\":335,\"caption\":\"Maprofar S.L.\"},\"image\":{\"@id\":\"https:\\\/\\\/www.maprofar.com\\\/tienda\\\/#\\\/schema\\\/logo\\\/image\\\/\"},\"sameAs\":[\"https:\\\/\\\/es-es.facebook.com\\\/maprofar\",\"https:\\\/\\\/www.instagram.com\\\/maprofar_informatica\\\/\",\"https:\\\/\\\/www.pinterest.es\\\/maprofar\\\/\"]}]}<\/script>\n<!-- \/ Yoast SEO Premium plugin. -->","yoast_head_json":{"title":"Fase Light Baliza de Se\u00f1alizacion de Emergencia V16","description":"Fase Light Baliza de Se\u00f1alizacion de Emergencia V16 Conectada con DGT + Gafas Conduccion Nocturna - Proteccion IP54 - Datos hasta Junio 2038 - Color Negro","robots":{"index":"index","follow":"follow","max-snippet":"max-snippet:-1","max-image-preview":"max-image-preview:large","max-video-preview":"max-video-preview:-1"},"canonical":"https:\/\/www.maprofar.com\/tienda\/producto\/fase-light-baliza-de-senalizacion-de-emergencia-v16-conectada-con-dgt-gafas-conduccion-nocturna\/","og_locale":"es_ES","og_type":"article","og_title":"Fase Light Baliza de Se\u00f1alizacion de Emergencia V16 Conectada con DGT + Gafas Conduccion Nocturna - Maprofar | T\u00f3ner Compatible Brother, HP y Soluciones de Impresi\u00f3n 3D","og_description":"En Maprofar encontrar\u00e1s t\u00f3ner compatibles de calidad y material de oficina al mejor precio. Ahorra sin sacrificar rendimiento. \u00a1Aprovecha nuestras ofertas y descuentos!","og_url":"https:\/\/www.maprofar.com\/tienda\/producto\/fase-light-baliza-de-senalizacion-de-emergencia-v16-conectada-con-dgt-gafas-conduccion-nocturna\/","og_site_name":"Maprofar | T\u00f3ner Compatible Brother, HP y Soluciones de Impresi\u00f3n 3D","article_publisher":"https:\/\/es-es.facebook.com\/maprofar","article_modified_time":"2025-12-02T19:35:55+00:00","og_image":[{"width":789,"height":600,"url":"https:\/\/www.maprofar.com\/tienda\/wp-content\/uploads\/2025\/10\/116053.03_1.jpg","type":"image\/jpeg"}],"twitter_card":"summary_large_image","twitter_misc":{"Tiempo de lectura":"3 minutos"},"schema":{"@context":"https:\/\/schema.org","@graph":[{"@type":"WebPage","@id":"https:\/\/www.maprofar.com\/tienda\/producto\/fase-light-baliza-de-senalizacion-de-emergencia-v16-conectada-con-dgt-gafas-conduccion-nocturna\/","url":"https:\/\/www.maprofar.com\/tienda\/producto\/fase-light-baliza-de-senalizacion-de-emergencia-v16-conectada-con-dgt-gafas-conduccion-nocturna\/","name":"Fase Light Baliza de Se\u00f1alizacion de Emergencia V16","isPartOf":{"@id":"https:\/\/www.maprofar.com\/tienda\/#website"},"primaryImageOfPage":{"@id":"https:\/\/www.maprofar.com\/tienda\/producto\/fase-light-baliza-de-senalizacion-de-emergencia-v16-conectada-con-dgt-gafas-conduccion-nocturna\/#primaryimage"},"image":{"@id":"https:\/\/www.maprofar.com\/tienda\/producto\/fase-light-baliza-de-senalizacion-de-emergencia-v16-conectada-con-dgt-gafas-conduccion-nocturna\/#primaryimage"},"thumbnailUrl":"https:\/\/www.maprofar.com\/tienda\/wp-content\/uploads\/2025\/10\/116053.03_1.jpg","datePublished":"2025-10-14T17:06:22+00:00","dateModified":"2025-12-02T19:35:55+00:00","description":"Fase Light Baliza de Se\u00f1alizacion de Emergencia V16 Conectada con DGT + Gafas Conduccion Nocturna - Proteccion IP54 - Datos hasta Junio 2038 - Color Negro","breadcrumb":{"@id":"https:\/\/www.maprofar.com\/tienda\/producto\/fase-light-baliza-de-senalizacion-de-emergencia-v16-conectada-con-dgt-gafas-conduccion-nocturna\/#breadcrumb"},"inLanguage":"es","potentialAction":[{"@type":"ReadAction","target":["https:\/\/www.maprofar.com\/tienda\/producto\/fase-light-baliza-de-senalizacion-de-emergencia-v16-conectada-con-dgt-gafas-conduccion-nocturna\/"]}]},{"@type":"ImageObject","inLanguage":"es","@id":"https:\/\/www.maprofar.com\/tienda\/producto\/fase-light-baliza-de-senalizacion-de-emergencia-v16-conectada-con-dgt-gafas-conduccion-nocturna\/#primaryimage","url":"https:\/\/www.maprofar.com\/tienda\/wp-content\/uploads\/2025\/10\/116053.03_1.jpg","contentUrl":"https:\/\/www.maprofar.com\/tienda\/wp-content\/uploads\/2025\/10\/116053.03_1.jpg","width":789,"height":600,"caption":"Fase Light Baliza de Se\u00f1alizacion de Emergencia V16 Conectada con DGT + Gafas Conduccion Nocturna - Proteccion IP54 - Datos hasta Junio 2038 - Color Negro"},{"@type":"BreadcrumbList","@id":"https:\/\/www.maprofar.com\/tienda\/producto\/fase-light-baliza-de-senalizacion-de-emergencia-v16-conectada-con-dgt-gafas-conduccion-nocturna\/#breadcrumb","itemListElement":[{"@type":"ListItem","position":1,"name":"Portada","item":"https:\/\/www.maprofar.com\/tienda\/"},{"@type":"ListItem","position":2,"name":"Inicio","item":"https:\/\/www.maprofar.com\/tienda\/"},{"@type":"ListItem","position":3,"name":"Fase Light Baliza de Se\u00f1alizacion de Emergencia V16 Conectada con DGT + Gafas Conduccion Nocturna"}]},{"@type":"WebSite","@id":"https:\/\/www.maprofar.com\/tienda\/#website","url":"https:\/\/www.maprofar.com\/tienda\/","name":"Maprofar - Toner Compatibles y Material de Oficina","description":"Encuentra en Maprofar tu t\u00f3ner compatible Brother y HP al mejor precio. Calidad garantizada, env\u00edo urgente 24h y asesoramiento t\u00e9cnico experto. \u00a1Vis\u00edtanos!","publisher":{"@id":"https:\/\/www.maprofar.com\/tienda\/#organization"},"alternateName":"Maprofar Inform\u00e1tica","potentialAction":[{"@type":"SearchAction","target":{"@type":"EntryPoint","urlTemplate":"https:\/\/www.maprofar.com\/tienda\/?s={search_term_string}"},"query-input":{"@type":"PropertyValueSpecification","valueRequired":true,"valueName":"search_term_string"}}],"inLanguage":"es"},{"@type":"Organization","@id":"https:\/\/www.maprofar.com\/tienda\/#organization","name":"Maprofar S.L.","url":"https:\/\/www.maprofar.com\/tienda\/","logo":{"@type":"ImageObject","inLanguage":"es","@id":"https:\/\/www.maprofar.com\/tienda\/#\/schema\/logo\/image\/","url":"https:\/\/www.maprofar.com\/tienda\/wp-content\/uploads\/2021\/05\/logo_circulo.jpg","contentUrl":"https:\/\/www.maprofar.com\/tienda\/wp-content\/uploads\/2021\/05\/logo_circulo.jpg","width":404,"height":335,"caption":"Maprofar S.L."},"image":{"@id":"https:\/\/www.maprofar.com\/tienda\/#\/schema\/logo\/image\/"},"sameAs":["https:\/\/es-es.facebook.com\/maprofar","https:\/\/www.instagram.com\/maprofar_informatica\/","https:\/\/www.pinterest.es\/maprofar\/"]}]}},"_links":{"self":[{"href":"https:\/\/www.maprofar.com\/tienda\/wp-json\/wp\/v2\/product\/12599","targetHints":{"allow":["GET"]}}],"collection":[{"href":"https:\/\/www.maprofar.com\/tienda\/wp-json\/wp\/v2\/product"}],"about":[{"href":"https:\/\/www.maprofar.com\/tienda\/wp-json\/wp\/v2\/types\/product"}],"wp:featuredmedia":[{"embeddable":true,"href":"https:\/\/www.maprofar.com\/tienda\/wp-json\/wp\/v2\/media\/12604"}],"wp:attachment":[{"href":"https:\/\/www.maprofar.com\/tienda\/wp-json\/wp\/v2\/media?parent=12599"}],"wp:term":[{"taxonomy":"product_brand","embeddable":true,"href":"https:\/\/www.maprofar.com\/tienda\/wp-json\/wp\/v2\/product_brand?post=12599"},{"taxonomy":"product_cat","embeddable":true,"href":"https:\/\/www.maprofar.com\/tienda\/wp-json\/wp\/v2\/product_cat?post=12599"},{"taxonomy":"product_tag","embeddable":true,"href":"https:\/\/www.maprofar.com\/tienda\/wp-json\/wp\/v2\/product_tag?post=12599"}],"curies":[{"name":"wp","href":"https:\/\/api.w.org\/{rel}","templated":true}]}}