{"id":2311,"date":"2021-02-25T13:10:19","date_gmt":"2021-02-25T11:10:19","guid":{"rendered":"https:\/\/www.maprofar.com\/tienda\/?post_type=product&#038;p=2311"},"modified":"2026-01-27T09:38:55","modified_gmt":"2026-01-27T08:38:55","slug":"tambor-compatible-oki-c301-c310-c530-c331-c511-c531-mc351-mc361-es3451-es5430-es5461-es3452-es5431-es5462-reemplaza-44494202-44968301-drum","status":"publish","type":"product","link":"https:\/\/www.maprofar.com\/tienda\/producto\/tambor-compatible-oki-c301-c310-c530-c331-c511-c531-mc351-mc361-es3451-es5430-es5461-es3452-es5431-es5462-reemplaza-44494202-44968301-drum\/","title":{"rendered":"Tambor Compatible OKI C301\/C310\/C530\/C331\/C511\/C531\/MC351\/MC361\/ES3451\/ES5430\/ES5461\/ES3452\/ES5431\/ES5462 &#8211; Reemplaza 44494202\/44968301 (Drum)"},"content":{"rendered":"<p>Tambor Compatible OKI C301\/C310\/C530\/C331\/C511\/C531\/MC351\/MC361\/ES3451\/ES5430\/ES5461\/ES3452\/ES5431\/ES5462 &#8211; Reemplaza 44494202\/44968301 (Drum)<\/p>\n<p>Tambor de imagen gen\u00e9rico OKI C301\/C310\/C530\/C331\/C511\/C531\/MC351\/MC361\/ES3451\/ES5430\/ES5461\/ES3452\/ES5431\/ES5462 (44494202\/44968301) de alta calidad.<\/p>\n<p>Compatibilidades:<\/p>\n<p>C 300 &#8211; C 301DN &#8211; C 310 &#8211; C 310DN &#8211; C 321DN &#8211; C 330 &#8211; C 330DN &#8211; C 331DN &#8211; C 500 &#8211; C 510 &#8211; C 510DN &#8211; C 511DN &#8211; C 530 &#8211; C 530DN &#8211; C 531DN<\/p>\n<p>Executive ES3451 MFP &#8211; Executive ES3452 MFP &#8211; Executive ES5430DN &#8211; Executive ES5431DN &#8211; Executive ES5461 MFP &#8211; Executive ES5462 MFP<\/p>\n<p>MC 332DN &#8211; MC 342DN &#8211; MC 342DNW &#8211; MC 351 &#8211; MC 351DN &#8211; MC 352DN &#8211; MC 361 &#8211; MC 361DN &#8211; MC 362DN &#8211; MC 561DN &#8211; MC 562DN &#8211; MC 562DNW.<\/p>\n<p><span style=\"color: #999999;\">Comprar Tambor Compatible OKI C301\/C310\/C530\/C331\/C511\/C531\/MC351\/MC361\/ES3451\/ES5430\/ES5461\/ES3452\/ES5431\/ES5462 &#8211; Reemplaza 44494202\/44968301 (Drum)<\/span><\/p>\n","protected":false},"excerpt":{"rendered":"<p class=\"titulo_subseccion_da\">CARACTER\u00cdSTICAS<\/p>\n<div class=\"listado_caracteristicas_da\"><span class=\"linea_datos_da\">\u2022 Para uso en:\u00a0<span class=\"gris_400\" title=\"Oki\">Oki<\/span><\/span><\/div>\n<div class=\"listado_caracteristicas_da\"><span class=\"linea_datos_da\" title=\"4 Colores\">\u2022 Color:\u00a0<span class=\"gris_400\">4 Colores<\/span><\/span><\/div>\n<div class=\"listado_caracteristicas_da\"><span class=\"linea_datos_da\" title=\"\" aria-describedby=\"ui-id-14\">\u2022 Fabricante:\u00a0<span class=\"gris_400\">Gen\u00e9rico<\/span><\/span><\/div>\n<div class=\"listado_caracteristicas_da\"><span class=\"linea_datos_da\" title=\"Toner (Laser)\">\u2022 Tipo:\u00a0<span class=\"gris_400\">T\u00f3ner (Laser)<\/span><\/span><\/div>\n<div class=\"listado_caracteristicas_da\"><span class=\"linea_datos_da\" title=\"20.000 P\u00e1ginas\">\u2022 Capacidad:\u00a0<span class=\"gris_400\">20.000 P\u00e1ginas<\/span><\/span><\/div>\n<div class=\"listado_caracteristicas_da\"><span class=\"linea_datos_da\" title=\"OKT-DRC310\/C530(20K)\">\u2022 Ref:\u00a0<span class=\"gris_400\">OKT-DRC310\/C530(20K)<\/span><\/span><\/div>\n","protected":false},"featured_media":2312,"template":"","meta":[],"product_brand":[],"product_cat":[69],"product_tag":[283,284,285,286,241,251],"class_list":{"0":"post-2311","1":"product","2":"type-product","3":"status-publish","4":"has-post-thumbnail","6":"product_cat-toner-compatibles-oki","7":"product_tag-cartucho-de-toner-compatible-oki","8":"product_tag-cartucho-de-toner-generico-oki","9":"product_tag-toner-compatible-oki","10":"product_tag-toner-generico-oki","11":"product_tag-toner-oki-compatible","12":"product_tag-toner-oki-generico","14":"first","15":"instock","16":"taxable","17":"shipping-taxable","18":"purchasable","19":"product-type-simple"},"yoast_head":"<!-- This site is optimized with the Yoast SEO Premium plugin v22.3 (Yoast SEO v27.4) - https:\/\/yoast.com\/product\/yoast-seo-premium-wordpress\/ -->\n<title>Tambor Compatible OKI C301\/C310\/C530\/C331\/C511\/C531<\/title>\n<meta name=\"description\" content=\"Tambor Compatible OKI C301\/C310\/C530\/C331\/C511\/C531\/MC351\/MC361\/ES3451\/ES5430\/ES5461\/ES3452\/ES5431\/ES5462 - Reemplaza 44494202\/44968301 (Drum)\" \/>\n<meta name=\"robots\" content=\"index, follow, max-snippet:-1, max-image-preview:large, max-video-preview:-1\" \/>\n<link rel=\"canonical\" href=\"https:\/\/www.maprofar.com\/tienda\/producto\/tambor-compatible-oki-c301-c310-c530-c331-c511-c531-mc351-mc361-es3451-es5430-es5461-es3452-es5431-es5462-reemplaza-44494202-44968301-drum\/\" \/>\n<meta property=\"og:locale\" content=\"es_ES\" \/>\n<meta property=\"og:type\" content=\"article\" \/>\n<meta property=\"og:title\" content=\"Tambor Compatible OKI C301\/C310\/C530\/C331\/C511\/C531\/MC351\/MC361\/ES3451\/ES5430\/ES5461\/ES3452\/ES5431\/ES5462 - Reemplaza 44494202\/44968301 (Drum) - Maprofar | T\u00f3ner Compatible Brother, HP y Soluciones de Impresi\u00f3n 3D\" \/>\n<meta property=\"og:description\" content=\"En Maprofar encontrar\u00e1s t\u00f3ner compatibles de calidad y material de oficina al mejor precio. Ahorra sin sacrificar rendimiento. \u00a1Aprovecha nuestras ofertas y descuentos!\" \/>\n<meta property=\"og:url\" content=\"https:\/\/www.maprofar.com\/tienda\/producto\/tambor-compatible-oki-c301-c310-c530-c331-c511-c531-mc351-mc361-es3451-es5430-es5461-es3452-es5431-es5462-reemplaza-44494202-44968301-drum\/\" \/>\n<meta property=\"og:site_name\" content=\"Maprofar | T\u00f3ner Compatible Brother, HP y Soluciones de Impresi\u00f3n 3D\" \/>\n<meta property=\"article:publisher\" content=\"https:\/\/es-es.facebook.com\/maprofar\" \/>\n<meta property=\"article:modified_time\" content=\"2026-01-27T08:38:55+00:00\" \/>\n<meta property=\"og:image\" content=\"https:\/\/www.maprofar.com\/tienda\/wp-content\/uploads\/2021\/02\/OKT-DRC310-C530-20K.jpg\" \/>\n\t<meta property=\"og:image:width\" content=\"260\" \/>\n\t<meta property=\"og:image:height\" content=\"260\" \/>\n\t<meta property=\"og:image:type\" content=\"image\/jpeg\" \/>\n<meta name=\"twitter:card\" content=\"summary_large_image\" \/>\n<meta name=\"twitter:label1\" content=\"Tiempo de lectura\" \/>\n\t<meta name=\"twitter:data1\" content=\"1 minuto\" \/>\n<script type=\"application\/ld+json\" class=\"yoast-schema-graph\">{\"@context\":\"https:\\\/\\\/schema.org\",\"@graph\":[{\"@type\":\"WebPage\",\"@id\":\"https:\\\/\\\/www.maprofar.com\\\/tienda\\\/producto\\\/tambor-compatible-oki-c301-c310-c530-c331-c511-c531-mc351-mc361-es3451-es5430-es5461-es3452-es5431-es5462-reemplaza-44494202-44968301-drum\\\/\",\"url\":\"https:\\\/\\\/www.maprofar.com\\\/tienda\\\/producto\\\/tambor-compatible-oki-c301-c310-c530-c331-c511-c531-mc351-mc361-es3451-es5430-es5461-es3452-es5431-es5462-reemplaza-44494202-44968301-drum\\\/\",\"name\":\"Tambor Compatible OKI C301\\\/C310\\\/C530\\\/C331\\\/C511\\\/C531\",\"isPartOf\":{\"@id\":\"https:\\\/\\\/www.maprofar.com\\\/tienda\\\/#website\"},\"primaryImageOfPage\":{\"@id\":\"https:\\\/\\\/www.maprofar.com\\\/tienda\\\/producto\\\/tambor-compatible-oki-c301-c310-c530-c331-c511-c531-mc351-mc361-es3451-es5430-es5461-es3452-es5431-es5462-reemplaza-44494202-44968301-drum\\\/#primaryimage\"},\"image\":{\"@id\":\"https:\\\/\\\/www.maprofar.com\\\/tienda\\\/producto\\\/tambor-compatible-oki-c301-c310-c530-c331-c511-c531-mc351-mc361-es3451-es5430-es5461-es3452-es5431-es5462-reemplaza-44494202-44968301-drum\\\/#primaryimage\"},\"thumbnailUrl\":\"https:\\\/\\\/www.maprofar.com\\\/tienda\\\/wp-content\\\/uploads\\\/2021\\\/02\\\/OKT-DRC310-C530-20K.jpg\",\"datePublished\":\"2021-02-25T11:10:19+00:00\",\"dateModified\":\"2026-01-27T08:38:55+00:00\",\"description\":\"Tambor Compatible OKI C301\\\/C310\\\/C530\\\/C331\\\/C511\\\/C531\\\/MC351\\\/MC361\\\/ES3451\\\/ES5430\\\/ES5461\\\/ES3452\\\/ES5431\\\/ES5462 - Reemplaza 44494202\\\/44968301 (Drum)\",\"breadcrumb\":{\"@id\":\"https:\\\/\\\/www.maprofar.com\\\/tienda\\\/producto\\\/tambor-compatible-oki-c301-c310-c530-c331-c511-c531-mc351-mc361-es3451-es5430-es5461-es3452-es5431-es5462-reemplaza-44494202-44968301-drum\\\/#breadcrumb\"},\"inLanguage\":\"es\",\"potentialAction\":[{\"@type\":\"ReadAction\",\"target\":[\"https:\\\/\\\/www.maprofar.com\\\/tienda\\\/producto\\\/tambor-compatible-oki-c301-c310-c530-c331-c511-c531-mc351-mc361-es3451-es5430-es5461-es3452-es5431-es5462-reemplaza-44494202-44968301-drum\\\/\"]}]},{\"@type\":\"ImageObject\",\"inLanguage\":\"es\",\"@id\":\"https:\\\/\\\/www.maprofar.com\\\/tienda\\\/producto\\\/tambor-compatible-oki-c301-c310-c530-c331-c511-c531-mc351-mc361-es3451-es5430-es5461-es3452-es5431-es5462-reemplaza-44494202-44968301-drum\\\/#primaryimage\",\"url\":\"https:\\\/\\\/www.maprofar.com\\\/tienda\\\/wp-content\\\/uploads\\\/2021\\\/02\\\/OKT-DRC310-C530-20K.jpg\",\"contentUrl\":\"https:\\\/\\\/www.maprofar.com\\\/tienda\\\/wp-content\\\/uploads\\\/2021\\\/02\\\/OKT-DRC310-C530-20K.jpg\",\"width\":260,\"height\":260,\"caption\":\"C510 image drum, 30\\\/03\\\/2010, 13:37, 8C, 1714x2404 (745+1046), 62%, OKI CURVE, 1\\\/25 s, R60.3, G44.9, B56.2\"},{\"@type\":\"BreadcrumbList\",\"@id\":\"https:\\\/\\\/www.maprofar.com\\\/tienda\\\/producto\\\/tambor-compatible-oki-c301-c310-c530-c331-c511-c531-mc351-mc361-es3451-es5430-es5461-es3452-es5431-es5462-reemplaza-44494202-44968301-drum\\\/#breadcrumb\",\"itemListElement\":[{\"@type\":\"ListItem\",\"position\":1,\"name\":\"Portada\",\"item\":\"https:\\\/\\\/www.maprofar.com\\\/tienda\\\/\"},{\"@type\":\"ListItem\",\"position\":2,\"name\":\"Inicio\",\"item\":\"https:\\\/\\\/www.maprofar.com\\\/tienda\\\/\"},{\"@type\":\"ListItem\",\"position\":3,\"name\":\"Tambor Compatible OKI C301\\\/C310\\\/C530\\\/C331\\\/C511\\\/C531\\\/MC351\\\/MC361\\\/ES3451\\\/ES5430\\\/ES5461\\\/ES3452\\\/ES5431\\\/ES5462 &#8211; Reemplaza 44494202\\\/44968301 (Drum)\"}]},{\"@type\":\"WebSite\",\"@id\":\"https:\\\/\\\/www.maprofar.com\\\/tienda\\\/#website\",\"url\":\"https:\\\/\\\/www.maprofar.com\\\/tienda\\\/\",\"name\":\"Maprofar - Toner Compatibles y Material de Oficina\",\"description\":\"Encuentra en Maprofar tu t\u00f3ner compatible Brother y HP al mejor precio. Calidad garantizada, env\u00edo urgente 24h y asesoramiento t\u00e9cnico experto. \u00a1Vis\u00edtanos!\",\"publisher\":{\"@id\":\"https:\\\/\\\/www.maprofar.com\\\/tienda\\\/#organization\"},\"alternateName\":\"Maprofar Inform\u00e1tica\",\"potentialAction\":[{\"@type\":\"SearchAction\",\"target\":{\"@type\":\"EntryPoint\",\"urlTemplate\":\"https:\\\/\\\/www.maprofar.com\\\/tienda\\\/?s={search_term_string}\"},\"query-input\":{\"@type\":\"PropertyValueSpecification\",\"valueRequired\":true,\"valueName\":\"search_term_string\"}}],\"inLanguage\":\"es\"},{\"@type\":\"Organization\",\"@id\":\"https:\\\/\\\/www.maprofar.com\\\/tienda\\\/#organization\",\"name\":\"Maprofar S.L.\",\"url\":\"https:\\\/\\\/www.maprofar.com\\\/tienda\\\/\",\"logo\":{\"@type\":\"ImageObject\",\"inLanguage\":\"es\",\"@id\":\"https:\\\/\\\/www.maprofar.com\\\/tienda\\\/#\\\/schema\\\/logo\\\/image\\\/\",\"url\":\"https:\\\/\\\/www.maprofar.com\\\/tienda\\\/wp-content\\\/uploads\\\/2021\\\/05\\\/logo_circulo.jpg\",\"contentUrl\":\"https:\\\/\\\/www.maprofar.com\\\/tienda\\\/wp-content\\\/uploads\\\/2021\\\/05\\\/logo_circulo.jpg\",\"width\":404,\"height\":335,\"caption\":\"Maprofar S.L.\"},\"image\":{\"@id\":\"https:\\\/\\\/www.maprofar.com\\\/tienda\\\/#\\\/schema\\\/logo\\\/image\\\/\"},\"sameAs\":[\"https:\\\/\\\/es-es.facebook.com\\\/maprofar\",\"https:\\\/\\\/www.instagram.com\\\/maprofar_informatica\\\/\",\"https:\\\/\\\/www.pinterest.es\\\/maprofar\\\/\"]}]}<\/script>\n<!-- \/ Yoast SEO Premium plugin. -->","yoast_head_json":{"title":"Tambor Compatible OKI C301\/C310\/C530\/C331\/C511\/C531","description":"Tambor Compatible OKI C301\/C310\/C530\/C331\/C511\/C531\/MC351\/MC361\/ES3451\/ES5430\/ES5461\/ES3452\/ES5431\/ES5462 - Reemplaza 44494202\/44968301 (Drum)","robots":{"index":"index","follow":"follow","max-snippet":"max-snippet:-1","max-image-preview":"max-image-preview:large","max-video-preview":"max-video-preview:-1"},"canonical":"https:\/\/www.maprofar.com\/tienda\/producto\/tambor-compatible-oki-c301-c310-c530-c331-c511-c531-mc351-mc361-es3451-es5430-es5461-es3452-es5431-es5462-reemplaza-44494202-44968301-drum\/","og_locale":"es_ES","og_type":"article","og_title":"Tambor Compatible OKI C301\/C310\/C530\/C331\/C511\/C531\/MC351\/MC361\/ES3451\/ES5430\/ES5461\/ES3452\/ES5431\/ES5462 - Reemplaza 44494202\/44968301 (Drum) - Maprofar | T\u00f3ner Compatible Brother, HP y Soluciones de Impresi\u00f3n 3D","og_description":"En Maprofar encontrar\u00e1s t\u00f3ner compatibles de calidad y material de oficina al mejor precio. Ahorra sin sacrificar rendimiento. \u00a1Aprovecha nuestras ofertas y descuentos!","og_url":"https:\/\/www.maprofar.com\/tienda\/producto\/tambor-compatible-oki-c301-c310-c530-c331-c511-c531-mc351-mc361-es3451-es5430-es5461-es3452-es5431-es5462-reemplaza-44494202-44968301-drum\/","og_site_name":"Maprofar | T\u00f3ner Compatible Brother, HP y Soluciones de Impresi\u00f3n 3D","article_publisher":"https:\/\/es-es.facebook.com\/maprofar","article_modified_time":"2026-01-27T08:38:55+00:00","og_image":[{"width":260,"height":260,"url":"https:\/\/www.maprofar.com\/tienda\/wp-content\/uploads\/2021\/02\/OKT-DRC310-C530-20K.jpg","type":"image\/jpeg"}],"twitter_card":"summary_large_image","twitter_misc":{"Tiempo de lectura":"1 minuto"},"schema":{"@context":"https:\/\/schema.org","@graph":[{"@type":"WebPage","@id":"https:\/\/www.maprofar.com\/tienda\/producto\/tambor-compatible-oki-c301-c310-c530-c331-c511-c531-mc351-mc361-es3451-es5430-es5461-es3452-es5431-es5462-reemplaza-44494202-44968301-drum\/","url":"https:\/\/www.maprofar.com\/tienda\/producto\/tambor-compatible-oki-c301-c310-c530-c331-c511-c531-mc351-mc361-es3451-es5430-es5461-es3452-es5431-es5462-reemplaza-44494202-44968301-drum\/","name":"Tambor Compatible OKI C301\/C310\/C530\/C331\/C511\/C531","isPartOf":{"@id":"https:\/\/www.maprofar.com\/tienda\/#website"},"primaryImageOfPage":{"@id":"https:\/\/www.maprofar.com\/tienda\/producto\/tambor-compatible-oki-c301-c310-c530-c331-c511-c531-mc351-mc361-es3451-es5430-es5461-es3452-es5431-es5462-reemplaza-44494202-44968301-drum\/#primaryimage"},"image":{"@id":"https:\/\/www.maprofar.com\/tienda\/producto\/tambor-compatible-oki-c301-c310-c530-c331-c511-c531-mc351-mc361-es3451-es5430-es5461-es3452-es5431-es5462-reemplaza-44494202-44968301-drum\/#primaryimage"},"thumbnailUrl":"https:\/\/www.maprofar.com\/tienda\/wp-content\/uploads\/2021\/02\/OKT-DRC310-C530-20K.jpg","datePublished":"2021-02-25T11:10:19+00:00","dateModified":"2026-01-27T08:38:55+00:00","description":"Tambor Compatible OKI C301\/C310\/C530\/C331\/C511\/C531\/MC351\/MC361\/ES3451\/ES5430\/ES5461\/ES3452\/ES5431\/ES5462 - Reemplaza 44494202\/44968301 (Drum)","breadcrumb":{"@id":"https:\/\/www.maprofar.com\/tienda\/producto\/tambor-compatible-oki-c301-c310-c530-c331-c511-c531-mc351-mc361-es3451-es5430-es5461-es3452-es5431-es5462-reemplaza-44494202-44968301-drum\/#breadcrumb"},"inLanguage":"es","potentialAction":[{"@type":"ReadAction","target":["https:\/\/www.maprofar.com\/tienda\/producto\/tambor-compatible-oki-c301-c310-c530-c331-c511-c531-mc351-mc361-es3451-es5430-es5461-es3452-es5431-es5462-reemplaza-44494202-44968301-drum\/"]}]},{"@type":"ImageObject","inLanguage":"es","@id":"https:\/\/www.maprofar.com\/tienda\/producto\/tambor-compatible-oki-c301-c310-c530-c331-c511-c531-mc351-mc361-es3451-es5430-es5461-es3452-es5431-es5462-reemplaza-44494202-44968301-drum\/#primaryimage","url":"https:\/\/www.maprofar.com\/tienda\/wp-content\/uploads\/2021\/02\/OKT-DRC310-C530-20K.jpg","contentUrl":"https:\/\/www.maprofar.com\/tienda\/wp-content\/uploads\/2021\/02\/OKT-DRC310-C530-20K.jpg","width":260,"height":260,"caption":"C510 image drum, 30\/03\/2010, 13:37, 8C, 1714x2404 (745+1046), 62%, OKI CURVE, 1\/25 s, R60.3, G44.9, B56.2"},{"@type":"BreadcrumbList","@id":"https:\/\/www.maprofar.com\/tienda\/producto\/tambor-compatible-oki-c301-c310-c530-c331-c511-c531-mc351-mc361-es3451-es5430-es5461-es3452-es5431-es5462-reemplaza-44494202-44968301-drum\/#breadcrumb","itemListElement":[{"@type":"ListItem","position":1,"name":"Portada","item":"https:\/\/www.maprofar.com\/tienda\/"},{"@type":"ListItem","position":2,"name":"Inicio","item":"https:\/\/www.maprofar.com\/tienda\/"},{"@type":"ListItem","position":3,"name":"Tambor Compatible OKI C301\/C310\/C530\/C331\/C511\/C531\/MC351\/MC361\/ES3451\/ES5430\/ES5461\/ES3452\/ES5431\/ES5462 &#8211; Reemplaza 44494202\/44968301 (Drum)"}]},{"@type":"WebSite","@id":"https:\/\/www.maprofar.com\/tienda\/#website","url":"https:\/\/www.maprofar.com\/tienda\/","name":"Maprofar - Toner Compatibles y Material de Oficina","description":"Encuentra en Maprofar tu t\u00f3ner compatible Brother y HP al mejor precio. Calidad garantizada, env\u00edo urgente 24h y asesoramiento t\u00e9cnico experto. \u00a1Vis\u00edtanos!","publisher":{"@id":"https:\/\/www.maprofar.com\/tienda\/#organization"},"alternateName":"Maprofar Inform\u00e1tica","potentialAction":[{"@type":"SearchAction","target":{"@type":"EntryPoint","urlTemplate":"https:\/\/www.maprofar.com\/tienda\/?s={search_term_string}"},"query-input":{"@type":"PropertyValueSpecification","valueRequired":true,"valueName":"search_term_string"}}],"inLanguage":"es"},{"@type":"Organization","@id":"https:\/\/www.maprofar.com\/tienda\/#organization","name":"Maprofar S.L.","url":"https:\/\/www.maprofar.com\/tienda\/","logo":{"@type":"ImageObject","inLanguage":"es","@id":"https:\/\/www.maprofar.com\/tienda\/#\/schema\/logo\/image\/","url":"https:\/\/www.maprofar.com\/tienda\/wp-content\/uploads\/2021\/05\/logo_circulo.jpg","contentUrl":"https:\/\/www.maprofar.com\/tienda\/wp-content\/uploads\/2021\/05\/logo_circulo.jpg","width":404,"height":335,"caption":"Maprofar S.L."},"image":{"@id":"https:\/\/www.maprofar.com\/tienda\/#\/schema\/logo\/image\/"},"sameAs":["https:\/\/es-es.facebook.com\/maprofar","https:\/\/www.instagram.com\/maprofar_informatica\/","https:\/\/www.pinterest.es\/maprofar\/"]}]}},"_links":{"self":[{"href":"https:\/\/www.maprofar.com\/tienda\/wp-json\/wp\/v2\/product\/2311","targetHints":{"allow":["GET"]}}],"collection":[{"href":"https:\/\/www.maprofar.com\/tienda\/wp-json\/wp\/v2\/product"}],"about":[{"href":"https:\/\/www.maprofar.com\/tienda\/wp-json\/wp\/v2\/types\/product"}],"wp:featuredmedia":[{"embeddable":true,"href":"https:\/\/www.maprofar.com\/tienda\/wp-json\/wp\/v2\/media\/2312"}],"wp:attachment":[{"href":"https:\/\/www.maprofar.com\/tienda\/wp-json\/wp\/v2\/media?parent=2311"}],"wp:term":[{"taxonomy":"product_brand","embeddable":true,"href":"https:\/\/www.maprofar.com\/tienda\/wp-json\/wp\/v2\/product_brand?post=2311"},{"taxonomy":"product_cat","embeddable":true,"href":"https:\/\/www.maprofar.com\/tienda\/wp-json\/wp\/v2\/product_cat?post=2311"},{"taxonomy":"product_tag","embeddable":true,"href":"https:\/\/www.maprofar.com\/tienda\/wp-json\/wp\/v2\/product_tag?post=2311"}],"curies":[{"name":"wp","href":"https:\/\/api.w.org\/{rel}","templated":true}]}}