{"id":2670,"date":"2021-03-02T16:07:39","date_gmt":"2021-03-02T14:07:39","guid":{"rendered":"https:\/\/www.maprofar.com\/tienda\/?post_type=product&#038;p=2670"},"modified":"2026-02-23T19:53:58","modified_gmt":"2026-02-23T18:53:58","slug":"tambor-compatible-epson-aculaser-m2000-m2300-m2400-mx20-reemplaza-c13s051199-drum","status":"publish","type":"product","link":"https:\/\/www.maprofar.com\/tienda\/producto\/tambor-compatible-epson-aculaser-m2000-m2300-m2400-mx20-reemplaza-c13s051199-drum\/","title":{"rendered":"Tambor Compatible Epson Aculaser M2000\/M2300\/M2400\/MX20 &#8211; Reemplaza C13S051199 (Drum)"},"content":{"rendered":"<p>Tambor de imagen gen\u00e9rico Epson Aculaser M2000\/M2300\/M2400\/MX20 (C13S051199\/C13S051206) de alta calidad.<\/p>\n<p>Compatibilidades:<\/p>\n<p>ACULASER M 2000D &#8211; ACULASER M 2000DN &#8211; ACULASER M 2000DT &#8211; ACULASER M 2000DTN &#8211; ACULASER M 2300 &#8211; ACULASER M 2300D &#8211; ACULASER M 2300DN &#8211; ACULASER M 2300DT &#8211; ACULASER M 2300DTN &#8211; ACULASER M 2400 &#8211; ACULASER M 2400D &#8211; ACULASER M 2400DN &#8211; ACULASER M 2400DT &#8211; ACULASER M 2400DTN &#8211; ACULASER MX 20 &#8211; ACULASER MX 20DN &#8211; ACULASER MX 20DNF &#8211; ACULASER MX 20DTN &#8211; ACULASER MX 20DTNF.<\/p>\n<p><span style=\"color: #999999;\">Comprar Tambor Compatible Epson Aculaser M2000\/M2300\/M2400\/MX20 &#8211; Reemplaza C13S051199 (Drum)<\/span><\/p>\n","protected":false},"excerpt":{"rendered":"<p class=\"titulo_subseccion_da\">CARACTER\u00cdSTICAS<\/p>\n<div class=\"listado_caracteristicas_da\"><span class=\"linea_datos_da\">\u2022 Para uso en:\u00a0<span class=\"gris_400\" title=\"Epson\">Epson<\/span><\/span><\/div>\n<div class=\"listado_caracteristicas_da\"><span class=\"linea_datos_da\" title=\"Negro\">\u2022 Color:\u00a0<span class=\"gris_400\">Negro<\/span><\/span><\/div>\n<div class=\"listado_caracteristicas_da\"><span class=\"linea_datos_da\" title=\"Gen\u00e9rico\">\u2022 Fabricante:\u00a0<span class=\"gris_400\">Gen\u00e9rico<\/span><\/span><\/div>\n<div class=\"listado_caracteristicas_da\"><span class=\"linea_datos_da\" title=\"\" aria-describedby=\"ui-id-16\">\u2022 Tipo:\u00a0<span class=\"gris_400\">T\u00f3ner (Laser)<\/span><\/span><\/div>\n<div class=\"listado_caracteristicas_da\"><span class=\"linea_datos_da\" title=\"100.000 P\u00e1ginas\">\u2022 Capacidad:\u00a0<span class=\"gris_400\">100.000 P\u00e1ginas<\/span><\/span><\/div>\n<div class=\"listado_caracteristicas_da\"><span class=\"linea_datos_da\" title=\"ET-DRM2000\/M2400\">\u2022 Ref:\u00a0<span class=\"gris_400\">ET-DRM2000\/M2400<\/span><\/span><\/div>\n","protected":false},"featured_media":2671,"template":"","meta":[],"product_brand":[],"product_cat":[107],"product_tag":[263,264,265,232,256,266],"class_list":{"0":"post-2670","1":"product","2":"type-product","3":"status-publish","4":"has-post-thumbnail","6":"product_cat-toner-compatibles-epson","7":"product_tag-cartucho-de-toner-compatible-epson","8":"product_tag-cartucho-de-toner-generico-epson","9":"product_tag-toner-compatible-epson","10":"product_tag-toner-epson-compatible","11":"product_tag-toner-epson-generico","12":"product_tag-toner-generico-epson","14":"first","15":"instock","16":"taxable","17":"shipping-taxable","18":"purchasable","19":"product-type-simple"},"yoast_head":"<!-- This site is optimized with the Yoast SEO Premium plugin v22.3 (Yoast SEO v27.4) - https:\/\/yoast.com\/product\/yoast-seo-premium-wordpress\/ -->\n<title>Tambor Compatible Epson Aculaser M2000\/M2300\/M2400\/MX20<\/title>\n<meta name=\"description\" content=\"Tambor Compatible Epson Aculaser M2000\/M2300\/M2400\/MX20 - Reemplaza C13S051199 (Drum)\" \/>\n<meta name=\"robots\" content=\"index, follow, max-snippet:-1, max-image-preview:large, max-video-preview:-1\" \/>\n<link rel=\"canonical\" href=\"https:\/\/www.maprofar.com\/tienda\/producto\/tambor-compatible-epson-aculaser-m2000-m2300-m2400-mx20-reemplaza-c13s051199-drum\/\" \/>\n<meta property=\"og:locale\" content=\"es_ES\" \/>\n<meta property=\"og:type\" content=\"article\" \/>\n<meta property=\"og:title\" content=\"Tambor Compatible Epson Aculaser M2000\/M2300\/M2400\/MX20 - Reemplaza C13S051199 (Drum) - Maprofar | T\u00f3ner Compatible Brother, HP y Soluciones de Impresi\u00f3n 3D\" \/>\n<meta property=\"og:description\" content=\"En Maprofar encontrar\u00e1s t\u00f3ner compatibles de calidad y material de oficina al mejor precio. Ahorra sin sacrificar rendimiento. \u00a1Aprovecha nuestras ofertas y descuentos!\" \/>\n<meta property=\"og:url\" content=\"https:\/\/www.maprofar.com\/tienda\/producto\/tambor-compatible-epson-aculaser-m2000-m2300-m2400-mx20-reemplaza-c13s051199-drum\/\" \/>\n<meta property=\"og:site_name\" content=\"Maprofar | T\u00f3ner Compatible Brother, HP y Soluciones de Impresi\u00f3n 3D\" \/>\n<meta property=\"article:publisher\" content=\"https:\/\/es-es.facebook.com\/maprofar\" \/>\n<meta property=\"article:modified_time\" content=\"2026-02-23T18:53:58+00:00\" \/>\n<meta property=\"og:image\" content=\"https:\/\/www.maprofar.com\/tienda\/wp-content\/uploads\/2021\/03\/ET-DRM2000-M2400.jpg\" \/>\n\t<meta property=\"og:image:width\" content=\"650\" \/>\n\t<meta property=\"og:image:height\" content=\"433\" \/>\n\t<meta property=\"og:image:type\" content=\"image\/jpeg\" \/>\n<meta name=\"twitter:card\" content=\"summary_large_image\" \/>\n<meta name=\"twitter:label1\" content=\"Tiempo de lectura\" \/>\n\t<meta name=\"twitter:data1\" content=\"1 minuto\" \/>\n<script type=\"application\/ld+json\" class=\"yoast-schema-graph\">{\"@context\":\"https:\\\/\\\/schema.org\",\"@graph\":[{\"@type\":\"WebPage\",\"@id\":\"https:\\\/\\\/www.maprofar.com\\\/tienda\\\/producto\\\/tambor-compatible-epson-aculaser-m2000-m2300-m2400-mx20-reemplaza-c13s051199-drum\\\/\",\"url\":\"https:\\\/\\\/www.maprofar.com\\\/tienda\\\/producto\\\/tambor-compatible-epson-aculaser-m2000-m2300-m2400-mx20-reemplaza-c13s051199-drum\\\/\",\"name\":\"Tambor Compatible Epson Aculaser M2000\\\/M2300\\\/M2400\\\/MX20\",\"isPartOf\":{\"@id\":\"https:\\\/\\\/www.maprofar.com\\\/tienda\\\/#website\"},\"primaryImageOfPage\":{\"@id\":\"https:\\\/\\\/www.maprofar.com\\\/tienda\\\/producto\\\/tambor-compatible-epson-aculaser-m2000-m2300-m2400-mx20-reemplaza-c13s051199-drum\\\/#primaryimage\"},\"image\":{\"@id\":\"https:\\\/\\\/www.maprofar.com\\\/tienda\\\/producto\\\/tambor-compatible-epson-aculaser-m2000-m2300-m2400-mx20-reemplaza-c13s051199-drum\\\/#primaryimage\"},\"thumbnailUrl\":\"https:\\\/\\\/www.maprofar.com\\\/tienda\\\/wp-content\\\/uploads\\\/2021\\\/03\\\/ET-DRM2000-M2400.jpg\",\"datePublished\":\"2021-03-02T14:07:39+00:00\",\"dateModified\":\"2026-02-23T18:53:58+00:00\",\"description\":\"Tambor Compatible Epson Aculaser M2000\\\/M2300\\\/M2400\\\/MX20 - Reemplaza C13S051199 (Drum)\",\"breadcrumb\":{\"@id\":\"https:\\\/\\\/www.maprofar.com\\\/tienda\\\/producto\\\/tambor-compatible-epson-aculaser-m2000-m2300-m2400-mx20-reemplaza-c13s051199-drum\\\/#breadcrumb\"},\"inLanguage\":\"es\",\"potentialAction\":[{\"@type\":\"ReadAction\",\"target\":[\"https:\\\/\\\/www.maprofar.com\\\/tienda\\\/producto\\\/tambor-compatible-epson-aculaser-m2000-m2300-m2400-mx20-reemplaza-c13s051199-drum\\\/\"]}]},{\"@type\":\"ImageObject\",\"inLanguage\":\"es\",\"@id\":\"https:\\\/\\\/www.maprofar.com\\\/tienda\\\/producto\\\/tambor-compatible-epson-aculaser-m2000-m2300-m2400-mx20-reemplaza-c13s051199-drum\\\/#primaryimage\",\"url\":\"https:\\\/\\\/www.maprofar.com\\\/tienda\\\/wp-content\\\/uploads\\\/2021\\\/03\\\/ET-DRM2000-M2400.jpg\",\"contentUrl\":\"https:\\\/\\\/www.maprofar.com\\\/tienda\\\/wp-content\\\/uploads\\\/2021\\\/03\\\/ET-DRM2000-M2400.jpg\",\"width\":650,\"height\":433},{\"@type\":\"BreadcrumbList\",\"@id\":\"https:\\\/\\\/www.maprofar.com\\\/tienda\\\/producto\\\/tambor-compatible-epson-aculaser-m2000-m2300-m2400-mx20-reemplaza-c13s051199-drum\\\/#breadcrumb\",\"itemListElement\":[{\"@type\":\"ListItem\",\"position\":1,\"name\":\"Portada\",\"item\":\"https:\\\/\\\/www.maprofar.com\\\/tienda\\\/\"},{\"@type\":\"ListItem\",\"position\":2,\"name\":\"Inicio\",\"item\":\"https:\\\/\\\/www.maprofar.com\\\/tienda\\\/\"},{\"@type\":\"ListItem\",\"position\":3,\"name\":\"Tambor Compatible Epson Aculaser M2000\\\/M2300\\\/M2400\\\/MX20 &#8211; Reemplaza C13S051199 (Drum)\"}]},{\"@type\":\"WebSite\",\"@id\":\"https:\\\/\\\/www.maprofar.com\\\/tienda\\\/#website\",\"url\":\"https:\\\/\\\/www.maprofar.com\\\/tienda\\\/\",\"name\":\"Maprofar - Toner Compatibles y Material de Oficina\",\"description\":\"Encuentra en Maprofar tu t\u00f3ner compatible Brother y HP al mejor precio. Calidad garantizada, env\u00edo urgente 24h y asesoramiento t\u00e9cnico experto. \u00a1Vis\u00edtanos!\",\"publisher\":{\"@id\":\"https:\\\/\\\/www.maprofar.com\\\/tienda\\\/#organization\"},\"alternateName\":\"Maprofar Inform\u00e1tica\",\"potentialAction\":[{\"@type\":\"SearchAction\",\"target\":{\"@type\":\"EntryPoint\",\"urlTemplate\":\"https:\\\/\\\/www.maprofar.com\\\/tienda\\\/?s={search_term_string}\"},\"query-input\":{\"@type\":\"PropertyValueSpecification\",\"valueRequired\":true,\"valueName\":\"search_term_string\"}}],\"inLanguage\":\"es\"},{\"@type\":\"Organization\",\"@id\":\"https:\\\/\\\/www.maprofar.com\\\/tienda\\\/#organization\",\"name\":\"Maprofar S.L.\",\"url\":\"https:\\\/\\\/www.maprofar.com\\\/tienda\\\/\",\"logo\":{\"@type\":\"ImageObject\",\"inLanguage\":\"es\",\"@id\":\"https:\\\/\\\/www.maprofar.com\\\/tienda\\\/#\\\/schema\\\/logo\\\/image\\\/\",\"url\":\"https:\\\/\\\/www.maprofar.com\\\/tienda\\\/wp-content\\\/uploads\\\/2021\\\/05\\\/logo_circulo.jpg\",\"contentUrl\":\"https:\\\/\\\/www.maprofar.com\\\/tienda\\\/wp-content\\\/uploads\\\/2021\\\/05\\\/logo_circulo.jpg\",\"width\":404,\"height\":335,\"caption\":\"Maprofar S.L.\"},\"image\":{\"@id\":\"https:\\\/\\\/www.maprofar.com\\\/tienda\\\/#\\\/schema\\\/logo\\\/image\\\/\"},\"sameAs\":[\"https:\\\/\\\/es-es.facebook.com\\\/maprofar\",\"https:\\\/\\\/www.instagram.com\\\/maprofar_informatica\\\/\",\"https:\\\/\\\/www.pinterest.es\\\/maprofar\\\/\"]}]}<\/script>\n<!-- \/ Yoast SEO Premium plugin. -->","yoast_head_json":{"title":"Tambor Compatible Epson Aculaser M2000\/M2300\/M2400\/MX20","description":"Tambor Compatible Epson Aculaser M2000\/M2300\/M2400\/MX20 - Reemplaza C13S051199 (Drum)","robots":{"index":"index","follow":"follow","max-snippet":"max-snippet:-1","max-image-preview":"max-image-preview:large","max-video-preview":"max-video-preview:-1"},"canonical":"https:\/\/www.maprofar.com\/tienda\/producto\/tambor-compatible-epson-aculaser-m2000-m2300-m2400-mx20-reemplaza-c13s051199-drum\/","og_locale":"es_ES","og_type":"article","og_title":"Tambor Compatible Epson Aculaser M2000\/M2300\/M2400\/MX20 - Reemplaza C13S051199 (Drum) - Maprofar | T\u00f3ner Compatible Brother, HP y Soluciones de Impresi\u00f3n 3D","og_description":"En Maprofar encontrar\u00e1s t\u00f3ner compatibles de calidad y material de oficina al mejor precio. Ahorra sin sacrificar rendimiento. \u00a1Aprovecha nuestras ofertas y descuentos!","og_url":"https:\/\/www.maprofar.com\/tienda\/producto\/tambor-compatible-epson-aculaser-m2000-m2300-m2400-mx20-reemplaza-c13s051199-drum\/","og_site_name":"Maprofar | T\u00f3ner Compatible Brother, HP y Soluciones de Impresi\u00f3n 3D","article_publisher":"https:\/\/es-es.facebook.com\/maprofar","article_modified_time":"2026-02-23T18:53:58+00:00","og_image":[{"width":650,"height":433,"url":"https:\/\/www.maprofar.com\/tienda\/wp-content\/uploads\/2021\/03\/ET-DRM2000-M2400.jpg","type":"image\/jpeg"}],"twitter_card":"summary_large_image","twitter_misc":{"Tiempo de lectura":"1 minuto"},"schema":{"@context":"https:\/\/schema.org","@graph":[{"@type":"WebPage","@id":"https:\/\/www.maprofar.com\/tienda\/producto\/tambor-compatible-epson-aculaser-m2000-m2300-m2400-mx20-reemplaza-c13s051199-drum\/","url":"https:\/\/www.maprofar.com\/tienda\/producto\/tambor-compatible-epson-aculaser-m2000-m2300-m2400-mx20-reemplaza-c13s051199-drum\/","name":"Tambor Compatible Epson Aculaser M2000\/M2300\/M2400\/MX20","isPartOf":{"@id":"https:\/\/www.maprofar.com\/tienda\/#website"},"primaryImageOfPage":{"@id":"https:\/\/www.maprofar.com\/tienda\/producto\/tambor-compatible-epson-aculaser-m2000-m2300-m2400-mx20-reemplaza-c13s051199-drum\/#primaryimage"},"image":{"@id":"https:\/\/www.maprofar.com\/tienda\/producto\/tambor-compatible-epson-aculaser-m2000-m2300-m2400-mx20-reemplaza-c13s051199-drum\/#primaryimage"},"thumbnailUrl":"https:\/\/www.maprofar.com\/tienda\/wp-content\/uploads\/2021\/03\/ET-DRM2000-M2400.jpg","datePublished":"2021-03-02T14:07:39+00:00","dateModified":"2026-02-23T18:53:58+00:00","description":"Tambor Compatible Epson Aculaser M2000\/M2300\/M2400\/MX20 - Reemplaza C13S051199 (Drum)","breadcrumb":{"@id":"https:\/\/www.maprofar.com\/tienda\/producto\/tambor-compatible-epson-aculaser-m2000-m2300-m2400-mx20-reemplaza-c13s051199-drum\/#breadcrumb"},"inLanguage":"es","potentialAction":[{"@type":"ReadAction","target":["https:\/\/www.maprofar.com\/tienda\/producto\/tambor-compatible-epson-aculaser-m2000-m2300-m2400-mx20-reemplaza-c13s051199-drum\/"]}]},{"@type":"ImageObject","inLanguage":"es","@id":"https:\/\/www.maprofar.com\/tienda\/producto\/tambor-compatible-epson-aculaser-m2000-m2300-m2400-mx20-reemplaza-c13s051199-drum\/#primaryimage","url":"https:\/\/www.maprofar.com\/tienda\/wp-content\/uploads\/2021\/03\/ET-DRM2000-M2400.jpg","contentUrl":"https:\/\/www.maprofar.com\/tienda\/wp-content\/uploads\/2021\/03\/ET-DRM2000-M2400.jpg","width":650,"height":433},{"@type":"BreadcrumbList","@id":"https:\/\/www.maprofar.com\/tienda\/producto\/tambor-compatible-epson-aculaser-m2000-m2300-m2400-mx20-reemplaza-c13s051199-drum\/#breadcrumb","itemListElement":[{"@type":"ListItem","position":1,"name":"Portada","item":"https:\/\/www.maprofar.com\/tienda\/"},{"@type":"ListItem","position":2,"name":"Inicio","item":"https:\/\/www.maprofar.com\/tienda\/"},{"@type":"ListItem","position":3,"name":"Tambor Compatible Epson Aculaser M2000\/M2300\/M2400\/MX20 &#8211; Reemplaza C13S051199 (Drum)"}]},{"@type":"WebSite","@id":"https:\/\/www.maprofar.com\/tienda\/#website","url":"https:\/\/www.maprofar.com\/tienda\/","name":"Maprofar - Toner Compatibles y Material de Oficina","description":"Encuentra en Maprofar tu t\u00f3ner compatible Brother y HP al mejor precio. Calidad garantizada, env\u00edo urgente 24h y asesoramiento t\u00e9cnico experto. \u00a1Vis\u00edtanos!","publisher":{"@id":"https:\/\/www.maprofar.com\/tienda\/#organization"},"alternateName":"Maprofar Inform\u00e1tica","potentialAction":[{"@type":"SearchAction","target":{"@type":"EntryPoint","urlTemplate":"https:\/\/www.maprofar.com\/tienda\/?s={search_term_string}"},"query-input":{"@type":"PropertyValueSpecification","valueRequired":true,"valueName":"search_term_string"}}],"inLanguage":"es"},{"@type":"Organization","@id":"https:\/\/www.maprofar.com\/tienda\/#organization","name":"Maprofar S.L.","url":"https:\/\/www.maprofar.com\/tienda\/","logo":{"@type":"ImageObject","inLanguage":"es","@id":"https:\/\/www.maprofar.com\/tienda\/#\/schema\/logo\/image\/","url":"https:\/\/www.maprofar.com\/tienda\/wp-content\/uploads\/2021\/05\/logo_circulo.jpg","contentUrl":"https:\/\/www.maprofar.com\/tienda\/wp-content\/uploads\/2021\/05\/logo_circulo.jpg","width":404,"height":335,"caption":"Maprofar S.L."},"image":{"@id":"https:\/\/www.maprofar.com\/tienda\/#\/schema\/logo\/image\/"},"sameAs":["https:\/\/es-es.facebook.com\/maprofar","https:\/\/www.instagram.com\/maprofar_informatica\/","https:\/\/www.pinterest.es\/maprofar\/"]}]}},"_links":{"self":[{"href":"https:\/\/www.maprofar.com\/tienda\/wp-json\/wp\/v2\/product\/2670","targetHints":{"allow":["GET"]}}],"collection":[{"href":"https:\/\/www.maprofar.com\/tienda\/wp-json\/wp\/v2\/product"}],"about":[{"href":"https:\/\/www.maprofar.com\/tienda\/wp-json\/wp\/v2\/types\/product"}],"wp:featuredmedia":[{"embeddable":true,"href":"https:\/\/www.maprofar.com\/tienda\/wp-json\/wp\/v2\/media\/2671"}],"wp:attachment":[{"href":"https:\/\/www.maprofar.com\/tienda\/wp-json\/wp\/v2\/media?parent=2670"}],"wp:term":[{"taxonomy":"product_brand","embeddable":true,"href":"https:\/\/www.maprofar.com\/tienda\/wp-json\/wp\/v2\/product_brand?post=2670"},{"taxonomy":"product_cat","embeddable":true,"href":"https:\/\/www.maprofar.com\/tienda\/wp-json\/wp\/v2\/product_cat?post=2670"},{"taxonomy":"product_tag","embeddable":true,"href":"https:\/\/www.maprofar.com\/tienda\/wp-json\/wp\/v2\/product_tag?post=2670"}],"curies":[{"name":"wp","href":"https:\/\/api.w.org\/{rel}","templated":true}]}}