{"id":3456,"date":"2021-03-16T17:06:12","date_gmt":"2021-03-16T15:06:12","guid":{"rendered":"https:\/\/www.maprofar.com\/tienda\/?post_type=product&#038;p=3456"},"modified":"2025-04-09T13:13:07","modified_gmt":"2025-04-09T11:13:07","slug":"safescan-tm-616-controlador-de-presencia-rfid-y-pin","status":"publish","type":"product","link":"https:\/\/www.maprofar.com\/tienda\/producto\/safescan-tm-616-controlador-de-presencia-rfid-y-pin\/","title":{"rendered":"Safescan TM-616 Controlador de Presencia RFID y PIN"},"content":{"rendered":"<p>El lector de proximidad RFID integrado del terminal\u00a0<strong>TM-616<\/strong>\u00a0garantiza un control de presencia eficiente y fiable. Comb\u00ednelo con el software para PC o con TimeMoto Cloud. Elija TimeMoto Cloud para una sincronizaci\u00f3n instant\u00e1nea en toda su red desde cualquier ubicaci\u00f3n en cualquier momento, haciendo que sea f\u00e1cil para sus empleados fichar su entrada y salida y d\u00e1ndole herramientas para gestionar de forma eficiente a su personal.<\/p>\n<h3>Basado en la nube<\/h3>\n<p>TimeMoto Cloud le permite gestionar todos sus listados de presencia, programando y creando informes desde cualquier ubicaci\u00f3n, siempre que lo necesite. Nuestro sistema TimeMoto incluye una prueba de 30 d\u00edas. Esto le da la oportunidad y el tiempo para descubrir todas las ventajas de TimeMoto Cloud antes de elegir una suscripci\u00f3n. La potencia, escalabilidad y flexibilidad de TimeMoto Cloud lo convierten en la mejor soluci\u00f3n de gesti\u00f3n de horarios y presencia para cualquier empresa. Acceda a TimeMoto Cloud usando cualquier navegador, la aplicaci\u00f3n TimeMoto o en combinaci\u00f3n con los terminales de TimeMoto. Todo totalmente accesible en l\u00ednea. No tiene que instalar ning\u00fan software o comprar servidores. No es necesario pagar por actualizaciones; su TimeMoto se actualiza continuamente. Una soluci\u00f3n flexible y rentable para todas sus necesidades de gesti\u00f3n de horarios y presencia, tanto si tiene diez empleados como diez mil.<\/p>\n<h3>Dise\u00f1o funcional y excepcional<\/h3>\n<p>Mejore la entrada o la pared de su empresa con el elegante y duradero TimeMoto TM-616. Su pantalla TFT de tama\u00f1o medio de 2,8&#8243; muestra toda la informaci\u00f3n con gran detalle. Disfrute usando el sistema para fichar con el terminal de TimeMoto con su interfaz intuitiva f\u00e1cil de usar. Introduzca c\u00f3digos de proyectos f\u00e1cilmente pulsando las teclas t\u00e1ctiles. Y al alcance de las manos de sus empleados, tiene los horarios y los totales personales.<\/p>\n<h3>Flexibilidad \u00f3ptima<\/h3>\n<p>Los empleados pueden elegir c\u00f3mo desean fichar: Tarjeta RFID o identificaci\u00f3n con PIN. TimeMoto TM-616 se comunica de forma impecable con TimeMoto Cloud o con el software para PC. Siempre tendr\u00e1 informaci\u00f3n instant\u00e1nea y precisa sobre los horarios y presencia de los empleados.<\/p>\n<h3>Tecnolog\u00eda de identificaci\u00f3n avanzada<\/h3>\n<p>Registre los horarios y presencia de los empleados con el lector RFID avanzado sin contacto para una verificaci\u00f3n precisa, segura e inmediata.<\/p>\n<h2>Caracter\u00edsticas<\/h2>\n<ul>\n<li>Recopila y calcula las horas trabajadas, las horas de un proyecto, las horas extras y las ausencias<\/li>\n<li>Para hasta 200 usuarios<\/li>\n<li>Fichajes: Hasta 10.000 fichajes<\/li>\n<li>Fichaje de entrada\/salida con tarjeta RFID o PIN<\/li>\n<li>Se conecta a trav\u00e9s de Wi-Fi, Ethernet (LAN) o host USB<\/li>\n<li>Instalaci\u00f3n r\u00e1pida y sencilla<\/li>\n<li>Fichaje con c\u00f3digos de proyecto<\/li>\n<li>Fichar de forma inteligente evita que los usuarios fichen accidentalmente dos veces<\/li>\n<li>Sin p\u00e9rdida de datos con la funci\u00f3n de copia de seguridad autom\u00e1tica de los datos<\/li>\n<li>Funciona de forma impecable con TimeMoto RF-100 y RF-110<\/li>\n<li>Incluye un kit de montaje en pared para una instalaci\u00f3n segura<\/li>\n<\/ul>\n<h2>Especificaciones\u00a0SafeScan TM-616<\/h2>\n<ul>\n<li>Pantalla: TFT de 2,8&#8243; color<\/li>\n<li>Teclado: Teclado convencional<\/li>\n<li>Idiomas: EN, DE, FR, IT, ES, PT, NL, CS, SK, HU, PL, SV, DA, FI y ZH<\/li>\n<li>Seguridad por: Cifrado SSL SHA-2 y AES de 256 bit<\/li>\n<li>Procesador: Dual Core 1 GHz<\/li>\n<li>Memoria: 64 MB RAM\/128 MB memoria Flash<\/li>\n<li>Alimentaci\u00f3n el\u00e9ctrica: Adaptador CA (110-240V) salida de 12V\/1,5A<\/li>\n<li>Requisitos del software TM-PC: Windows 7, 8, 10<\/li>\n<li>Dimensiones: 21,5 x 9,95 x 4,43 cm<\/li>\n<li>Peso: 470 g<\/li>\n<li>Garant\u00eda de satisfacci\u00f3n de 14 d\u00edas<\/li>\n<li>3 a\u00f1os de garant\u00eda<\/li>\n<li>Certificaci\u00f3n CE<\/li>\n<\/ul>\n","protected":false},"excerpt":{"rendered":"<div class=\"row ficha_right\">\n<div class=\"col-xs-12 col-sm-4 ficha_right1\"><b>Marca<\/b><\/div>\n<div class=\"col-xs-12 col-sm-8 ficha_right2\">Safescan<\/div>\n<\/div>\n<div class=\"row ficha_right\">\n<div class=\"col-xs-12 col-sm-4 ficha_right1\"><b>P\/N<\/b><\/div>\n<div class=\"col-xs-12 col-sm-8 ficha_right2\">125-0585<\/div>\n<\/div>\n<div class=\"row ficha_right \">\n<div class=\"col-xs-12 col-sm-4 ficha_right1\"><b>EAN<\/b><\/div>\n<div class=\"col-xs-12 col-sm-8 ficha_right2\">8717496336071<\/div>\n<div><\/div>\n<\/div>\n<p>Terminal para fichar con tarjeta o llave RFID y PIN. Conexi\u00f3n WiFi y Ethernet. Puerto USB. Hasta 200 usuarios. Incluye software TimeMoto PC. TimeMoto Cloud mediante suscripci\u00f3n.<\/p>\n","protected":false},"featured_media":3457,"template":"","meta":[],"product_brand":[],"product_cat":[88],"product_tag":[],"class_list":{"0":"post-3456","1":"product","2":"type-product","3":"status-publish","4":"has-post-thumbnail","6":"product_cat-control-de-presencia","8":"first","9":"outofstock","10":"taxable","11":"shipping-taxable","12":"purchasable","13":"product-type-simple"},"yoast_head":"<!-- This site is optimized with the Yoast SEO Premium plugin v22.3 (Yoast SEO v27.4) - https:\/\/yoast.com\/product\/yoast-seo-premium-wordpress\/ -->\n<title>Safescan TimeMoto TM-616 - sistema de reloj registrador<\/title>\n<meta name=\"description\" content=\"Safescan TimeMoto TM-616 - sistema de reloj registrador - Controlador de Presencia RFID y PIN Maprofar | T\u00f3ner Compatible Brother, HP y Soluciones de Impresi\u00f3n 3D\" \/>\n<meta name=\"robots\" content=\"index, follow, max-snippet:-1, max-image-preview:large, max-video-preview:-1\" \/>\n<link rel=\"canonical\" href=\"https:\/\/www.maprofar.com\/tienda\/producto\/safescan-tm-616-controlador-de-presencia-rfid-y-pin\/\" \/>\n<meta property=\"og:locale\" content=\"es_ES\" \/>\n<meta property=\"og:type\" content=\"article\" \/>\n<meta property=\"og:title\" content=\"Safescan TM-616 Controlador de Presencia RFID y PIN - Maprofar | T\u00f3ner Compatible Brother, HP y Soluciones de Impresi\u00f3n 3D\" \/>\n<meta property=\"og:description\" content=\"En Maprofar encontrar\u00e1s t\u00f3ner compatibles de calidad y material de oficina al mejor precio. Ahorra sin sacrificar rendimiento. \u00a1Aprovecha nuestras ofertas y descuentos!\" \/>\n<meta property=\"og:url\" content=\"https:\/\/www.maprofar.com\/tienda\/producto\/safescan-tm-616-controlador-de-presencia-rfid-y-pin\/\" \/>\n<meta property=\"og:site_name\" content=\"Maprofar | T\u00f3ner Compatible Brother, HP y Soluciones de Impresi\u00f3n 3D\" \/>\n<meta property=\"article:publisher\" content=\"https:\/\/es-es.facebook.com\/maprofar\" \/>\n<meta property=\"article:modified_time\" content=\"2025-04-09T11:13:07+00:00\" \/>\n<meta property=\"og:image\" content=\"https:\/\/www.maprofar.com\/tienda\/wp-content\/uploads\/2021\/03\/125-0585.jpg\" \/>\n\t<meta property=\"og:image:width\" content=\"500\" \/>\n\t<meta property=\"og:image:height\" content=\"500\" \/>\n\t<meta property=\"og:image:type\" content=\"image\/jpeg\" \/>\n<meta name=\"twitter:card\" content=\"summary_large_image\" \/>\n<meta name=\"twitter:label1\" content=\"Tiempo de lectura\" \/>\n\t<meta name=\"twitter:data1\" content=\"3 minutos\" \/>\n<script type=\"application\/ld+json\" class=\"yoast-schema-graph\">{\"@context\":\"https:\\\/\\\/schema.org\",\"@graph\":[{\"@type\":\"WebPage\",\"@id\":\"https:\\\/\\\/www.maprofar.com\\\/tienda\\\/producto\\\/safescan-tm-616-controlador-de-presencia-rfid-y-pin\\\/\",\"url\":\"https:\\\/\\\/www.maprofar.com\\\/tienda\\\/producto\\\/safescan-tm-616-controlador-de-presencia-rfid-y-pin\\\/\",\"name\":\"Safescan TimeMoto TM-616 - sistema de reloj registrador\",\"isPartOf\":{\"@id\":\"https:\\\/\\\/www.maprofar.com\\\/tienda\\\/#website\"},\"primaryImageOfPage\":{\"@id\":\"https:\\\/\\\/www.maprofar.com\\\/tienda\\\/producto\\\/safescan-tm-616-controlador-de-presencia-rfid-y-pin\\\/#primaryimage\"},\"image\":{\"@id\":\"https:\\\/\\\/www.maprofar.com\\\/tienda\\\/producto\\\/safescan-tm-616-controlador-de-presencia-rfid-y-pin\\\/#primaryimage\"},\"thumbnailUrl\":\"https:\\\/\\\/www.maprofar.com\\\/tienda\\\/wp-content\\\/uploads\\\/2021\\\/03\\\/125-0585.jpg\",\"datePublished\":\"2021-03-16T15:06:12+00:00\",\"dateModified\":\"2025-04-09T11:13:07+00:00\",\"description\":\"Safescan TimeMoto TM-616 - sistema de reloj registrador - Controlador de Presencia RFID y PIN Maprofar | T\u00f3ner Compatible Brother, HP y Soluciones de Impresi\u00f3n 3D\",\"breadcrumb\":{\"@id\":\"https:\\\/\\\/www.maprofar.com\\\/tienda\\\/producto\\\/safescan-tm-616-controlador-de-presencia-rfid-y-pin\\\/#breadcrumb\"},\"inLanguage\":\"es\",\"potentialAction\":[{\"@type\":\"ReadAction\",\"target\":[\"https:\\\/\\\/www.maprofar.com\\\/tienda\\\/producto\\\/safescan-tm-616-controlador-de-presencia-rfid-y-pin\\\/\"]}]},{\"@type\":\"ImageObject\",\"inLanguage\":\"es\",\"@id\":\"https:\\\/\\\/www.maprofar.com\\\/tienda\\\/producto\\\/safescan-tm-616-controlador-de-presencia-rfid-y-pin\\\/#primaryimage\",\"url\":\"https:\\\/\\\/www.maprofar.com\\\/tienda\\\/wp-content\\\/uploads\\\/2021\\\/03\\\/125-0585.jpg\",\"contentUrl\":\"https:\\\/\\\/www.maprofar.com\\\/tienda\\\/wp-content\\\/uploads\\\/2021\\\/03\\\/125-0585.jpg\",\"width\":500,\"height\":500},{\"@type\":\"BreadcrumbList\",\"@id\":\"https:\\\/\\\/www.maprofar.com\\\/tienda\\\/producto\\\/safescan-tm-616-controlador-de-presencia-rfid-y-pin\\\/#breadcrumb\",\"itemListElement\":[{\"@type\":\"ListItem\",\"position\":1,\"name\":\"Portada\",\"item\":\"https:\\\/\\\/www.maprofar.com\\\/tienda\\\/\"},{\"@type\":\"ListItem\",\"position\":2,\"name\":\"Inicio\",\"item\":\"https:\\\/\\\/www.maprofar.com\\\/tienda\\\/\"},{\"@type\":\"ListItem\",\"position\":3,\"name\":\"Safescan TM-616 Controlador de Presencia RFID y PIN\"}]},{\"@type\":\"WebSite\",\"@id\":\"https:\\\/\\\/www.maprofar.com\\\/tienda\\\/#website\",\"url\":\"https:\\\/\\\/www.maprofar.com\\\/tienda\\\/\",\"name\":\"Maprofar - Toner Compatibles y Material de Oficina\",\"description\":\"Encuentra en Maprofar tu t\u00f3ner compatible Brother y HP al mejor precio. Calidad garantizada, env\u00edo urgente 24h y asesoramiento t\u00e9cnico experto. \u00a1Vis\u00edtanos!\",\"publisher\":{\"@id\":\"https:\\\/\\\/www.maprofar.com\\\/tienda\\\/#organization\"},\"alternateName\":\"Maprofar Inform\u00e1tica\",\"potentialAction\":[{\"@type\":\"SearchAction\",\"target\":{\"@type\":\"EntryPoint\",\"urlTemplate\":\"https:\\\/\\\/www.maprofar.com\\\/tienda\\\/?s={search_term_string}\"},\"query-input\":{\"@type\":\"PropertyValueSpecification\",\"valueRequired\":true,\"valueName\":\"search_term_string\"}}],\"inLanguage\":\"es\"},{\"@type\":\"Organization\",\"@id\":\"https:\\\/\\\/www.maprofar.com\\\/tienda\\\/#organization\",\"name\":\"Maprofar S.L.\",\"url\":\"https:\\\/\\\/www.maprofar.com\\\/tienda\\\/\",\"logo\":{\"@type\":\"ImageObject\",\"inLanguage\":\"es\",\"@id\":\"https:\\\/\\\/www.maprofar.com\\\/tienda\\\/#\\\/schema\\\/logo\\\/image\\\/\",\"url\":\"https:\\\/\\\/www.maprofar.com\\\/tienda\\\/wp-content\\\/uploads\\\/2021\\\/05\\\/logo_circulo.jpg\",\"contentUrl\":\"https:\\\/\\\/www.maprofar.com\\\/tienda\\\/wp-content\\\/uploads\\\/2021\\\/05\\\/logo_circulo.jpg\",\"width\":404,\"height\":335,\"caption\":\"Maprofar S.L.\"},\"image\":{\"@id\":\"https:\\\/\\\/www.maprofar.com\\\/tienda\\\/#\\\/schema\\\/logo\\\/image\\\/\"},\"sameAs\":[\"https:\\\/\\\/es-es.facebook.com\\\/maprofar\",\"https:\\\/\\\/www.instagram.com\\\/maprofar_informatica\\\/\",\"https:\\\/\\\/www.pinterest.es\\\/maprofar\\\/\"]}]}<\/script>\n<!-- \/ Yoast SEO Premium plugin. -->","yoast_head_json":{"title":"Safescan TimeMoto TM-616 - sistema de reloj registrador","description":"Safescan TimeMoto TM-616 - sistema de reloj registrador - Controlador de Presencia RFID y PIN Maprofar | T\u00f3ner Compatible Brother, HP y Soluciones de Impresi\u00f3n 3D","robots":{"index":"index","follow":"follow","max-snippet":"max-snippet:-1","max-image-preview":"max-image-preview:large","max-video-preview":"max-video-preview:-1"},"canonical":"https:\/\/www.maprofar.com\/tienda\/producto\/safescan-tm-616-controlador-de-presencia-rfid-y-pin\/","og_locale":"es_ES","og_type":"article","og_title":"Safescan TM-616 Controlador de Presencia RFID y PIN - Maprofar | T\u00f3ner Compatible Brother, HP y Soluciones de Impresi\u00f3n 3D","og_description":"En Maprofar encontrar\u00e1s t\u00f3ner compatibles de calidad y material de oficina al mejor precio. Ahorra sin sacrificar rendimiento. \u00a1Aprovecha nuestras ofertas y descuentos!","og_url":"https:\/\/www.maprofar.com\/tienda\/producto\/safescan-tm-616-controlador-de-presencia-rfid-y-pin\/","og_site_name":"Maprofar | T\u00f3ner Compatible Brother, HP y Soluciones de Impresi\u00f3n 3D","article_publisher":"https:\/\/es-es.facebook.com\/maprofar","article_modified_time":"2025-04-09T11:13:07+00:00","og_image":[{"width":500,"height":500,"url":"https:\/\/www.maprofar.com\/tienda\/wp-content\/uploads\/2021\/03\/125-0585.jpg","type":"image\/jpeg"}],"twitter_card":"summary_large_image","twitter_misc":{"Tiempo de lectura":"3 minutos"},"schema":{"@context":"https:\/\/schema.org","@graph":[{"@type":"WebPage","@id":"https:\/\/www.maprofar.com\/tienda\/producto\/safescan-tm-616-controlador-de-presencia-rfid-y-pin\/","url":"https:\/\/www.maprofar.com\/tienda\/producto\/safescan-tm-616-controlador-de-presencia-rfid-y-pin\/","name":"Safescan TimeMoto TM-616 - sistema de reloj registrador","isPartOf":{"@id":"https:\/\/www.maprofar.com\/tienda\/#website"},"primaryImageOfPage":{"@id":"https:\/\/www.maprofar.com\/tienda\/producto\/safescan-tm-616-controlador-de-presencia-rfid-y-pin\/#primaryimage"},"image":{"@id":"https:\/\/www.maprofar.com\/tienda\/producto\/safescan-tm-616-controlador-de-presencia-rfid-y-pin\/#primaryimage"},"thumbnailUrl":"https:\/\/www.maprofar.com\/tienda\/wp-content\/uploads\/2021\/03\/125-0585.jpg","datePublished":"2021-03-16T15:06:12+00:00","dateModified":"2025-04-09T11:13:07+00:00","description":"Safescan TimeMoto TM-616 - sistema de reloj registrador - Controlador de Presencia RFID y PIN Maprofar | T\u00f3ner Compatible Brother, HP y Soluciones de Impresi\u00f3n 3D","breadcrumb":{"@id":"https:\/\/www.maprofar.com\/tienda\/producto\/safescan-tm-616-controlador-de-presencia-rfid-y-pin\/#breadcrumb"},"inLanguage":"es","potentialAction":[{"@type":"ReadAction","target":["https:\/\/www.maprofar.com\/tienda\/producto\/safescan-tm-616-controlador-de-presencia-rfid-y-pin\/"]}]},{"@type":"ImageObject","inLanguage":"es","@id":"https:\/\/www.maprofar.com\/tienda\/producto\/safescan-tm-616-controlador-de-presencia-rfid-y-pin\/#primaryimage","url":"https:\/\/www.maprofar.com\/tienda\/wp-content\/uploads\/2021\/03\/125-0585.jpg","contentUrl":"https:\/\/www.maprofar.com\/tienda\/wp-content\/uploads\/2021\/03\/125-0585.jpg","width":500,"height":500},{"@type":"BreadcrumbList","@id":"https:\/\/www.maprofar.com\/tienda\/producto\/safescan-tm-616-controlador-de-presencia-rfid-y-pin\/#breadcrumb","itemListElement":[{"@type":"ListItem","position":1,"name":"Portada","item":"https:\/\/www.maprofar.com\/tienda\/"},{"@type":"ListItem","position":2,"name":"Inicio","item":"https:\/\/www.maprofar.com\/tienda\/"},{"@type":"ListItem","position":3,"name":"Safescan TM-616 Controlador de Presencia RFID y PIN"}]},{"@type":"WebSite","@id":"https:\/\/www.maprofar.com\/tienda\/#website","url":"https:\/\/www.maprofar.com\/tienda\/","name":"Maprofar - Toner Compatibles y Material de Oficina","description":"Encuentra en Maprofar tu t\u00f3ner compatible Brother y HP al mejor precio. Calidad garantizada, env\u00edo urgente 24h y asesoramiento t\u00e9cnico experto. \u00a1Vis\u00edtanos!","publisher":{"@id":"https:\/\/www.maprofar.com\/tienda\/#organization"},"alternateName":"Maprofar Inform\u00e1tica","potentialAction":[{"@type":"SearchAction","target":{"@type":"EntryPoint","urlTemplate":"https:\/\/www.maprofar.com\/tienda\/?s={search_term_string}"},"query-input":{"@type":"PropertyValueSpecification","valueRequired":true,"valueName":"search_term_string"}}],"inLanguage":"es"},{"@type":"Organization","@id":"https:\/\/www.maprofar.com\/tienda\/#organization","name":"Maprofar S.L.","url":"https:\/\/www.maprofar.com\/tienda\/","logo":{"@type":"ImageObject","inLanguage":"es","@id":"https:\/\/www.maprofar.com\/tienda\/#\/schema\/logo\/image\/","url":"https:\/\/www.maprofar.com\/tienda\/wp-content\/uploads\/2021\/05\/logo_circulo.jpg","contentUrl":"https:\/\/www.maprofar.com\/tienda\/wp-content\/uploads\/2021\/05\/logo_circulo.jpg","width":404,"height":335,"caption":"Maprofar S.L."},"image":{"@id":"https:\/\/www.maprofar.com\/tienda\/#\/schema\/logo\/image\/"},"sameAs":["https:\/\/es-es.facebook.com\/maprofar","https:\/\/www.instagram.com\/maprofar_informatica\/","https:\/\/www.pinterest.es\/maprofar\/"]}]}},"_links":{"self":[{"href":"https:\/\/www.maprofar.com\/tienda\/wp-json\/wp\/v2\/product\/3456","targetHints":{"allow":["GET"]}}],"collection":[{"href":"https:\/\/www.maprofar.com\/tienda\/wp-json\/wp\/v2\/product"}],"about":[{"href":"https:\/\/www.maprofar.com\/tienda\/wp-json\/wp\/v2\/types\/product"}],"wp:featuredmedia":[{"embeddable":true,"href":"https:\/\/www.maprofar.com\/tienda\/wp-json\/wp\/v2\/media\/3457"}],"wp:attachment":[{"href":"https:\/\/www.maprofar.com\/tienda\/wp-json\/wp\/v2\/media?parent=3456"}],"wp:term":[{"taxonomy":"product_brand","embeddable":true,"href":"https:\/\/www.maprofar.com\/tienda\/wp-json\/wp\/v2\/product_brand?post=3456"},{"taxonomy":"product_cat","embeddable":true,"href":"https:\/\/www.maprofar.com\/tienda\/wp-json\/wp\/v2\/product_cat?post=3456"},{"taxonomy":"product_tag","embeddable":true,"href":"https:\/\/www.maprofar.com\/tienda\/wp-json\/wp\/v2\/product_tag?post=3456"}],"curies":[{"name":"wp","href":"https:\/\/api.w.org\/{rel}","templated":true}]}}