{"id":6853,"date":"2022-08-12T16:40:18","date_gmt":"2022-08-12T14:40:18","guid":{"rendered":"https:\/\/www.maprofar.com\/tienda\/?post_type=product&#038;p=6853"},"modified":"2026-04-17T02:02:16","modified_gmt":"2026-04-17T01:02:16","slug":"brother-dcpl8410cdw-impresora-multifuncion-laser-color-wifi-31ppm","status":"publish","type":"product","link":"https:\/\/www.maprofar.com\/tienda\/producto\/brother-dcpl8410cdw-impresora-multifuncion-laser-color-wifi-31ppm\/","title":{"rendered":"Brother DCPL8410CDW Impresora Multifuncion Laser Color WiFi 31ppm"},"content":{"rendered":"<p>Brother DCPL8410CDW Impresora Multifuncion Laser Color WiFi 31ppm<\/p>\n<p>Impresora multifunci\u00f3n l\u00e1ser color profesional 3 en 1 (impresi\u00f3n, copia y escaneado). Velocidad de impresi\u00f3n y copia de 31 p\u00e1ginas por minuto, en color y monocromo. Imprime a doble cara para ahorrar papel y puede ser compartido con varios usuarios gracias a su conexi\u00f3n a red cableada o WiFi. Velocidad de digitalizaci\u00f3n hasta 28 hojas por minuto. Muy f\u00e1cil de usar con su amplia pantalla t\u00e1ctil que permite acceder de forma r\u00e1pida a todas sus funciones. Recomendada para grupos de trabajo.<\/p>\n<p>Caracter\u00edsticas:<\/p>\n<p>-Velocidad de impresi\u00f3n y copia 31ppm<br \/>\n-Impresi\u00f3n a doble cara<br \/>\n-Velocidad de digitalizaci\u00f3n 28 hpm<br \/>\n-Alimentador autom\u00e1tico 50 hojas (ADF)<br \/>\n-USB 2.0 Hi-Speed, Gigabit Ethernet y WiFi<br \/>\n-Pantalla LCD color t\u00e1ctil 9,3cm<\/p>\n<p>Especificaciones:<\/p>\n<p>General:<\/p>\n<p>-Tipo de impresora: Color<br \/>\n-Pantalla: Pantalla color t\u00e1ctil<br \/>\n-Tama\u00f1o m\u00e1ximo del papel: A4<br \/>\n-Memoria: 512MB<br \/>\n-Tecnolog\u00eda: L\u00e1ser<br \/>\n-Funciones: Imprimir, Copia y escaneado<br \/>\n-Tama\u00f1o de pantalla: 8,17 x 4,54cm<br \/>\n-Clasificaci\u00f3n de l\u00e1ser: Producto Laser Clase 1 (IEC60825-1:2007)<br \/>\n-Procesador: Principal 800 Mhz, Secundario 133 Mhz<\/p>\n<p>Conectividad:<\/p>\n<p>-Interfaz de red inal\u00e1mbrica: IEEE 802.11b\/g\/n<br \/>\n-Conectividad: Red cableada, Red inal\u00e1mbrica, USB<br \/>\n-Interfaz local: USB<br \/>\n-NFC: No<br \/>\n-Interfaz USB: USB<br \/>\n-Wi-Fi Direct: IEEE 802.11g\/n<br \/>\n-Interfaz de red cableada: 10Base-T\/100Base-TX\/1000Base-T<\/p>\n<p>Impresi\u00f3n:<\/p>\n<p>-Velocidad de impresi\u00f3n color A4: 31 p\u00e1ginas por minuto<br \/>\n-Velocidad de impresi\u00f3n monocromo A4: 31 p\u00e1ginas por minuto<br \/>\n-Impresi\u00f3n autom\u00e1tica a doble cara: S\u00ed<br \/>\n-Tiempo de impresi\u00f3n 1\u00aa p\u00e1gina: Menos de 15 segundos<br \/>\n-Velocidad de impresi\u00f3n a doble cara A4: Hasta 14 p\u00e1ginas por minuto<br \/>\n-Velocidad de impresi\u00f3n A4: Hasta 31 p\u00e1ginas por minuto<br \/>\n-Resoluci\u00f3n: 2.400ppp (2.400 x 600ppp), 600 x 600ppp<br \/>\n-Velocidad de impresi\u00f3n color a doble cara A4: 14 p\u00e1ginas por minuto<br \/>\n-Velocidad de impresi\u00f3n monocromo a doble cara A4: Hasta 14 p\u00e1ginas por minuto<br \/>\n-Emulaciones: PCL6, BR-Script3 (PostScript\u00ae3TM Language Emulation), PDF 1.7, XPS<br \/>\n-Volumen mensual recomendado: Hasta 3.000 impresiones mensuales<\/p>\n<p>Escaneado:<\/p>\n<p>-Resoluci\u00f3n: 2400 x 600<br \/>\n-Velocidad: 28 hojas por minuto<\/p>\n<p>Copia:<\/p>\n<p>-Copia N en 1: S\u00ed<br \/>\n-Copia a doble cara autom\u00e1tica: No<br \/>\n-Resoluci\u00f3n: Hasta 1.200 x 600ppp<br \/>\n-Velocidad: Hasta 31cpm<br \/>\n-Velocidad de copia color A4: 31 copias por minuto<br \/>\n-Ratio de ampliaci\u00f3n \/ reducci\u00f3n: Reduce o amplia documentos desde 25% a 400% en incrementos del 1%<br \/>\n-Velocidad de copia monocromo A4: 31 copias por minuto<br \/>\n-Resoluci\u00f3n (color): Hasta 1200 x 600 ppp<br \/>\n-Resoluci\u00f3n (monocromo): Hasta 1200 x 600 ppp<\/p>\n<p>Manejo de papel:<\/p>\n<p>-Entrada de papel: Bandeja de 250 hojas. Bandeja multiprop\u00f3sito de 50 hojas<br \/>\n-Salida de papel: Cara abajo &#8211; 150 hojas. Cara arriba (salida directa del papel) &#8211; 1 hoja<br \/>\n-Capacidad de papel de la bandeja est\u00e1ndar: 250 hojas<\/p>\n<p>Dimensiones y pesos:<\/p>\n<p>-Medidas: 435(An) x 526(F) x 539(Al)mm<br \/>\n-Peso: 27.6 kg<\/p>\n<p><span style=\"color: #999999;\">Comprar Brother DCPL8410CDW Impresora Multifuncion Laser Color WiFi 31ppm<\/span><\/p>\n","protected":false},"excerpt":{"rendered":"<p class=\"titulo_subseccion_da\">CARACTER\u00cdSTICAS<\/p>\n<div class=\"listado_caracteristicas_da\"><span class=\"linea_datos_da\">\u2022 Marca:\u00a0<span class=\"gris_400\" title=\"Brother\">Brother<\/span><\/span><\/div>\n<div class=\"listado_caracteristicas_da\"><span class=\"linea_datos_da\" title=\"Blanco\/Negro\">\u2022 Color:\u00a0<span class=\"gris_400\">Blanco\/Negro<\/span><\/span><\/div>\n<div class=\"listado_caracteristicas_da\"><span class=\"linea_datos_da\" title=\"BROTHER\">\u2022 Fabricante:\u00a0<span class=\"gris_400\">BROTHER<\/span><\/span><\/div>\n<div class=\"listado_caracteristicas_da\"><span class=\"linea_datos_da\" title=\"\" aria-describedby=\"ui-id-11\">\u2022 Ref.:\u00a0<span class=\"gris_400\">DCPL8410CDW<\/span><\/span><\/div>\n","protected":false},"featured_media":6856,"template":"","meta":[],"product_brand":[],"product_cat":[192],"product_tag":[308,227,223,320,319],"class_list":{"0":"post-6853","1":"product","2":"type-product","3":"status-publish","4":"has-post-thumbnail","6":"product_cat-impresoras-multifuncion","7":"product_tag-impresora-brother-laser","8":"product_tag-impresora-brother-laser-wifi","9":"product_tag-impresora-laser-color","10":"product_tag-impresora-multifuncion","11":"product_tag-impresora-multifuncion-laser-color","13":"first","14":"instock","15":"taxable","16":"shipping-taxable","17":"purchasable","18":"product-type-simple"},"yoast_head":"<!-- This site is optimized with the Yoast SEO Premium plugin v22.3 (Yoast SEO v27.4) - https:\/\/yoast.com\/product\/yoast-seo-premium-wordpress\/ -->\n<title>Brother DCPL8410CDW Impresora Multifuncion Laser Color WiFi<\/title>\n<meta name=\"description\" content=\"Brother DCPL8410CDW Impresora Multifuncion Laser Color WiFi 31ppm - Maprofar es tu tienda de confianza para comprar impresoras al mejor precio.\" \/>\n<meta name=\"robots\" content=\"index, follow, max-snippet:-1, max-image-preview:large, max-video-preview:-1\" \/>\n<link rel=\"canonical\" href=\"https:\/\/www.maprofar.com\/tienda\/producto\/brother-dcpl8410cdw-impresora-multifuncion-laser-color-wifi-31ppm\/\" \/>\n<meta property=\"og:locale\" content=\"es_ES\" \/>\n<meta property=\"og:type\" content=\"article\" \/>\n<meta property=\"og:title\" content=\"Brother DCPL8410CDW Impresora Multifuncion Laser Color WiFi 31ppm - Maprofar | T\u00f3ner Compatible Brother, HP y Soluciones de Impresi\u00f3n 3D\" \/>\n<meta property=\"og:description\" content=\"En Maprofar encontrar\u00e1s t\u00f3ner compatibles de calidad y material de oficina al mejor precio. Ahorra sin sacrificar rendimiento. \u00a1Aprovecha nuestras ofertas y descuentos!\" \/>\n<meta property=\"og:url\" content=\"https:\/\/www.maprofar.com\/tienda\/producto\/brother-dcpl8410cdw-impresora-multifuncion-laser-color-wifi-31ppm\/\" \/>\n<meta property=\"og:site_name\" content=\"Maprofar | T\u00f3ner Compatible Brother, HP y Soluciones de Impresi\u00f3n 3D\" \/>\n<meta property=\"article:publisher\" content=\"https:\/\/es-es.facebook.com\/maprofar\" \/>\n<meta property=\"article:modified_time\" content=\"2026-04-17T01:02:16+00:00\" \/>\n<meta property=\"og:image\" content=\"https:\/\/www.maprofar.com\/tienda\/wp-content\/uploads\/2022\/08\/DCPL8410CDW_1.jpg\" \/>\n\t<meta property=\"og:image:width\" content=\"530\" \/>\n\t<meta property=\"og:image:height\" content=\"530\" \/>\n\t<meta property=\"og:image:type\" content=\"image\/jpeg\" \/>\n<meta name=\"twitter:card\" content=\"summary_large_image\" \/>\n<meta name=\"twitter:label1\" content=\"Tiempo de lectura\" \/>\n\t<meta name=\"twitter:data1\" content=\"3 minutos\" \/>\n<script type=\"application\/ld+json\" class=\"yoast-schema-graph\">{\"@context\":\"https:\\\/\\\/schema.org\",\"@graph\":[{\"@type\":\"WebPage\",\"@id\":\"https:\\\/\\\/www.maprofar.com\\\/tienda\\\/producto\\\/brother-dcpl8410cdw-impresora-multifuncion-laser-color-wifi-31ppm\\\/\",\"url\":\"https:\\\/\\\/www.maprofar.com\\\/tienda\\\/producto\\\/brother-dcpl8410cdw-impresora-multifuncion-laser-color-wifi-31ppm\\\/\",\"name\":\"Brother DCPL8410CDW Impresora Multifuncion Laser Color WiFi\",\"isPartOf\":{\"@id\":\"https:\\\/\\\/www.maprofar.com\\\/tienda\\\/#website\"},\"primaryImageOfPage\":{\"@id\":\"https:\\\/\\\/www.maprofar.com\\\/tienda\\\/producto\\\/brother-dcpl8410cdw-impresora-multifuncion-laser-color-wifi-31ppm\\\/#primaryimage\"},\"image\":{\"@id\":\"https:\\\/\\\/www.maprofar.com\\\/tienda\\\/producto\\\/brother-dcpl8410cdw-impresora-multifuncion-laser-color-wifi-31ppm\\\/#primaryimage\"},\"thumbnailUrl\":\"https:\\\/\\\/www.maprofar.com\\\/tienda\\\/wp-content\\\/uploads\\\/2022\\\/08\\\/DCPL8410CDW_1.jpg\",\"datePublished\":\"2022-08-12T14:40:18+00:00\",\"dateModified\":\"2026-04-17T01:02:16+00:00\",\"description\":\"Brother DCPL8410CDW Impresora Multifuncion Laser Color WiFi 31ppm - Maprofar es tu tienda de confianza para comprar impresoras al mejor precio.\",\"breadcrumb\":{\"@id\":\"https:\\\/\\\/www.maprofar.com\\\/tienda\\\/producto\\\/brother-dcpl8410cdw-impresora-multifuncion-laser-color-wifi-31ppm\\\/#breadcrumb\"},\"inLanguage\":\"es\",\"potentialAction\":[{\"@type\":\"ReadAction\",\"target\":[\"https:\\\/\\\/www.maprofar.com\\\/tienda\\\/producto\\\/brother-dcpl8410cdw-impresora-multifuncion-laser-color-wifi-31ppm\\\/\"]}]},{\"@type\":\"ImageObject\",\"inLanguage\":\"es\",\"@id\":\"https:\\\/\\\/www.maprofar.com\\\/tienda\\\/producto\\\/brother-dcpl8410cdw-impresora-multifuncion-laser-color-wifi-31ppm\\\/#primaryimage\",\"url\":\"https:\\\/\\\/www.maprofar.com\\\/tienda\\\/wp-content\\\/uploads\\\/2022\\\/08\\\/DCPL8410CDW_1.jpg\",\"contentUrl\":\"https:\\\/\\\/www.maprofar.com\\\/tienda\\\/wp-content\\\/uploads\\\/2022\\\/08\\\/DCPL8410CDW_1.jpg\",\"width\":530,\"height\":530,\"caption\":\"Brother DCPL8410CDW Impresora Multifuncion Laser Color WiFi 31ppm\"},{\"@type\":\"BreadcrumbList\",\"@id\":\"https:\\\/\\\/www.maprofar.com\\\/tienda\\\/producto\\\/brother-dcpl8410cdw-impresora-multifuncion-laser-color-wifi-31ppm\\\/#breadcrumb\",\"itemListElement\":[{\"@type\":\"ListItem\",\"position\":1,\"name\":\"Portada\",\"item\":\"https:\\\/\\\/www.maprofar.com\\\/tienda\\\/\"},{\"@type\":\"ListItem\",\"position\":2,\"name\":\"Inicio\",\"item\":\"https:\\\/\\\/www.maprofar.com\\\/tienda\\\/\"},{\"@type\":\"ListItem\",\"position\":3,\"name\":\"Brother DCPL8410CDW Impresora Multifuncion Laser Color WiFi 31ppm\"}]},{\"@type\":\"WebSite\",\"@id\":\"https:\\\/\\\/www.maprofar.com\\\/tienda\\\/#website\",\"url\":\"https:\\\/\\\/www.maprofar.com\\\/tienda\\\/\",\"name\":\"Maprofar - Toner Compatibles y Material de Oficina\",\"description\":\"Encuentra en Maprofar tu t\u00f3ner compatible Brother y HP al mejor precio. Calidad garantizada, env\u00edo urgente 24h y asesoramiento t\u00e9cnico experto. \u00a1Vis\u00edtanos!\",\"publisher\":{\"@id\":\"https:\\\/\\\/www.maprofar.com\\\/tienda\\\/#organization\"},\"alternateName\":\"Maprofar Inform\u00e1tica\",\"potentialAction\":[{\"@type\":\"SearchAction\",\"target\":{\"@type\":\"EntryPoint\",\"urlTemplate\":\"https:\\\/\\\/www.maprofar.com\\\/tienda\\\/?s={search_term_string}\"},\"query-input\":{\"@type\":\"PropertyValueSpecification\",\"valueRequired\":true,\"valueName\":\"search_term_string\"}}],\"inLanguage\":\"es\"},{\"@type\":\"Organization\",\"@id\":\"https:\\\/\\\/www.maprofar.com\\\/tienda\\\/#organization\",\"name\":\"Maprofar S.L.\",\"url\":\"https:\\\/\\\/www.maprofar.com\\\/tienda\\\/\",\"logo\":{\"@type\":\"ImageObject\",\"inLanguage\":\"es\",\"@id\":\"https:\\\/\\\/www.maprofar.com\\\/tienda\\\/#\\\/schema\\\/logo\\\/image\\\/\",\"url\":\"https:\\\/\\\/www.maprofar.com\\\/tienda\\\/wp-content\\\/uploads\\\/2021\\\/05\\\/logo_circulo.jpg\",\"contentUrl\":\"https:\\\/\\\/www.maprofar.com\\\/tienda\\\/wp-content\\\/uploads\\\/2021\\\/05\\\/logo_circulo.jpg\",\"width\":404,\"height\":335,\"caption\":\"Maprofar S.L.\"},\"image\":{\"@id\":\"https:\\\/\\\/www.maprofar.com\\\/tienda\\\/#\\\/schema\\\/logo\\\/image\\\/\"},\"sameAs\":[\"https:\\\/\\\/es-es.facebook.com\\\/maprofar\",\"https:\\\/\\\/www.instagram.com\\\/maprofar_informatica\\\/\",\"https:\\\/\\\/www.pinterest.es\\\/maprofar\\\/\"]}]}<\/script>\n<!-- \/ Yoast SEO Premium plugin. -->","yoast_head_json":{"title":"Brother DCPL8410CDW Impresora Multifuncion Laser Color WiFi","description":"Brother DCPL8410CDW Impresora Multifuncion Laser Color WiFi 31ppm - Maprofar es tu tienda de confianza para comprar impresoras al mejor precio.","robots":{"index":"index","follow":"follow","max-snippet":"max-snippet:-1","max-image-preview":"max-image-preview:large","max-video-preview":"max-video-preview:-1"},"canonical":"https:\/\/www.maprofar.com\/tienda\/producto\/brother-dcpl8410cdw-impresora-multifuncion-laser-color-wifi-31ppm\/","og_locale":"es_ES","og_type":"article","og_title":"Brother DCPL8410CDW Impresora Multifuncion Laser Color WiFi 31ppm - Maprofar | T\u00f3ner Compatible Brother, HP y Soluciones de Impresi\u00f3n 3D","og_description":"En Maprofar encontrar\u00e1s t\u00f3ner compatibles de calidad y material de oficina al mejor precio. Ahorra sin sacrificar rendimiento. \u00a1Aprovecha nuestras ofertas y descuentos!","og_url":"https:\/\/www.maprofar.com\/tienda\/producto\/brother-dcpl8410cdw-impresora-multifuncion-laser-color-wifi-31ppm\/","og_site_name":"Maprofar | T\u00f3ner Compatible Brother, HP y Soluciones de Impresi\u00f3n 3D","article_publisher":"https:\/\/es-es.facebook.com\/maprofar","article_modified_time":"2026-04-17T01:02:16+00:00","og_image":[{"width":530,"height":530,"url":"https:\/\/www.maprofar.com\/tienda\/wp-content\/uploads\/2022\/08\/DCPL8410CDW_1.jpg","type":"image\/jpeg"}],"twitter_card":"summary_large_image","twitter_misc":{"Tiempo de lectura":"3 minutos"},"schema":{"@context":"https:\/\/schema.org","@graph":[{"@type":"WebPage","@id":"https:\/\/www.maprofar.com\/tienda\/producto\/brother-dcpl8410cdw-impresora-multifuncion-laser-color-wifi-31ppm\/","url":"https:\/\/www.maprofar.com\/tienda\/producto\/brother-dcpl8410cdw-impresora-multifuncion-laser-color-wifi-31ppm\/","name":"Brother DCPL8410CDW Impresora Multifuncion Laser Color WiFi","isPartOf":{"@id":"https:\/\/www.maprofar.com\/tienda\/#website"},"primaryImageOfPage":{"@id":"https:\/\/www.maprofar.com\/tienda\/producto\/brother-dcpl8410cdw-impresora-multifuncion-laser-color-wifi-31ppm\/#primaryimage"},"image":{"@id":"https:\/\/www.maprofar.com\/tienda\/producto\/brother-dcpl8410cdw-impresora-multifuncion-laser-color-wifi-31ppm\/#primaryimage"},"thumbnailUrl":"https:\/\/www.maprofar.com\/tienda\/wp-content\/uploads\/2022\/08\/DCPL8410CDW_1.jpg","datePublished":"2022-08-12T14:40:18+00:00","dateModified":"2026-04-17T01:02:16+00:00","description":"Brother DCPL8410CDW Impresora Multifuncion Laser Color WiFi 31ppm - Maprofar es tu tienda de confianza para comprar impresoras al mejor precio.","breadcrumb":{"@id":"https:\/\/www.maprofar.com\/tienda\/producto\/brother-dcpl8410cdw-impresora-multifuncion-laser-color-wifi-31ppm\/#breadcrumb"},"inLanguage":"es","potentialAction":[{"@type":"ReadAction","target":["https:\/\/www.maprofar.com\/tienda\/producto\/brother-dcpl8410cdw-impresora-multifuncion-laser-color-wifi-31ppm\/"]}]},{"@type":"ImageObject","inLanguage":"es","@id":"https:\/\/www.maprofar.com\/tienda\/producto\/brother-dcpl8410cdw-impresora-multifuncion-laser-color-wifi-31ppm\/#primaryimage","url":"https:\/\/www.maprofar.com\/tienda\/wp-content\/uploads\/2022\/08\/DCPL8410CDW_1.jpg","contentUrl":"https:\/\/www.maprofar.com\/tienda\/wp-content\/uploads\/2022\/08\/DCPL8410CDW_1.jpg","width":530,"height":530,"caption":"Brother DCPL8410CDW Impresora Multifuncion Laser Color WiFi 31ppm"},{"@type":"BreadcrumbList","@id":"https:\/\/www.maprofar.com\/tienda\/producto\/brother-dcpl8410cdw-impresora-multifuncion-laser-color-wifi-31ppm\/#breadcrumb","itemListElement":[{"@type":"ListItem","position":1,"name":"Portada","item":"https:\/\/www.maprofar.com\/tienda\/"},{"@type":"ListItem","position":2,"name":"Inicio","item":"https:\/\/www.maprofar.com\/tienda\/"},{"@type":"ListItem","position":3,"name":"Brother DCPL8410CDW Impresora Multifuncion Laser Color WiFi 31ppm"}]},{"@type":"WebSite","@id":"https:\/\/www.maprofar.com\/tienda\/#website","url":"https:\/\/www.maprofar.com\/tienda\/","name":"Maprofar - Toner Compatibles y Material de Oficina","description":"Encuentra en Maprofar tu t\u00f3ner compatible Brother y HP al mejor precio. Calidad garantizada, env\u00edo urgente 24h y asesoramiento t\u00e9cnico experto. \u00a1Vis\u00edtanos!","publisher":{"@id":"https:\/\/www.maprofar.com\/tienda\/#organization"},"alternateName":"Maprofar Inform\u00e1tica","potentialAction":[{"@type":"SearchAction","target":{"@type":"EntryPoint","urlTemplate":"https:\/\/www.maprofar.com\/tienda\/?s={search_term_string}"},"query-input":{"@type":"PropertyValueSpecification","valueRequired":true,"valueName":"search_term_string"}}],"inLanguage":"es"},{"@type":"Organization","@id":"https:\/\/www.maprofar.com\/tienda\/#organization","name":"Maprofar S.L.","url":"https:\/\/www.maprofar.com\/tienda\/","logo":{"@type":"ImageObject","inLanguage":"es","@id":"https:\/\/www.maprofar.com\/tienda\/#\/schema\/logo\/image\/","url":"https:\/\/www.maprofar.com\/tienda\/wp-content\/uploads\/2021\/05\/logo_circulo.jpg","contentUrl":"https:\/\/www.maprofar.com\/tienda\/wp-content\/uploads\/2021\/05\/logo_circulo.jpg","width":404,"height":335,"caption":"Maprofar S.L."},"image":{"@id":"https:\/\/www.maprofar.com\/tienda\/#\/schema\/logo\/image\/"},"sameAs":["https:\/\/es-es.facebook.com\/maprofar","https:\/\/www.instagram.com\/maprofar_informatica\/","https:\/\/www.pinterest.es\/maprofar\/"]}]}},"_links":{"self":[{"href":"https:\/\/www.maprofar.com\/tienda\/wp-json\/wp\/v2\/product\/6853","targetHints":{"allow":["GET"]}}],"collection":[{"href":"https:\/\/www.maprofar.com\/tienda\/wp-json\/wp\/v2\/product"}],"about":[{"href":"https:\/\/www.maprofar.com\/tienda\/wp-json\/wp\/v2\/types\/product"}],"wp:featuredmedia":[{"embeddable":true,"href":"https:\/\/www.maprofar.com\/tienda\/wp-json\/wp\/v2\/media\/6856"}],"wp:attachment":[{"href":"https:\/\/www.maprofar.com\/tienda\/wp-json\/wp\/v2\/media?parent=6853"}],"wp:term":[{"taxonomy":"product_brand","embeddable":true,"href":"https:\/\/www.maprofar.com\/tienda\/wp-json\/wp\/v2\/product_brand?post=6853"},{"taxonomy":"product_cat","embeddable":true,"href":"https:\/\/www.maprofar.com\/tienda\/wp-json\/wp\/v2\/product_cat?post=6853"},{"taxonomy":"product_tag","embeddable":true,"href":"https:\/\/www.maprofar.com\/tienda\/wp-json\/wp\/v2\/product_tag?post=6853"}],"curies":[{"name":"wp","href":"https:\/\/api.w.org\/{rel}","templated":true}]}}